{"id":37,"date":"2024-06-22T09:10:06","date_gmt":"2024-06-22T12:10:06","guid":{"rendered":"https:\/\/www.cchla.ufpb.br\/cchlaemdebate\/?page_id=37"},"modified":"2024-06-22T09:10:59","modified_gmt":"2024-06-22T12:10:59","slug":"apresentacoes-artisticas","status":"publish","type":"page","link":"https:\/\/www.cchla.ufpb.br\/cchlaemdebate\/apresentacoes-artisticas\/","title":{"rendered":"Apresenta\u00e7\u00f5es art\u00edsticas"},"content":{"rendered":"\n<ol class=\"wp-block-list\" start=\"1\">\n<li>Apresenta\u00e7\u00e3o do Maracatu Quilombo Nag\u00f4. ROGERIO DE SOUZA MEDEIROS<\/li>\n\n\n\n<li>Cine-Debate: Trabalho, ra\u00e7a e g\u00eanero no filme \u201cQuanto Vale ou \u00c9 por Quilo\u201d, de S\u00e9rgio Bianchi. TIAGO BERNARDON DE OLIVEIRA; Eduardo Donato; LUCIANA CARMELIO SILVA RODRIGUES MELO; JOAO MARTINHO BRAGA DE MENDONCA.<\/li>\n\n\n\n<li>APRESENTA\u00c7\u00c3O MUSICAL DO GRUPO \u201cBATE CORA\u00c7\u00c3O\u201d .DENIZE BARRETO ROCHA; HENRIQUE JORGE PONTES SAMPAIO; PATR\u00cdCIA DE C\u00c1SSIA PEREIRA DA CUNHA; YAN SANTOS HIPOLITO; NATAN ESTEVAO NUNES.<\/li>\n<\/ol>\n","protected":false},"excerpt":{"rendered":"","protected":false},"author":47,"featured_media":0,"parent":0,"menu_order":0,"comment_status":"closed","ping_status":"closed","template":"","meta":{"footnotes":""},"class_list":["post-37","page","type-page","status-publish","hentry"],"_links":{"self":[{"href":"https:\/\/www.cchla.ufpb.br\/cchlaemdebate\/wp-json\/wp\/v2\/pages\/37","targetHints":{"allow":["GET"]}}],"collection":[{"href":"https:\/\/www.cchla.ufpb.br\/cchlaemdebate\/wp-json\/wp\/v2\/pages"}],"about":[{"href":"https:\/\/www.cchla.ufpb.br\/cchlaemdebate\/wp-json\/wp\/v2\/types\/page"}],"author":[{"embeddable":true,"href":"https:\/\/www.cchla.ufpb.br\/cchlaemdebate\/wp-json\/wp\/v2\/users\/47"}],"replies":[{"embeddable":true,"href":"https:\/\/www.cchla.ufpb.br\/cchlaemdebate\/wp-json\/wp\/v2\/comments?post=37"}],"version-history":[{"count":2,"href":"https:\/\/www.cchla.ufpb.br\/cchlaemdebate\/wp-json\/wp\/v2\/pages\/37\/revisions"}],"predecessor-version":[{"id":140,"href":"https:\/\/www.cchla.ufpb.br\/cchlaemdebate\/wp-json\/wp\/v2\/pages\/37\/revisions\/140"}],"wp:attachment":[{"href":"https:\/\/www.cchla.ufpb.br\/cchlaemdebate\/wp-json\/wp\/v2\/media?parent=37"}],"curies":[{"name":"wp","href":"https:\/\/api.w.org\/{rel}","templated":true}]}}

Apresentações artísticas

<ol class="wp-block-list" start="1">
<li>Apresentação do Maracatu Quilombo Nagô. ROGERIO DE SOUZA MEDEIROS</li>



<li>Cine-Debate: Trabalho, raça e gênero no filme “Quanto Vale ou É por Quilo”, de Sérgio Bianchi. TIAGO BERNARDON DE OLIVEIRA; Eduardo Donato; LUCIANA CARMELIO SILVA RODRIGUES MELO; JOAO MARTINHO BRAGA DE MENDONCA.</li>



<li>APRESENTAÇÃO MUSICAL DO GRUPO “BATE CORAÇÃO” .DENIZE BARRETO ROCHA; HENRIQUE JORGE PONTES SAMPAIO; PATRÍCIA DE CÁSSIA PEREIRA DA CUNHA; YAN SANTOS HIPOLITO; NATAN ESTEVAO NUNES.</li>
</ol>
