{"id":72,"date":"2025-03-21T14:15:37","date_gmt":"2025-03-21T17:15:37","guid":{"rendered":"https:\/\/www.cchla.ufpb.br\/css\/?page_id=72"},"modified":"2025-06-30T19:28:41","modified_gmt":"2025-06-30T22:28:41","slug":"requerimentos","status":"publish","type":"page","link":"https:\/\/www.cchla.ufpb.br\/css\/requerimentos\/","title":{"rendered":"Requerimentos\u00a0"},"content":{"rendered":"\n<p><\/p>\n\n\n\n<div data-wp-interactive=\"core\/file\" class=\"wp-block-file\"><object data-wp-bind--hidden=\"!state.hasPdfPreview\" hidden class=\"wp-block-file__embed\" data=\"https:\/\/www.cchla.ufpb.br\/css\/wp-content\/uploads\/sites\/122\/sites\/274\/2025\/06\/APROVEITAMENTO-PIBID-COMO-COMPONENTE-CURRICULAR-OPTATIVO.pdf\" type=\"application\/pdf\" style=\"width:100%;height:600px\" aria-label=\"Incorporado de APROVEITAMENTO PIBID COMO COMPONENTE CURRICULAR OPTATIVO.\"><\/object><a id=\"wp-block-file--media-dc12b947-d378-499d-87b8-a0fabc5cdf61\" href=\"https:\/\/www.cchla.ufpb.br\/css\/wp-content\/uploads\/sites\/122\/sites\/274\/2025\/06\/APROVEITAMENTO-PIBID-COMO-COMPONENTE-CURRICULAR-OPTATIVO.pdf\">APROVEITAMENTO PIBID COMO COMPONENTE CURRICULAR OPTATIVO<\/a><a href=\"https:\/\/www.cchla.ufpb.br\/css\/wp-content\/uploads\/sites\/122\/sites\/274\/2025\/06\/APROVEITAMENTO-PIBID-COMO-COMPONENTE-CURRICULAR-OPTATIVO.pdf\" class=\"wp-block-file__button wp-element-button\" download aria-describedby=\"wp-block-file--media-dc12b947-d378-499d-87b8-a0fabc5cdf61\">Baixar<\/a><\/div>\n\n\n\n<div data-wp-interactive=\"core\/file\" class=\"wp-block-file\"><object data-wp-bind--hidden=\"!state.hasPdfPreview\" hidden class=\"wp-block-file__embed\" data=\"https:\/\/www.cchla.ufpb.br\/css\/wp-content\/uploads\/sites\/122\/sites\/274\/2025\/06\/FORMULARIO-DE-ATUALIZACAO-E-CORRECAO-DE-DADOS-CADASTRAIS.pdf\" type=\"application\/pdf\" style=\"width:100%;height:600px\" aria-label=\"Incorporado de FORMUL\u00c1RIO DE ATUALIZA\u00c7\u00c3O E CORRE\u00c7\u00c3O DE DADOS CADASTRAIS.\"><\/object><a id=\"wp-block-file--media-6b1e617f-8441-46cc-87b7-6c72e5376ca1\" href=\"https:\/\/www.cchla.ufpb.br\/css\/wp-content\/uploads\/sites\/122\/sites\/274\/2025\/06\/FORMULARIO-DE-ATUALIZACAO-E-CORRECAO-DE-DADOS-CADASTRAIS.pdf\">FORMUL\u00c1RIO DE ATUALIZA\u00c7\u00c3O E CORRE\u00c7\u00c3O DE DADOS CADASTRAIS<\/a><a href=\"https:\/\/www.cchla.ufpb.br\/css\/wp-content\/uploads\/sites\/122\/sites\/274\/2025\/06\/FORMULARIO-DE-ATUALIZACAO-E-CORRECAO-DE-DADOS-CADASTRAIS.pdf\" class=\"wp-block-file__button wp-element-button\" download aria-describedby=\"wp-block-file--media-6b1e617f-8441-46cc-87b7-6c72e5376ca1\">Baixar<\/a><\/div>\n\n\n\n<div data-wp-interactive=\"core\/file\" class=\"wp-block-file\"><object data-wp-bind--hidden=\"!state.hasPdfPreview\" hidden class=\"wp-block-file__embed\" data=\"https:\/\/www.cchla.ufpb.br\/css\/wp-content\/uploads\/sites\/122\/sites\/274\/2025\/06\/FORMULARIO-DE-CANCELAMENTO-DE-VINCULO.pdf\" type=\"application\/pdf\" style=\"width:100%;height:600px\" aria-label=\"Incorporado de FORMUL\u00c1RIO DE CANCELAMENTO DE V\u00cdNCULO.\"><\/object><a id=\"wp-block-file--media-8fef684e-0bca-4bca-8253-f4ab923530d1\" href=\"https:\/\/www.cchla.ufpb.br\/css\/wp-content\/uploads\/sites\/122\/sites\/274\/2025\/06\/FORMULARIO-DE-CANCELAMENTO-DE-VINCULO.pdf\">FORMUL\u00c1RIO DE CANCELAMENTO DE V\u00cdNCULO<\/a><a href=\"https:\/\/www.cchla.ufpb.br\/css\/wp-content\/uploads\/sites\/122\/sites\/274\/2025\/06\/FORMULARIO-DE-CANCELAMENTO-DE-VINCULO.pdf\" class=\"wp-block-file__button wp-element-button\" download aria-describedby=\"wp-block-file--media-8fef684e-0bca-4bca-8253-f4ab923530d1\">Baixar<\/a><\/div>\n\n\n\n<div data-wp-interactive=\"core\/file\" class=\"wp-block-file\"><object data-wp-bind--hidden=\"!state.hasPdfPreview\" hidden class=\"wp-block-file__embed\" data=\"https:\/\/www.cchla.ufpb.br\/css\/wp-content\/uploads\/sites\/122\/sites\/274\/2025\/06\/FORMULARIO-DE-REINGRESSO.pdf\" type=\"application\/pdf\" style=\"width:100%;height:600px\" aria-label=\"Incorporado de FORMUL\u00c1RIO DE REINGRESSO.\"><\/object><a id=\"wp-block-file--media-a02c84b5-4e33-4a1f-9ce0-61e648aa99cc\" href=\"https:\/\/www.cchla.ufpb.br\/css\/wp-content\/uploads\/sites\/122\/sites\/274\/2025\/06\/FORMULARIO-DE-REINGRESSO.pdf\">FORMUL\u00c1RIO DE REINGRESSO<\/a><a href=\"https:\/\/www.cchla.ufpb.br\/css\/wp-content\/uploads\/sites\/122\/sites\/274\/2025\/06\/FORMULARIO-DE-REINGRESSO.pdf\" class=\"wp-block-file__button wp-element-button\" download aria-describedby=\"wp-block-file--media-a02c84b5-4e33-4a1f-9ce0-61e648aa99cc\">Baixar<\/a><\/div>\n\n\n\n<div data-wp-interactive=\"core\/file\" class=\"wp-block-file\"><object data-wp-bind--hidden=\"!state.hasPdfPreview\" hidden class=\"wp-block-file__embed\" data=\"https:\/\/www.cchla.ufpb.br\/css\/wp-content\/uploads\/sites\/122\/sites\/274\/2025\/06\/REQUERIMENTO-DE-ABREVIACAO-DE-PRAZO.pdf\" type=\"application\/pdf\" style=\"width:100%;height:600px\" aria-label=\"Incorporado de REQUERIMENTO DE ABREVIA\u00c7\u00c3O DE PRAZO.\"><\/object><a id=\"wp-block-file--media-db804b7f-99c7-48c5-b579-6c0acc42539e\" href=\"https:\/\/www.cchla.ufpb.br\/css\/wp-content\/uploads\/sites\/122\/sites\/274\/2025\/06\/REQUERIMENTO-DE-ABREVIACAO-DE-PRAZO.pdf\">REQUERIMENTO DE ABREVIA\u00c7\u00c3O DE PRAZO<\/a><a href=\"https:\/\/www.cchla.ufpb.br\/css\/wp-content\/uploads\/sites\/122\/sites\/274\/2025\/06\/REQUERIMENTO-DE-ABREVIACAO-DE-PRAZO.pdf\" class=\"wp-block-file__button wp-element-button\" download aria-describedby=\"wp-block-file--media-db804b7f-99c7-48c5-b579-6c0acc42539e\">Baixar<\/a><\/div>\n\n\n\n<div data-wp-interactive=\"core\/file\" class=\"wp-block-file\"><object data-wp-bind--hidden=\"!state.hasPdfPreview\" hidden class=\"wp-block-file__embed\" data=\"https:\/\/www.cchla.ufpb.br\/css\/wp-content\/uploads\/sites\/122\/sites\/274\/2025\/06\/REQUERIMENTO-DE-ANTECIPACAO-DA-COLACAO-DE-GRAU.pdf\" type=\"application\/pdf\" style=\"width:100%;height:600px\" aria-label=\"Incorporado de REQUERIMENTO DE ANTECIPA\u00c7\u00c3O DA COLA\u00c7\u00c3O DE GRAU.\"><\/object><a id=\"wp-block-file--media-3878a9d4-e471-491e-a5a4-ec763547548f\" href=\"https:\/\/www.cchla.ufpb.br\/css\/wp-content\/uploads\/sites\/122\/sites\/274\/2025\/06\/REQUERIMENTO-DE-ANTECIPACAO-DA-COLACAO-DE-GRAU.pdf\">REQUERIMENTO DE ANTECIPA\u00c7\u00c3O DA COLA\u00c7\u00c3O DE GRAU<\/a><a href=\"https:\/\/www.cchla.ufpb.br\/css\/wp-content\/uploads\/sites\/122\/sites\/274\/2025\/06\/REQUERIMENTO-DE-ANTECIPACAO-DA-COLACAO-DE-GRAU.pdf\" class=\"wp-block-file__button wp-element-button\" download aria-describedby=\"wp-block-file--media-3878a9d4-e471-491e-a5a4-ec763547548f\">Baixar<\/a><\/div>\n\n\n\n<div data-wp-interactive=\"core\/file\" class=\"wp-block-file\"><object data-wp-bind--hidden=\"!state.hasPdfPreview\" hidden class=\"wp-block-file__embed\" data=\"https:\/\/www.cchla.ufpb.br\/css\/wp-content\/uploads\/sites\/122\/sites\/274\/2025\/06\/REQUERIMENTO-DE-APROVEITAMENTO-DE-CONTEUDOS-FLEXIVEIS.pdf\" type=\"application\/pdf\" style=\"width:100%;height:600px\" aria-label=\"Incorporado de REQUERIMENTO DE APROVEITAMENTO DE CONTE\u00daDOS FLEXIVEIS.\"><\/object><a id=\"wp-block-file--media-bb0e4815-9a72-4f66-b886-d55344523c24\" href=\"https:\/\/www.cchla.ufpb.br\/css\/wp-content\/uploads\/sites\/122\/sites\/274\/2025\/06\/REQUERIMENTO-DE-APROVEITAMENTO-DE-CONTEUDOS-FLEXIVEIS.pdf\">REQUERIMENTO DE APROVEITAMENTO DE CONTE\u00daDOS FLEXIVEIS<\/a><a href=\"https:\/\/www.cchla.ufpb.br\/css\/wp-content\/uploads\/sites\/122\/sites\/274\/2025\/06\/REQUERIMENTO-DE-APROVEITAMENTO-DE-CONTEUDOS-FLEXIVEIS.pdf\" class=\"wp-block-file__button wp-element-button\" download aria-describedby=\"wp-block-file--media-bb0e4815-9a72-4f66-b886-d55344523c24\">Baixar<\/a><\/div>\n\n\n\n<div data-wp-interactive=\"core\/file\" class=\"wp-block-file\"><object data-wp-bind--hidden=\"!state.hasPdfPreview\" hidden class=\"wp-block-file__embed\" data=\"https:\/\/www.cchla.ufpb.br\/css\/wp-content\/uploads\/sites\/122\/sites\/274\/2025\/06\/REQUERIMENTO-DE-APROVEITAMENTO-DE-OPTATIVA-DE-LIVRE-ESCOLHA.pdf\" type=\"application\/pdf\" style=\"width:100%;height:600px\" aria-label=\"Incorporado de REQUERIMENTO DE APROVEITAMENTO DE OPTATIVA DE LIVRE ESCOLHA.\"><\/object><a id=\"wp-block-file--media-75dc7752-73dd-421f-a548-53afd0556e54\" href=\"https:\/\/www.cchla.ufpb.br\/css\/wp-content\/uploads\/sites\/122\/sites\/274\/2025\/06\/REQUERIMENTO-DE-APROVEITAMENTO-DE-OPTATIVA-DE-LIVRE-ESCOLHA.pdf\">REQUERIMENTO DE APROVEITAMENTO DE OPTATIVA DE LIVRE ESCOLHA<\/a><a href=\"https:\/\/www.cchla.ufpb.br\/css\/wp-content\/uploads\/sites\/122\/sites\/274\/2025\/06\/REQUERIMENTO-DE-APROVEITAMENTO-DE-OPTATIVA-DE-LIVRE-ESCOLHA.pdf\" class=\"wp-block-file__button wp-element-button\" download aria-describedby=\"wp-block-file--media-75dc7752-73dd-421f-a548-53afd0556e54\">Baixar<\/a><\/div>\n\n\n\n<div data-wp-interactive=\"core\/file\" class=\"wp-block-file\"><object data-wp-bind--hidden=\"!state.hasPdfPreview\" hidden class=\"wp-block-file__embed\" data=\"https:\/\/www.cchla.ufpb.br\/css\/wp-content\/uploads\/sites\/122\/sites\/274\/2025\/06\/REQUERIMENTO-DE-APROVEITAMENTODISPENSA.pdf\" type=\"application\/pdf\" style=\"width:100%;height:600px\" aria-label=\"Incorporado de REQUERIMENTO DE APROVEITAMENTO:DISPENSA.\"><\/object><a id=\"wp-block-file--media-4926e6c1-2eef-4b4a-ab1b-30acf9a3ed80\" href=\"https:\/\/www.cchla.ufpb.br\/css\/wp-content\/uploads\/sites\/122\/sites\/274\/2025\/06\/REQUERIMENTO-DE-APROVEITAMENTODISPENSA.pdf\">REQUERIMENTO DE APROVEITAMENTO:DISPENSA<\/a><a href=\"https:\/\/www.cchla.ufpb.br\/css\/wp-content\/uploads\/sites\/122\/sites\/274\/2025\/06\/REQUERIMENTO-DE-APROVEITAMENTODISPENSA.pdf\" class=\"wp-block-file__button wp-element-button\" download aria-describedby=\"wp-block-file--media-4926e6c1-2eef-4b4a-ab1b-30acf9a3ed80\">Baixar<\/a><\/div>\n\n\n\n<div data-wp-interactive=\"core\/file\" class=\"wp-block-file\"><object data-wp-bind--hidden=\"!state.hasPdfPreview\" hidden class=\"wp-block-file__embed\" data=\"https:\/\/www.cchla.ufpb.br\/css\/wp-content\/uploads\/sites\/122\/sites\/274\/2025\/06\/REQUERIMENTO-DE-DILATACAO-DE-PRAZO-PARA-INTEGRALIZACAO-CURRICULAR.pdf\" type=\"application\/pdf\" style=\"width:100%;height:600px\" aria-label=\"Incorporado de REQUERIMENTO DE DILATA\u00c7\u00c3O DE PRAZO PARA INTEGRALIZA\u00c7\u00c3O CURRICULAR.\"><\/object><a id=\"wp-block-file--media-d33554f0-5e3e-4b8d-a0d0-0c7e20649249\" href=\"https:\/\/www.cchla.ufpb.br\/css\/wp-content\/uploads\/sites\/122\/sites\/274\/2025\/06\/REQUERIMENTO-DE-DILATACAO-DE-PRAZO-PARA-INTEGRALIZACAO-CURRICULAR.pdf\">REQUERIMENTO DE DILATA\u00c7\u00c3O DE PRAZO PARA INTEGRALIZA\u00c7\u00c3O CURRICULAR<\/a><a href=\"https:\/\/www.cchla.ufpb.br\/css\/wp-content\/uploads\/sites\/122\/sites\/274\/2025\/06\/REQUERIMENTO-DE-DILATACAO-DE-PRAZO-PARA-INTEGRALIZACAO-CURRICULAR.pdf\" class=\"wp-block-file__button wp-element-button\" download aria-describedby=\"wp-block-file--media-d33554f0-5e3e-4b8d-a0d0-0c7e20649249\">Baixar<\/a><\/div>\n\n\n\n<div data-wp-interactive=\"core\/file\" class=\"wp-block-file\"><object data-wp-bind--hidden=\"!state.hasPdfPreview\" hidden class=\"wp-block-file__embed\" data=\"https:\/\/www.cchla.ufpb.br\/css\/wp-content\/uploads\/sites\/122\/sites\/274\/2025\/06\/REQUERIMENTO-DE-DIPLOMA-DE-GRADUACAO.pdf\" type=\"application\/pdf\" style=\"width:100%;height:600px\" aria-label=\"Incorporado de REQUERIMENTO DE DIPLOMA DE GRADUA\u00c7\u00c3O.\"><\/object><a id=\"wp-block-file--media-846defa5-ebfa-4896-a9f1-50733b33a91b\" href=\"https:\/\/www.cchla.ufpb.br\/css\/wp-content\/uploads\/sites\/122\/sites\/274\/2025\/06\/REQUERIMENTO-DE-DIPLOMA-DE-GRADUACAO.pdf\">REQUERIMENTO DE DIPLOMA DE GRADUA\u00c7\u00c3O<\/a><a href=\"https:\/\/www.cchla.ufpb.br\/css\/wp-content\/uploads\/sites\/122\/sites\/274\/2025\/06\/REQUERIMENTO-DE-DIPLOMA-DE-GRADUACAO.pdf\" class=\"wp-block-file__button wp-element-button\" download aria-describedby=\"wp-block-file--media-846defa5-ebfa-4896-a9f1-50733b33a91b\">Baixar<\/a><\/div>\n\n\n\n<div data-wp-interactive=\"core\/file\" class=\"wp-block-file\"><object data-wp-bind--hidden=\"!state.hasPdfPreview\" hidden class=\"wp-block-file__embed\" data=\"https:\/\/www.cchla.ufpb.br\/css\/wp-content\/uploads\/sites\/122\/sites\/274\/2025\/06\/REQUERIMENTO-DE-EXTRAPOLACAO-DO-LIMITE-DE-CREDITOS.pdf\" type=\"application\/pdf\" style=\"width:100%;height:600px\" aria-label=\"Incorporado de REQUERIMENTO DE EXTRAPOLA\u00c7\u00c3O DO LIMITE DE CR\u00c9DITOS.\"><\/object><a id=\"wp-block-file--media-c793d763-358d-42ed-aa2c-eb4ccccfc948\" href=\"https:\/\/www.cchla.ufpb.br\/css\/wp-content\/uploads\/sites\/122\/sites\/274\/2025\/06\/REQUERIMENTO-DE-EXTRAPOLACAO-DO-LIMITE-DE-CREDITOS.pdf\">REQUERIMENTO DE EXTRAPOLA\u00c7\u00c3O DO LIMITE DE CR\u00c9DITOS<\/a><a href=\"https:\/\/www.cchla.ufpb.br\/css\/wp-content\/uploads\/sites\/122\/sites\/274\/2025\/06\/REQUERIMENTO-DE-EXTRAPOLACAO-DO-LIMITE-DE-CREDITOS.pdf\" class=\"wp-block-file__button wp-element-button\" download aria-describedby=\"wp-block-file--media-c793d763-358d-42ed-aa2c-eb4ccccfc948\">Baixar<\/a><\/div>\n\n\n\n<div data-wp-interactive=\"core\/file\" class=\"wp-block-file\"><object data-wp-bind--hidden=\"!state.hasPdfPreview\" hidden class=\"wp-block-file__embed\" data=\"https:\/\/www.cchla.ufpb.br\/css\/wp-content\/uploads\/sites\/122\/sites\/274\/2025\/06\/REQUERIMENTO-DE-INCLUSAO-EXCLUSAO-DE-NOME-SOCIAL.pdf\" type=\"application\/pdf\" style=\"width:100%;height:600px\" aria-label=\"Incorporado de REQUERIMENTO DE INCLUS\u00c3O EXCLUS\u00c3O DE NOME SOCIAL.\"><\/object><a id=\"wp-block-file--media-48cefedb-5310-4418-945e-25d18b3de0b1\" href=\"https:\/\/www.cchla.ufpb.br\/css\/wp-content\/uploads\/sites\/122\/sites\/274\/2025\/06\/REQUERIMENTO-DE-INCLUSAO-EXCLUSAO-DE-NOME-SOCIAL.pdf\">REQUERIMENTO DE INCLUS\u00c3O EXCLUS\u00c3O DE NOME SOCIAL<\/a><a href=\"https:\/\/www.cchla.ufpb.br\/css\/wp-content\/uploads\/sites\/122\/sites\/274\/2025\/06\/REQUERIMENTO-DE-INCLUSAO-EXCLUSAO-DE-NOME-SOCIAL.pdf\" class=\"wp-block-file__button wp-element-button\" download aria-describedby=\"wp-block-file--media-48cefedb-5310-4418-945e-25d18b3de0b1\">Baixar<\/a><\/div>\n\n\n\n<div data-wp-interactive=\"core\/file\" class=\"wp-block-file\"><object data-wp-bind--hidden=\"!state.hasPdfPreview\" hidden class=\"wp-block-file__embed\" data=\"https:\/\/www.cchla.ufpb.br\/css\/wp-content\/uploads\/sites\/122\/sites\/274\/2025\/06\/REQUERIMENTO-DE-QUEBRA-DE-PRE-REQUISITO.pdf\" type=\"application\/pdf\" style=\"width:100%;height:600px\" aria-label=\"Incorporado de REQUERIMENTO DE QUEBRA DE PR\u00c9-REQUISITO.\"><\/object><a id=\"wp-block-file--media-c954dd93-8d7e-4bf3-8a28-bd4181309aa9\" href=\"https:\/\/www.cchla.ufpb.br\/css\/wp-content\/uploads\/sites\/122\/sites\/274\/2025\/06\/REQUERIMENTO-DE-QUEBRA-DE-PRE-REQUISITO.pdf\">REQUERIMENTO DE QUEBRA DE PR\u00c9-REQUISITO<\/a><a href=\"https:\/\/www.cchla.ufpb.br\/css\/wp-content\/uploads\/sites\/122\/sites\/274\/2025\/06\/REQUERIMENTO-DE-QUEBRA-DE-PRE-REQUISITO.pdf\" class=\"wp-block-file__button wp-element-button\" download aria-describedby=\"wp-block-file--media-c954dd93-8d7e-4bf3-8a28-bd4181309aa9\">Baixar<\/a><\/div>\n\n\n\n<div data-wp-interactive=\"core\/file\" class=\"wp-block-file\"><object data-wp-bind--hidden=\"!state.hasPdfPreview\" hidden class=\"wp-block-file__embed\" data=\"https:\/\/www.cchla.ufpb.br\/css\/wp-content\/uploads\/sites\/122\/sites\/274\/2025\/06\/REQUERIMENTO-DE-RECURSO-A-PRO-REITORIA-DE-GRADUACAO.pdf\" type=\"application\/pdf\" style=\"width:100%;height:600px\" aria-label=\"Incorporado de REQUERIMENTO DE RECURSO \u00c0 PR\u00d3-REITORIA DE GRADUA\u00c7\u00c3O.\"><\/object><a id=\"wp-block-file--media-80b33b2d-70fa-47d4-8d47-0a9bfd6d53eb\" href=\"https:\/\/www.cchla.ufpb.br\/css\/wp-content\/uploads\/sites\/122\/sites\/274\/2025\/06\/REQUERIMENTO-DE-RECURSO-A-PRO-REITORIA-DE-GRADUACAO.pdf\">REQUERIMENTO DE RECURSO \u00c0 PR\u00d3-REITORIA DE GRADUA\u00c7\u00c3O<\/a><a href=\"https:\/\/www.cchla.ufpb.br\/css\/wp-content\/uploads\/sites\/122\/sites\/274\/2025\/06\/REQUERIMENTO-DE-RECURSO-A-PRO-REITORIA-DE-GRADUACAO.pdf\" class=\"wp-block-file__button wp-element-button\" download aria-describedby=\"wp-block-file--media-80b33b2d-70fa-47d4-8d47-0a9bfd6d53eb\">Baixar<\/a><\/div>\n\n\n\n<div data-wp-interactive=\"core\/file\" class=\"wp-block-file\"><object data-wp-bind--hidden=\"!state.hasPdfPreview\" hidden class=\"wp-block-file__embed\" data=\"https:\/\/www.cchla.ufpb.br\/css\/wp-content\/uploads\/sites\/122\/sites\/274\/2025\/06\/REQUERIMENTO-DE-RECURSO-AO-COLEGIADO-DO-CURSO.pdf\" type=\"application\/pdf\" style=\"width:100%;height:600px\" aria-label=\"Incorporado de REQUERIMENTO DE RECURSO AO COLEGIADO DO CURSO.\"><\/object><a id=\"wp-block-file--media-27b7bd96-d053-46c3-89c3-fb059ec5d200\" href=\"https:\/\/www.cchla.ufpb.br\/css\/wp-content\/uploads\/sites\/122\/sites\/274\/2025\/06\/REQUERIMENTO-DE-RECURSO-AO-COLEGIADO-DO-CURSO.pdf\">REQUERIMENTO DE RECURSO AO COLEGIADO DO CURSO<\/a><a href=\"https:\/\/www.cchla.ufpb.br\/css\/wp-content\/uploads\/sites\/122\/sites\/274\/2025\/06\/REQUERIMENTO-DE-RECURSO-AO-COLEGIADO-DO-CURSO.pdf\" class=\"wp-block-file__button wp-element-button\" download aria-describedby=\"wp-block-file--media-27b7bd96-d053-46c3-89c3-fb059ec5d200\">Baixar<\/a><\/div>\n\n\n\n<div data-wp-interactive=\"core\/file\" class=\"wp-block-file\"><object data-wp-bind--hidden=\"!state.hasPdfPreview\" hidden class=\"wp-block-file__embed\" data=\"https:\/\/www.cchla.ufpb.br\/css\/wp-content\/uploads\/sites\/122\/sites\/274\/2025\/06\/REQUERIMENTO-DE-RECURSO-AO-DEPARTAMENTO.pdf\" type=\"application\/pdf\" style=\"width:100%;height:600px\" aria-label=\"Incorporado de REQUERIMENTO DE RECURSO AO DEPARTAMENTO.\"><\/object><a id=\"wp-block-file--media-6ce7c60a-279a-464b-b7df-64227cb49bcb\" href=\"https:\/\/www.cchla.ufpb.br\/css\/wp-content\/uploads\/sites\/122\/sites\/274\/2025\/06\/REQUERIMENTO-DE-RECURSO-AO-DEPARTAMENTO.pdf\">REQUERIMENTO DE RECURSO AO DEPARTAMENTO<\/a><a href=\"https:\/\/www.cchla.ufpb.br\/css\/wp-content\/uploads\/sites\/122\/sites\/274\/2025\/06\/REQUERIMENTO-DE-RECURSO-AO-DEPARTAMENTO.pdf\" class=\"wp-block-file__button wp-element-button\" download aria-describedby=\"wp-block-file--media-6ce7c60a-279a-464b-b7df-64227cb49bcb\">Baixar<\/a><\/div>\n\n\n\n<div data-wp-interactive=\"core\/file\" class=\"wp-block-file\"><object data-wp-bind--hidden=\"!state.hasPdfPreview\" hidden class=\"wp-block-file__embed\" data=\"https:\/\/www.cchla.ufpb.br\/css\/wp-content\/uploads\/sites\/122\/sites\/274\/2025\/06\/REQUERIMENTO-DE-REGIME-DE-EXERCICIOS-DOMICILIARES.pdf\" type=\"application\/pdf\" style=\"width:100%;height:600px\" aria-label=\"Incorporado de REQUERIMENTO DE REGIME DE EXERC\u00cdCIOS DOMICILIARES.\"><\/object><a id=\"wp-block-file--media-a0643028-957d-4305-967e-248e27d52e49\" href=\"https:\/\/www.cchla.ufpb.br\/css\/wp-content\/uploads\/sites\/122\/sites\/274\/2025\/06\/REQUERIMENTO-DE-REGIME-DE-EXERCICIOS-DOMICILIARES.pdf\">REQUERIMENTO DE REGIME DE EXERC\u00cdCIOS DOMICILIARES<\/a><a href=\"https:\/\/www.cchla.ufpb.br\/css\/wp-content\/uploads\/sites\/122\/sites\/274\/2025\/06\/REQUERIMENTO-DE-REGIME-DE-EXERCICIOS-DOMICILIARES.pdf\" class=\"wp-block-file__button wp-element-button\" download aria-describedby=\"wp-block-file--media-a0643028-957d-4305-967e-248e27d52e49\">Baixar<\/a><\/div>\n\n\n\n<div data-wp-interactive=\"core\/file\" class=\"wp-block-file\"><object data-wp-bind--hidden=\"!state.hasPdfPreview\" hidden class=\"wp-block-file__embed\" data=\"https:\/\/www.cchla.ufpb.br\/css\/wp-content\/uploads\/sites\/122\/sites\/274\/2025\/06\/REQUERIMENTO-DE-TRANCAMENTO-DE-MATRICULA-FORA-DO-PRAZO.pdf\" type=\"application\/pdf\" style=\"width:100%;height:600px\" aria-label=\"Incorporado de REQUERIMENTO DE TRANCAMENTO DE MATR\u00cdCULA FORA DO PRAZO.\"><\/object><a id=\"wp-block-file--media-86352169-eefa-4225-a211-e3091e456998\" href=\"https:\/\/www.cchla.ufpb.br\/css\/wp-content\/uploads\/sites\/122\/sites\/274\/2025\/06\/REQUERIMENTO-DE-TRANCAMENTO-DE-MATRICULA-FORA-DO-PRAZO.pdf\">REQUERIMENTO DE TRANCAMENTO DE MATR\u00cdCULA FORA DO PRAZO<\/a><a href=\"https:\/\/www.cchla.ufpb.br\/css\/wp-content\/uploads\/sites\/122\/sites\/274\/2025\/06\/REQUERIMENTO-DE-TRANCAMENTO-DE-MATRICULA-FORA-DO-PRAZO.pdf\" class=\"wp-block-file__button wp-element-button\" download aria-describedby=\"wp-block-file--media-86352169-eefa-4225-a211-e3091e456998\">Baixar<\/a><\/div>\n\n\n\n<div data-wp-interactive=\"core\/file\" class=\"wp-block-file\"><object data-wp-bind--hidden=\"!state.hasPdfPreview\" hidden class=\"wp-block-file__embed\" data=\"https:\/\/www.cchla.ufpb.br\/css\/wp-content\/uploads\/sites\/122\/sites\/274\/2025\/06\/REQUERIMENTO-DE-SESSAO-INDIVIDUAL-DE-COLACAO-DE-GRAU.pdf\" type=\"application\/pdf\" style=\"width:100%;height:600px\" aria-label=\"Incorporado de REQUERIMENTO DE SESS\u00c3O INDIVIDUAL DE COLA\u00c7\u00c3O DE GRAU.\"><\/object><a id=\"wp-block-file--media-39dc71ff-7779-4425-bba5-8086637c4501\" href=\"https:\/\/www.cchla.ufpb.br\/css\/wp-content\/uploads\/sites\/122\/sites\/274\/2025\/06\/REQUERIMENTO-DE-SESSAO-INDIVIDUAL-DE-COLACAO-DE-GRAU.pdf\">REQUERIMENTO DE SESS\u00c3O INDIVIDUAL DE COLA\u00c7\u00c3O DE GRAU<\/a><a href=\"https:\/\/www.cchla.ufpb.br\/css\/wp-content\/uploads\/sites\/122\/sites\/274\/2025\/06\/REQUERIMENTO-DE-SESSAO-INDIVIDUAL-DE-COLACAO-DE-GRAU.pdf\" class=\"wp-block-file__button wp-element-button\" download aria-describedby=\"wp-block-file--media-39dc71ff-7779-4425-bba5-8086637c4501\">Baixar<\/a><\/div>\n\n\n\n<div data-wp-interactive=\"core\/file\" class=\"wp-block-file\"><object data-wp-bind--hidden=\"!state.hasPdfPreview\" hidden class=\"wp-block-file__embed\" data=\"https:\/\/www.cchla.ufpb.br\/css\/wp-content\/uploads\/sites\/122\/sites\/274\/2025\/06\/REQUERIMENTO-GERAL.pdf\" type=\"application\/pdf\" style=\"width:100%;height:600px\" aria-label=\"Incorporado de REQUERIMENTO GERAL.\"><\/object><a id=\"wp-block-file--media-4c5fb054-2e42-46dd-9c38-74ec25993e73\" href=\"https:\/\/www.cchla.ufpb.br\/css\/wp-content\/uploads\/sites\/122\/sites\/274\/2025\/06\/REQUERIMENTO-GERAL.pdf\">REQUERIMENTO GERAL<\/a><a href=\"https:\/\/www.cchla.ufpb.br\/css\/wp-content\/uploads\/sites\/122\/sites\/274\/2025\/06\/REQUERIMENTO-GERAL.pdf\" class=\"wp-block-file__button wp-element-button\" download aria-describedby=\"wp-block-file--media-4c5fb054-2e42-46dd-9c38-74ec25993e73\">Baixar<\/a><\/div>\n\n\n\n<div data-wp-interactive=\"core\/file\" class=\"wp-block-file\"><object data-wp-bind--hidden=\"!state.hasPdfPreview\" hidden class=\"wp-block-file__embed\" data=\"https:\/\/www.cchla.ufpb.br\/css\/wp-content\/uploads\/sites\/122\/sites\/274\/2025\/06\/REQUERIMENTO-PARA-MUDANCA-DE-TURNO.pdf\" type=\"application\/pdf\" style=\"width:100%;height:600px\" aria-label=\"Incorporado de REQUERIMENTO PARA MUDAN\u00c7A DE TURNO.\"><\/object><a id=\"wp-block-file--media-3fc6c15f-10fd-4c3f-b0fa-f4d1f2c3d2a4\" href=\"https:\/\/www.cchla.ufpb.br\/css\/wp-content\/uploads\/sites\/122\/sites\/274\/2025\/06\/REQUERIMENTO-PARA-MUDANCA-DE-TURNO.pdf\">REQUERIMENTO PARA MUDAN\u00c7A DE TURNO<\/a><a href=\"https:\/\/www.cchla.ufpb.br\/css\/wp-content\/uploads\/sites\/122\/sites\/274\/2025\/06\/REQUERIMENTO-PARA-MUDANCA-DE-TURNO.pdf\" class=\"wp-block-file__button wp-element-button\" download aria-describedby=\"wp-block-file--media-3fc6c15f-10fd-4c3f-b0fa-f4d1f2c3d2a4\">Baixar<\/a><\/div>\n\n\n\n<p><\/p>\n","protected":false},"excerpt":{"rendered":"","protected":false},"author":47,"featured_media":0,"parent":0,"menu_order":0,"comment_status":"closed","ping_status":"closed","template":"","meta":{"footnotes":""},"class_list":["post-72","page","type-page","status-publish","hentry"],"_links":{"self":[{"href":"https:\/\/www.cchla.ufpb.br\/css\/wp-json\/wp\/v2\/pages\/72","targetHints":{"allow":["GET"]}}],"collection":[{"href":"https:\/\/www.cchla.ufpb.br\/css\/wp-json\/wp\/v2\/pages"}],"about":[{"href":"https:\/\/www.cchla.ufpb.br\/css\/wp-json\/wp\/v2\/types\/page"}],"author":[{"embeddable":true,"href":"https:\/\/www.cchla.ufpb.br\/css\/wp-json\/wp\/v2\/users\/47"}],"replies":[{"embeddable":true,"href":"https:\/\/www.cchla.ufpb.br\/css\/wp-json\/wp\/v2\/comments?post=72"}],"version-history":[{"count":4,"href":"https:\/\/www.cchla.ufpb.br\/css\/wp-json\/wp\/v2\/pages\/72\/revisions"}],"predecessor-version":[{"id":299,"href":"https:\/\/www.cchla.ufpb.br\/css\/wp-json\/wp\/v2\/pages\/72\/revisions\/299"}],"wp:attachment":[{"href":"https:\/\/www.cchla.ufpb.br\/css\/wp-json\/wp\/v2\/media?parent=72"}],"curies":[{"name":"wp","href":"https:\/\/api.w.org\/{rel}","templated":true}]}}