{"id":95,"date":"2025-03-25T10:02:55","date_gmt":"2025-03-25T13:02:55","guid":{"rendered":"https:\/\/www.cchla.ufpb.br\/css\/?page_id=95"},"modified":"2026-03-10T01:01:44","modified_gmt":"2026-03-10T04:01:44","slug":"nucleo-docente-estruturante","status":"publish","type":"page","link":"https:\/\/www.cchla.ufpb.br\/css\/nucleo-docente-estruturante\/","title":{"rendered":"N\u00facleo Docente Estruturante"},"content":{"rendered":"\n<p>Prof. Dr. Fabr\u00edcio Rodrigues da Silva &#8211; Presidente<\/p>\n\n\n\n<p><span style=\"font-size: 12pt;white-space: normal;line-height: 17.120001px;, serif\">Prof. Dr. Jamerson Murilo Anuncia\u00e7\u00e3o de Souza<\/span>\u00a0<span style=\"font-family: -webkit-standard;font-size: medium;white-space: normal\"><\/span>&#8211; Titular\/DSS<\/p>\n\n\n\n<p>Profa. Dra. Marina Leite Melo &#8211; Titular\/DSS<\/p>\n\n\n\n<p><span style=\"font-size: 12pt;white-space: normal;line-height: 17.120001px;, serif\">Profa. Dra. Mauric\u00e9lia Cordeira da Silva<\/span><span style=\"font-family: -webkit-standard;font-size: medium;white-space: normal\"><\/span> &#8211; Titular\/DSS<\/p>\n\n\n\n<p>Profa. Dra. Marina Leite Melo &#8211; Titular\/DSS<\/p>\n\n\n\n<p>Profa. Dra. Elis\u00e2ngela de Oliveira In\u00e1cio &#8211; Titular\/DSS<\/p>\n\n\n\n<p><\/p>\n\n\n\n<p><span style=\"font-size: 12pt;white-space: normal;line-height: 17.120001px;, serif\">Profa. Dra. Edna Tania Ferreira da Silva<\/span><span style=\"font-family: -webkit-standard;font-size: medium;white-space: normal\"><\/span> &#8211; Vice presidente<\/p>\n\n\n\n<p>Profa. Dra. Maria da Concei\u00e7\u00e3o Silva Felix &#8211; Suplente\/DSS<\/p>\n\n\n\n<p>Profa. Dra. Larissa Souza Pinheiro &#8211; Suplente\/DSS<\/p>\n\n\n\n<p>Profa. Dra. Maria das Gra\u00e7as Miranda Ferreira da Silva &#8211; Suplente\/DSS<\/p>\n\n\n\n<p>Profa. Dra. Maria de F\u00e1tima Leite Gomes &#8211; Suplente\/DSS<\/p>\n\n\n\n<p>Profa. Dra. Cl\u00e1udia Maria Costa Gomes &#8211; Suplente\/DSS<\/p>\n\n\n\n<div class=\"wp-block-file\"><a id=\"wp-block-file--media-7a7c85de-cd73-40c3-a988-868ad70b797b\" href=\"https:\/\/www.cchla.ufpb.br\/css\/wp-content\/uploads\/sites\/122\/sites\/274\/2025\/03\/regimento_nde.pdf\">Regimento do NDE<\/a><a href=\"https:\/\/www.cchla.ufpb.br\/css\/wp-content\/uploads\/sites\/122\/sites\/274\/2025\/03\/regimento_nde.pdf\" class=\"wp-block-file__button wp-element-button\" download aria-describedby=\"wp-block-file--media-7a7c85de-cd73-40c3-a988-868ad70b797b\">Baixar<\/a><\/div>\n","protected":false},"excerpt":{"rendered":"<p>Prof. Dr. Fabr\u00edcio Rodrigues da Silva &#8211; Presidente Prof. Dr. Jamerson Murilo Anuncia\u00e7\u00e3o de Souza\u00a0&#8211; Titular\/DSS Profa. Dra. Marina Leite Melo &#8211; Titular\/DSS Profa. Dra. Mauric\u00e9lia Cordeira da Silva &#8211; Titular\/DSS Profa. Dra. Marina Leite Melo &#8211; Titular\/DSS Profa. Dra. Elis\u00e2ngela de Oliveira In\u00e1cio &#8211; Titular\/DSS Profa. Dra. Edna Tania Ferreira da Silva &#8211; Vice [&hellip;]<\/p>\n","protected":false},"author":47,"featured_media":0,"parent":0,"menu_order":0,"comment_status":"closed","ping_status":"closed","template":"","meta":{"footnotes":""},"class_list":["post-95","page","type-page","status-publish","hentry"],"_links":{"self":[{"href":"https:\/\/www.cchla.ufpb.br\/css\/wp-json\/wp\/v2\/pages\/95","targetHints":{"allow":["GET"]}}],"collection":[{"href":"https:\/\/www.cchla.ufpb.br\/css\/wp-json\/wp\/v2\/pages"}],"about":[{"href":"https:\/\/www.cchla.ufpb.br\/css\/wp-json\/wp\/v2\/types\/page"}],"author":[{"embeddable":true,"href":"https:\/\/www.cchla.ufpb.br\/css\/wp-json\/wp\/v2\/users\/47"}],"replies":[{"embeddable":true,"href":"https:\/\/www.cchla.ufpb.br\/css\/wp-json\/wp\/v2\/comments?post=95"}],"version-history":[{"count":5,"href":"https:\/\/www.cchla.ufpb.br\/css\/wp-json\/wp\/v2\/pages\/95\/revisions"}],"predecessor-version":[{"id":591,"href":"https:\/\/www.cchla.ufpb.br\/css\/wp-json\/wp\/v2\/pages\/95\/revisions\/591"}],"wp:attachment":[{"href":"https:\/\/www.cchla.ufpb.br\/css\/wp-json\/wp\/v2\/media?parent=95"}],"curies":[{"name":"wp","href":"https:\/\/api.w.org\/{rel}","templated":true}]}}