{"id":173,"date":"2024-11-06T11:43:18","date_gmt":"2024-11-06T11:43:18","guid":{"rendered":"https:\/\/www.cchla.ufpb.br\/dlpl2\/?page_id=173"},"modified":"2024-11-21T07:32:58","modified_gmt":"2024-11-21T10:32:58","slug":"ambiente-dos-professores","status":"publish","type":"page","link":"https:\/\/www.cchla.ufpb.br\/dlpl\/docentes\/ambiente-dos-professores\/","title":{"rendered":"Ambiente dos professores"},"content":{"rendered":"\n<figure class=\"wp-block-table is-style-stripes\" style=\"font-size:15px\"><table class=\"has-light-green-cyan-background-color has-background has-fixed-layout\"><tbody><tr><td class=\"has-text-align-center\" data-align=\"center\"><strong>Ambiente 03 &#8211; Pra\u00e7a da Alegria, T\u00e9rreo<\/strong><\/td><td>Josete Lucena<br>Socorro Cl\u00e1udia<br>V\u00e2nia Vasconcelos <br>Daniela Sagabinazi (DLCV)<\/td><\/tr><tr><td class=\"has-text-align-center\" data-align=\"center\"><strong>Ambiente 05 &#8211; Pra\u00e7a da Alegria, T\u00e9rreo<\/strong><\/td><td>Magdiel Medeiros<br>Margarete Poll<br>Socorro Pac\u00edfico (DLCV)<br>Vanessa Rimbau (DLCV)<\/td><\/tr><tr><td class=\"has-text-align-center\" data-align=\"center\"><strong>Ambiente 34 &#8211; Pra\u00e7a da Alegria, 1\u00ba andar<\/strong><\/td><td>Jos\u00e9 Wellisten<br>Maria de F\u00e1tima Melo<br>Mariana Escarpinete<br>M\u00f4nica Mano<\/td><\/tr><tr><td class=\"has-text-align-center\" data-align=\"center\"><strong>Ambiente 35 &#8211; Pra\u00e7a da Alegria, 1\u00ba andar<\/strong><\/td><td>Amanda Braga<br>Edjane Assis<br>Isa\u00edas Moreira<br>Tiago Aguiar<\/td><\/tr><tr><td class=\"has-text-align-center\" data-align=\"center\"><strong>Ambiente 36 &#8211; Pra\u00e7a da Alegria, 1\u00ba andar<\/strong><\/td><td>Jan Edson<br>Leonor Maia<br>Let\u00edcia Moraes<br>Regina Celi<\/td><\/tr><tr><td class=\"has-text-align-center\" data-align=\"center\"><strong>Ambiente 38 &#8211; Pra\u00e7a da Alegria, 1\u00ba andar<\/strong><\/td><td>Carolina Aragon<br>Cirineu Stein<br>Marcos T\u00falio<\/td><\/tr><tr><td class=\"has-text-align-center\" data-align=\"center\"><strong>Ambiente 40 &#8211; Pra\u00e7a da Alegria, 1\u00ba andar<\/strong><\/td><td>Fabiana Souza<br>Jorgevaldo Souza<br>Maria de F\u00e1tima Almeida <br>Pedro Francelino<\/td><\/tr><tr><td class=\"has-text-align-center\" data-align=\"center\"><strong>Ambiente 41 &#8211; Pra\u00e7a da Alegria, 1\u00ba andar<\/strong><\/td><td>Henrique Miguel<br>Regina Baracuhy<\/td><\/tr><tr><td class=\"has-text-align-center\" data-align=\"center\"><strong>Ambiente 53 &#8211; (LAPROL) Pra\u00e7a da Alegria, 1\u00ba andar<\/strong><\/td><td>M\u00e1rcio Leit\u00e3o <br>Rosana Oliveira<\/td><\/tr><tr><td class=\"has-text-align-center\" data-align=\"center\"><strong>Ambiente 66 &#8211; Pr\u00e9dio atr\u00e1s do CA de Letras e Filosofia<\/strong><\/td><td>Denilson Matos <br>Eliana Esvael <br>Jos\u00e9 Ferrari<br>Oriana Fulaneti<\/td><\/tr><tr><td class=\"has-text-align-center\" data-align=\"center\"><strong>NEALIM &#8211; Pr\u00e9dio do PROLING<\/strong><\/td><td>Evangelina Faria <br>Marianne Cavalcante<br>H\u00e9rica Paiva <\/td><\/tr><tr><td class=\"has-text-align-center\" data-align=\"center\"><strong>Ambiente 75 &#8211; VALPB<\/strong> &#8211; <strong>Pr\u00e9dio do PROLING<\/strong><\/td><td>Fernanda Mello<br>Francisco Eduardo<br>Juliene Pedrosa<br>Leonardo Gueiros<\/td><\/tr><\/tbody><\/table><\/figure>\n","protected":false},"excerpt":{"rendered":"<p>Ambiente 03 &#8211; Pra\u00e7a da Alegria, T\u00e9rreo Josete LucenaSocorro Cl\u00e1udiaV\u00e2nia Vasconcelos Daniela Sagabinazi (DLCV) Ambiente 05 &#8211; Pra\u00e7a da Alegria, T\u00e9rreo Magdiel MedeirosMargarete PollSocorro Pac\u00edfico (DLCV)Vanessa Rimbau (DLCV) Ambiente 34 &#8211; Pra\u00e7a da Alegria, 1\u00ba andar Jos\u00e9 WellistenMaria de F\u00e1tima MeloMariana EscarpineteM\u00f4nica Mano Ambiente 35 &#8211; Pra\u00e7a da Alegria, 1\u00ba andar Amanda BragaEdjane AssisIsa\u00edas MoreiraTiago [&hellip;]<\/p>\n","protected":false},"author":47,"featured_media":0,"parent":155,"menu_order":0,"comment_status":"closed","ping_status":"closed","template":"","meta":{"footnotes":""},"class_list":["post-173","page","type-page","status-publish","hentry"],"_links":{"self":[{"href":"https:\/\/www.cchla.ufpb.br\/dlpl\/wp-json\/wp\/v2\/pages\/173","targetHints":{"allow":["GET"]}}],"collection":[{"href":"https:\/\/www.cchla.ufpb.br\/dlpl\/wp-json\/wp\/v2\/pages"}],"about":[{"href":"https:\/\/www.cchla.ufpb.br\/dlpl\/wp-json\/wp\/v2\/types\/page"}],"author":[{"embeddable":true,"href":"https:\/\/www.cchla.ufpb.br\/dlpl\/wp-json\/wp\/v2\/users\/47"}],"replies":[{"embeddable":true,"href":"https:\/\/www.cchla.ufpb.br\/dlpl\/wp-json\/wp\/v2\/comments?post=173"}],"version-history":[{"count":7,"href":"https:\/\/www.cchla.ufpb.br\/dlpl\/wp-json\/wp\/v2\/pages\/173\/revisions"}],"predecessor-version":[{"id":519,"href":"https:\/\/www.cchla.ufpb.br\/dlpl\/wp-json\/wp\/v2\/pages\/173\/revisions\/519"}],"up":[{"embeddable":true,"href":"https:\/\/www.cchla.ufpb.br\/dlpl\/wp-json\/wp\/v2\/pages\/155"}],"wp:attachment":[{"href":"https:\/\/www.cchla.ufpb.br\/dlpl\/wp-json\/wp\/v2\/media?parent=173"}],"curies":[{"name":"wp","href":"https:\/\/api.w.org\/{rel}","templated":true}]}}

<figure class="wp-block-table is-style-stripes" style="font-size:15px"><table class="has-light-green-cyan-background-color has-background has-fixed-layout"><tbody><tr><td class="has-text-align-center" data-align="center"><strong>Ambiente 03 &#8211; Praça da Alegria, Térreo</strong></td><td>Josete Lucena<br>Socorro Cláudia<br>Vânia Vasconcelos <br>Daniela Sagabinazi (DLCV)</td></tr><tr><td class="has-text-align-center" data-align="center"><strong>Ambiente 05 &#8211; Praça da Alegria, Térreo</strong></td><td>Magdiel Medeiros<br>Margarete Poll<br>Socorro Pacífico (DLCV)<br>Vanessa Rimbau (DLCV)</td></tr><tr><td class="has-text-align-center" data-align="center"><strong>Ambiente 34 &#8211; Praça da Alegria, 1º andar</strong></td><td>José Wellisten<br>Maria de Fátima Melo<br>Mariana Escarpinete<br>Mônica Mano</td></tr><tr><td class="has-text-align-center" data-align="center"><strong>Ambiente 35 &#8211; Praça da Alegria, 1º andar</strong></td><td>Amanda Braga<br>Edjane Assis<br>Isaías Moreira<br>Tiago Aguiar</td></tr><tr><td class="has-text-align-center" data-align="center"><strong>Ambiente 36 &#8211; Praça da Alegria, 1º andar</strong></td><td>Jan Edson<br>Leonor Maia<br>Letícia Moraes<br>Regina Celi</td></tr><tr><td class="has-text-align-center" data-align="center"><strong>Ambiente 38 &#8211; Praça da Alegria, 1º andar</strong></td><td>Carolina Aragon<br>Cirineu Stein<br>Marcos Túlio</td></tr><tr><td class="has-text-align-center" data-align="center"><strong>Ambiente 40 &#8211; Praça da Alegria, 1º andar</strong></td><td>Fabiana Souza<br>Jorgevaldo Souza<br>Maria de Fátima Almeida <br>Pedro Francelino</td></tr><tr><td class="has-text-align-center" data-align="center"><strong>Ambiente 41 &#8211; Praça da Alegria, 1º andar</strong></td><td>Henrique Miguel<br>Regina Baracuhy</td></tr><tr><td class="has-text-align-center" data-align="center"><strong>Ambiente 53 &#8211; (LAPROL) Praça da Alegria, 1º andar</strong></td><td>Márcio Leitão <br>Rosana Oliveira</td></tr><tr><td class="has-text-align-center" data-align="center"><strong>Ambiente 66 &#8211; Prédio atrás do CA de Letras e Filosofia</strong></td><td>Denilson Matos <br>Eliana Esvael <br>José Ferrari<br>Oriana Fulaneti</td></tr><tr><td class="has-text-align-center" data-align="center"><strong>NEALIM &#8211; Prédio do PROLING</strong></td><td>Evangelina Faria <br>Marianne Cavalcante<br>Hérica Paiva </td></tr><tr><td class="has-text-align-center" data-align="center"><strong>Ambiente 75 &#8211; VALPB</strong> &#8211; <strong>Prédio do PROLING</strong></td><td>Fernanda Mello<br>Francisco Eduardo<br>Juliene Pedrosa<br>Leonardo Gueiros</td></tr></tbody></table></figure>

<p>Ambiente 03 &#8211; Praça da Alegria, Térreo Josete LucenaSocorro CláudiaVânia Vasconcelos Daniela Sagabinazi (DLCV) Ambiente 05 &#8211; Praça da Alegria, Térreo Magdiel MedeirosMargarete PollSocorro Pacífico (DLCV)Vanessa Rimbau (DLCV) Ambiente 34 &#8211; Praça da Alegria, 1º andar José WellistenMaria de Fátima MeloMariana EscarpineteMônica Mano Ambiente 35 &#8211; Praça da Alegria, 1º andar Amanda BragaEdjane AssisIsaías MoreiraTiago [&hellip;]</p>
