{"id":18,"date":"2024-09-09T22:37:41","date_gmt":"2024-09-09T22:37:41","guid":{"rendered":"https:\/\/www.cchla.ufpb.br\/dlpl2\/?page_id=18"},"modified":"2025-02-20T09:00:29","modified_gmt":"2025-02-20T12:00:29","slug":"ensino","status":"publish","type":"page","link":"https:\/\/www.cchla.ufpb.br\/dlpl\/ensino\/","title":{"rendered":"Ensino"},"content":{"rendered":"\n<p style=\"font-size:30px\"><strong>Gradua\u00e7\u00e3o<\/strong><\/p>\n\n\n\n<h2 class=\"wp-block-heading has-pale-cyan-blue-background-color has-background\" style=\"font-size:21px\">Secretaria Integrada de Atendimento \u00e0 Gradua\u00e7\u00e3o &#8211; SIAG <\/h2>\n\n\n\n<p style=\"font-size:15px\"><strong>Coordena\u00e7\u00e3o:<\/strong> Camila Santa Cruz Lins de Siqueira<\/p>\n\n\n\n<p style=\"font-size:15px\"><strong>E-mail:<\/strong> siag@cchla.ufpb.br<\/p>\n\n\n\n<p style=\"font-size:15px\"><strong>Telefone:<\/strong>&nbsp;3216-7039<\/p>\n\n\n\n<p style=\"font-size:15px\"><strong>Site:<\/strong> <a href=\"https:\/\/www.cchla.ufpb.br\/siagcchla\">https:\/\/www.cchla.ufpb.br\/siagcchla<\/a><\/p>\n\n\n\n<h3 class=\"wp-block-heading has-pale-cyan-blue-background-color has-background\" style=\"font-size:21px\">COORDENA\u00c7\u00c3O DO CURSO DE LETRAS &#8211; PORTUGU\u00caS<\/h3>\n\n\n\n<p style=\"font-size:15px\">Licenciatura em Letras&nbsp;&#8211; Portugu\u00eas&nbsp;(Modalidade Presencial)<\/p>\n\n\n\n<p style=\"font-size:15px\"><strong>Coordena\u00e7\u00e3o:<\/strong>&nbsp;Prof. Dr. Cirineu Cecote Stein<\/p>\n\n\n\n<p style=\"font-size:15px\"><strong>E-mail:<\/strong>&nbsp;letras.portugues@cchla.ufpb.br&nbsp;&nbsp; &nbsp;&nbsp;<\/p>\n\n\n\n<p style=\"font-size:15px\"><strong>Telefone:<\/strong>&nbsp;3216-7039<\/p>\n\n\n\n<p style=\"font-size:15px\"><strong>Site:<\/strong> <a href=\"https:\/\/www.cchla.ufpb.br\/ccl\/\">https:\/\/www.cchla.ufpb.br\/ccl\/<\/a><\/p>\n\n\n\n<h2 class=\"wp-block-heading has-pale-cyan-blue-background-color has-background\" style=\"font-size:21px\">COORDENA\u00c7\u00c3O \u00a0DO CURSO DE LETRAS &#8211; PORTUGU\u00caS &#8211; EAD <\/h2>\n\n\n\n<p style=\"font-size:15px\">Licenciatura em Letras &#8211; Portugu\u00eas&nbsp;(Ensino a dist\u00e2ncia &#8211; UFPB Virtual)<\/p>\n\n\n\n<p style=\"font-size:15px\"><strong>Coordena\u00e7\u00e3o:<\/strong>&nbsp;Prof. Dr. Jos\u00e9 Ferrari Neto<\/p>\n\n\n\n<p style=\"font-size:15px\"><strong>E-mail:<\/strong>&nbsp;letras@sead.ufpb.br&nbsp; &nbsp; &nbsp; &nbsp; &nbsp; &nbsp;<\/p>\n\n\n\n<p style=\"font-size:15px\"><strong>Telefone:<\/strong>&nbsp;3209-8714<\/p>\n\n\n\n<p style=\"font-size:15px\"><strong>Site:<\/strong> <a href=\"http:\/\/www.cchla.ufpb.br\/clv\/\">http:\/\/www.cchla.ufpb.br\/clv\/<\/a><\/p>\n\n\n\n<hr class=\"wp-block-separator has-alpha-channel-opacity\" \/>\n\n\n\n<p><\/p>\n\n\n\n<p style=\"font-size:30px\"><strong>P\u00f3s-Gradua\u00e7\u00e3o<\/strong><\/p>\n\n\n\n<p style=\"font-size:15px\"><strong>PROLING<\/strong> &#8211; Programa de P\u00f3s Gradua\u00e7\u00e3o em Lingu\u00edstica<\/p>\n\n\n\n<p style=\"font-size:15px\"><strong>Coordena\u00e7\u00e3o:<\/strong> Prof. Dr. Jan Edson Rodrigues Leite<\/p>\n\n\n\n<p style=\"font-size:15px\"><strong>E-mail:<\/strong> proling@cchla.ufpb.br <\/p>\n\n\n\n<p style=\"font-size:15px\"><strong>Telefone:<\/strong>&nbsp;3216-7745<\/p>\n\n\n\n<p style=\"font-size:15px\"><strong>Site:<\/strong> <a href=\"https:\/\/www.cchla.ufpb.br\/proling\/\">https:\/\/www.cchla.ufpb.br\/proling\/<\/a><\/p>\n\n\n\n<hr class=\"wp-block-separator has-alpha-channel-opacity\" \/>\n\n\n\n<p><\/p>\n\n\n\n<p style=\"font-size:15px\"><strong>MPLE<\/strong> &#8211; Mestrado Profissional em Lingu\u00edstica e Ensino <\/p>\n\n\n\n<p style=\"font-size:15px\"><strong>Coordena\u00e7\u00e3o:<\/strong> Profa. Dra. Juliene Lopes Ribeiro Pedrosa&nbsp;<\/p>\n\n\n\n<p style=\"font-size:15px\"><strong>E-mail:<\/strong> mple@cchla.ufpb.br <\/p>\n\n\n\n<p style=\"font-size:15px\"><strong>Telefone:<\/strong>&nbsp;3216-7059<\/p>\n\n\n\n<p style=\"font-size:15px\"><strong>Site:<\/strong> <a href=\"https:\/\/sigaa.ufpb.br\/sigaa\/public\/programa\/portal.jsf?lc=pt_BR&amp;id=1932\">https:\/\/sigaa.ufpb.br\/sigaa\/public\/programa\/portal.jsf?lc=pt_BR&amp;id=1932<\/a><\/p>\n\n\n\n<hr class=\"wp-block-separator has-alpha-channel-opacity\" \/>\n\n\n\n<p style=\"font-size:30px\"><strong>PRG &#8211; Pr\u00f3-reitora de Gradua\u00e7\u00e3o<\/strong><\/p>\n\n\n\n<p style=\"font-size:15px\"><strong>Contatos:<\/strong> <a href=\"https:\/\/www.prg.ufpb.br\/prg\/contents\/menu\/institucional-1\/gestores\">https:\/\/www.prg.ufpb.br\/prg\/contents\/menu\/institucional-1\/gestores<\/a><\/p>\n\n\n\n<p style=\"font-size:15px\"><strong>Site:<\/strong> <a href=\"https:\/\/www.prg.ufpb.br\/\">https:\/\/www.prg.ufpb.br\/<\/a><\/p>\n\n\n\n<p class=\"has-text-align-center has-very-light-gray-to-cyan-bluish-gray-gradient-background has-background\" style=\"font-size:15px\"><a href=\"https:\/\/www.prg.ufpb.br\/prg\/programas\/monitoria\"><strong>Informa\u00e7\u00f5es sobre Monitoria<\/strong> <\/a><\/p>\n\n\n\n<p class=\"has-text-align-center has-very-light-gray-to-cyan-bluish-gray-gradient-background has-background\" style=\"font-size:15px\"><strong><a href=\"https:\/\/www.prg.ufpb.br\/prg\/programas\/prolicen\">Informa\u00e7\u00f5es sobre PROLICEN &#8211; Programa de Licenciatura<\/a><\/strong><\/p>\n\n\n\n<p class=\"has-text-align-center has-very-light-gray-to-cyan-bluish-gray-gradient-background has-background\" style=\"font-size:15px\"><strong><a href=\"https:\/\/www.prg.ufpb.br\/prg\/programas\/pibid\">Informa\u00e7\u00f5es sobre PIBID<\/a><\/strong><\/p>\n","protected":false},"excerpt":{"rendered":"<p>Gradua\u00e7\u00e3o Secretaria Integrada de Atendimento \u00e0 Gradua\u00e7\u00e3o &#8211; SIAG Coordena\u00e7\u00e3o: Camila Santa Cruz Lins de Siqueira E-mail: siag@cchla.ufpb.br Telefone:&nbsp;3216-7039 Site: https:\/\/www.cchla.ufpb.br\/siagcchla COORDENA\u00c7\u00c3O DO CURSO DE LETRAS &#8211; PORTUGU\u00caS Licenciatura em Letras&nbsp;&#8211; Portugu\u00eas&nbsp;(Modalidade Presencial) Coordena\u00e7\u00e3o:&nbsp;Prof. Dr. Cirineu Cecote Stein E-mail:&nbsp;letras.portugues@cchla.ufpb.br&nbsp;&nbsp; &nbsp;&nbsp; Telefone:&nbsp;3216-7039 Site: https:\/\/www.cchla.ufpb.br\/ccl\/ COORDENA\u00c7\u00c3O \u00a0DO CURSO DE LETRAS &#8211; PORTUGU\u00caS &#8211; EAD Licenciatura em Letras [&hellip;]<\/p>\n","protected":false},"author":47,"featured_media":0,"parent":0,"menu_order":0,"comment_status":"closed","ping_status":"closed","template":"","meta":{"footnotes":""},"class_list":["post-18","page","type-page","status-publish","hentry"],"_links":{"self":[{"href":"https:\/\/www.cchla.ufpb.br\/dlpl\/wp-json\/wp\/v2\/pages\/18","targetHints":{"allow":["GET"]}}],"collection":[{"href":"https:\/\/www.cchla.ufpb.br\/dlpl\/wp-json\/wp\/v2\/pages"}],"about":[{"href":"https:\/\/www.cchla.ufpb.br\/dlpl\/wp-json\/wp\/v2\/types\/page"}],"author":[{"embeddable":true,"href":"https:\/\/www.cchla.ufpb.br\/dlpl\/wp-json\/wp\/v2\/users\/47"}],"replies":[{"embeddable":true,"href":"https:\/\/www.cchla.ufpb.br\/dlpl\/wp-json\/wp\/v2\/comments?post=18"}],"version-history":[{"count":19,"href":"https:\/\/www.cchla.ufpb.br\/dlpl\/wp-json\/wp\/v2\/pages\/18\/revisions"}],"predecessor-version":[{"id":568,"href":"https:\/\/www.cchla.ufpb.br\/dlpl\/wp-json\/wp\/v2\/pages\/18\/revisions\/568"}],"wp:attachment":[{"href":"https:\/\/www.cchla.ufpb.br\/dlpl\/wp-json\/wp\/v2\/media?parent=18"}],"curies":[{"name":"wp","href":"https:\/\/api.w.org\/{rel}","templated":true}]}}