{"id":34,"date":"2024-09-09T22:49:36","date_gmt":"2024-09-09T22:49:36","guid":{"rendered":"https:\/\/www.cchla.ufpb.br\/dlpl2\/?page_id=34"},"modified":"2024-11-13T13:28:50","modified_gmt":"2024-11-13T13:28:50","slug":"area-docente","status":"publish","type":"page","link":"https:\/\/www.cchla.ufpb.br\/dlpl\/institucional\/area-docente\/","title":{"rendered":"\u00c1rea Docente"},"content":{"rendered":"\n<h2 class=\"wp-block-heading has-pale-cyan-blue-background-color has-background\" style=\"font-size:16px\"><strong>MANUAIS<\/strong><\/h2>\n\n\n\n<p style=\"font-size:15px\"><a href=\"http:\/\/www.progep.ufpb.br\/progep\/colecoes\/manual-do-servidor-1\" target=\"_blank\" rel=\"noreferrer noopener\">Manual do Servidor UFPB<\/a>&nbsp;&#8211;&nbsp;(Disponibilizado pela PROGEP, cont\u00e9m informa\u00e7\u00f5es precisas e detalhadas sobre a instru\u00e7\u00e3o e tramita\u00e7\u00e3o dos mais variados processos no \u00e2mbito da UFPB)<\/p>\n\n\n\n<h2 class=\"wp-block-heading has-pale-cyan-blue-background-color has-background\" style=\"font-size:16px\"><strong>APOSTILA DO SIPAC<\/strong> &#8211; Cont\u00e9m o passo a passo para abertura e tramita\u00e7\u00e3o de processos<\/h2>\n\n\n\n<div class=\"wp-block-file\"><a id=\"wp-block-file--media-d21214bf-30cd-4919-b5dd-121e222802c9\" href=\"http:\/\/www.cchla.ufpb.br\/dlpl2\/wp-content\/uploads\/sites\/122\/sites\/208\/2024\/11\/1.-Introducao.pdf\" target=\"_blank\" rel=\"noreferrer noopener\">1. Introdu\u00e7\u00e3o<\/a><a href=\"http:\/\/www.cchla.ufpb.br\/dlpl2\/wp-content\/uploads\/sites\/122\/sites\/208\/2024\/11\/1.-Introducao.pdf\" class=\"wp-block-file__button wp-element-button\" download aria-describedby=\"wp-block-file--media-d21214bf-30cd-4919-b5dd-121e222802c9\">Baixar<\/a><\/div>\n\n\n\n<div class=\"wp-block-file\"><a id=\"wp-block-file--media-97ff7ab9-636b-48ad-92de-eca5d131c34c\" href=\"http:\/\/www.cchla.ufpb.br\/dlpl2\/wp-content\/uploads\/sites\/122\/sites\/208\/2024\/11\/2.-Processos-eletronicos.pdf\" target=\"_blank\" rel=\"noreferrer noopener\">2. Processos eletr\u00f4nicos<\/a><a href=\"http:\/\/www.cchla.ufpb.br\/dlpl2\/wp-content\/uploads\/sites\/122\/sites\/208\/2024\/11\/2.-Processos-eletronicos.pdf\" class=\"wp-block-file__button wp-element-button\" download aria-describedby=\"wp-block-file--media-97ff7ab9-636b-48ad-92de-eca5d131c34c\">Baixar<\/a><\/div>\n\n\n\n<div class=\"wp-block-file\"><a id=\"wp-block-file--media-46075023-f62f-4fab-8706-bc608aa289e0\" href=\"http:\/\/www.cchla.ufpb.br\/dlpl2\/wp-content\/uploads\/sites\/122\/sites\/208\/2024\/11\/3.-Documentos-eletronicos.pdf\" target=\"_blank\" rel=\"noreferrer noopener\">3. Documentos eletr\u00f4nicos<\/a><a href=\"http:\/\/www.cchla.ufpb.br\/dlpl2\/wp-content\/uploads\/sites\/122\/sites\/208\/2024\/11\/3.-Documentos-eletronicos.pdf\" class=\"wp-block-file__button wp-element-button\" download aria-describedby=\"wp-block-file--media-46075023-f62f-4fab-8706-bc608aa289e0\">Baixar<\/a><\/div>\n\n\n\n<div class=\"wp-block-file\"><a id=\"wp-block-file--media-bdf1b3e8-ae7d-4bea-b994-111d1b326e62\" href=\"http:\/\/www.cchla.ufpb.br\/dlpl2\/wp-content\/uploads\/sites\/122\/sites\/208\/2024\/11\/4.-Oficios-eletronicos.pdf\" target=\"_blank\" rel=\"noreferrer noopener\">4. Of\u00edcios eletr\u00f4nicos<\/a><a href=\"http:\/\/www.cchla.ufpb.br\/dlpl2\/wp-content\/uploads\/sites\/122\/sites\/208\/2024\/11\/4.-Oficios-eletronicos.pdf\" class=\"wp-block-file__button wp-element-button\" download aria-describedby=\"wp-block-file--media-bdf1b3e8-ae7d-4bea-b994-111d1b326e62\">Baixar<\/a><\/div>\n\n\n\n<div class=\"wp-block-file\"><a id=\"wp-block-file--media-19936196-3cc8-40c7-8a90-a797abe3a10b\" href=\"http:\/\/www.cchla.ufpb.br\/dlpl2\/wp-content\/uploads\/sites\/122\/sites\/208\/2024\/11\/5.-Consultas-relatorios-e-indicadores.pdf\" target=\"_blank\" rel=\"noreferrer noopener\">5. Consultas, relat\u00f3rios e indicadores<\/a><a href=\"http:\/\/www.cchla.ufpb.br\/dlpl2\/wp-content\/uploads\/sites\/122\/sites\/208\/2024\/11\/5.-Consultas-relatorios-e-indicadores.pdf\" class=\"wp-block-file__button wp-element-button\" download aria-describedby=\"wp-block-file--media-19936196-3cc8-40c7-8a90-a797abe3a10b\">Baixar<\/a><\/div>\n\n\n\n<div class=\"wp-block-file\"><a id=\"wp-block-file--media-73bed4c7-2248-427f-83fa-f6b8ed1f4559\" href=\"http:\/\/www.cchla.ufpb.br\/dlpl2\/wp-content\/uploads\/sites\/122\/sites\/208\/2024\/11\/Perguntas-Frequentes-SIPAC-Protocolo.pdf\" target=\"_blank\" rel=\"noreferrer noopener\">Perguntas Frequentes &#8211; SIPAC Protocolo<\/a><a href=\"http:\/\/www.cchla.ufpb.br\/dlpl2\/wp-content\/uploads\/sites\/122\/sites\/208\/2024\/11\/Perguntas-Frequentes-SIPAC-Protocolo.pdf\" class=\"wp-block-file__button wp-element-button\" download aria-describedby=\"wp-block-file--media-73bed4c7-2248-427f-83fa-f6b8ed1f4559\">Baixar<\/a><\/div>\n\n\n\n<hr class=\"wp-block-separator has-alpha-channel-opacity\"\/>\n\n\n\n<h2 class=\"wp-block-heading has-light-green-cyan-background-color has-background\" style=\"font-size:16px\"><strong>MODELO DO FORMUL\u00c1RIO DO RID<\/strong><\/h2>\n\n\n\n<p><\/p>\n\n\n\n<p style=\"font-size:15px\"><a href=\"https:\/\/www.cchla.ufpb.br\/dlpl\/wp-content\/uploads\/sites\/122\/sites\/208\/2024\/11\/Formulario-RID.docx\" data-type=\"attachment\" data-id=\"414\">Modelo de Relat\u00f3rio Individual Docente (RID)<\/a><\/p>\n\n\n\n<h2 class=\"wp-block-heading has-light-green-cyan-background-color has-background\" style=\"font-size:16px\"><strong>PROGRESS\u00c3O FUNCIONAL<\/strong><\/h2>\n\n\n\n<p style=\"font-size:15px\"><a href=\"https:\/\/www.cchla.ufpb.br\/dlpl\/institucional\/area-docente\/progressao-funcional-horizontal\/\" data-type=\"page\" data-id=\"283\">Progress\u00e3o Funcional Horizontal\u00a0\u00a0<\/a><\/p>\n\n\n\n<p style=\"font-size:15px\"><a href=\"https:\/\/www.cchla.ufpb.br\/dlpl\/institucional\/area-docente\/progressao-funcional-vertical-e-horizontal\/\" data-type=\"page\" data-id=\"56\">Progress\u00e3o Funcional Vertical <\/a><\/p>\n\n\n\n<h2 class=\"wp-block-heading has-light-green-cyan-background-color has-background\" style=\"font-size:16px\"><strong>DI\u00c1RIAS<\/strong><\/h2>\n\n\n\n<p style=\"font-size:15px\"><a href=\"https:\/\/www.cchla.ufpb.br\/dlpl\/institucional\/area-docente\/solicitacao-de-diarias\/\" data-type=\"page\" data-id=\"288\">Solicita\u00e7\u00e3o de di\u00e1rias<\/a><\/p>\n\n\n\n<h2 class=\"wp-block-heading has-light-green-cyan-background-color has-background\" style=\"font-size:16px\"><strong>AFASTAMENTOS<\/strong><\/h2>\n\n\n\n<p style=\"font-size:15px\"><a href=\"https:\/\/www.cchla.ufpb.br\/dlpl\/institucional\/area-docente\/licenca-para-capacitacao\/\" data-type=\"page\" data-id=\"291\">Licen\u00e7a capacita\u00e7\u00e3o<\/a><\/p>\n\n\n\n<p style=\"font-size:15px\"><a href=\"https:\/\/www.cchla.ufpb.br\/dlpl\/institucional\/area-docente\/cursar-doutorado-ou-pos-doutorado\/\" data-type=\"page\" data-id=\"294\">Cursar doutorado ou P\u00f3s-doutorado (no pa\u00eds ou exterior)<\/a><\/p>\n\n\n\n<p style=\"font-size:15px\"><a href=\"https:\/\/www.cchla.ufpb.br\/dlpl\/institucional\/area-docente\/participar-de-eventos-no-exterior\/\" data-type=\"page\" data-id=\"297\">Participar de eventos no exterior<\/a><\/p>\n\n\n\n<p style=\"font-size:15px\"><a href=\"https:\/\/www.cchla.ufpb.br\/dlpl\/institucional\/area-docente\/participar-de-eventos-em-territorio-nacional\/\" data-type=\"page\" data-id=\"401\">Participar de eventos em territ\u00f3rio nacional<\/a><\/p>\n\n\n\n<p><\/p>\n","protected":false},"excerpt":{"rendered":"<p>MANUAIS Manual do Servidor UFPB&nbsp;&#8211;&nbsp;(Disponibilizado pela PROGEP, cont\u00e9m informa\u00e7\u00f5es precisas e detalhadas sobre a instru\u00e7\u00e3o e tramita\u00e7\u00e3o dos mais variados processos no \u00e2mbito da UFPB) APOSTILA DO SIPAC &#8211; Cont\u00e9m o passo a passo para abertura e tramita\u00e7\u00e3o de processos MODELO DO FORMUL\u00c1RIO DO RID Modelo de Relat\u00f3rio Individual Docente (RID) PROGRESS\u00c3O FUNCIONAL Progress\u00e3o Funcional [&hellip;]<\/p>\n","protected":false},"author":47,"featured_media":0,"parent":171,"menu_order":0,"comment_status":"closed","ping_status":"closed","template":"","meta":{"footnotes":""},"class_list":["post-34","page","type-page","status-publish","hentry"],"_links":{"self":[{"href":"https:\/\/www.cchla.ufpb.br\/dlpl\/wp-json\/wp\/v2\/pages\/34","targetHints":{"allow":["GET"]}}],"collection":[{"href":"https:\/\/www.cchla.ufpb.br\/dlpl\/wp-json\/wp\/v2\/pages"}],"about":[{"href":"https:\/\/www.cchla.ufpb.br\/dlpl\/wp-json\/wp\/v2\/types\/page"}],"author":[{"embeddable":true,"href":"https:\/\/www.cchla.ufpb.br\/dlpl\/wp-json\/wp\/v2\/users\/47"}],"replies":[{"embeddable":true,"href":"https:\/\/www.cchla.ufpb.br\/dlpl\/wp-json\/wp\/v2\/comments?post=34"}],"version-history":[{"count":42,"href":"https:\/\/www.cchla.ufpb.br\/dlpl\/wp-json\/wp\/v2\/pages\/34\/revisions"}],"predecessor-version":[{"id":491,"href":"https:\/\/www.cchla.ufpb.br\/dlpl\/wp-json\/wp\/v2\/pages\/34\/revisions\/491"}],"up":[{"embeddable":true,"href":"https:\/\/www.cchla.ufpb.br\/dlpl\/wp-json\/wp\/v2\/pages\/171"}],"wp:attachment":[{"href":"https:\/\/www.cchla.ufpb.br\/dlpl\/wp-json\/wp\/v2\/media?parent=34"}],"curies":[{"name":"wp","href":"https:\/\/api.w.org\/{rel}","templated":true}]}}