{"id":94,"date":"2025-09-10T11:41:42","date_gmt":"2025-09-10T14:41:42","guid":{"rendered":"https:\/\/www.cchla.ufpb.br\/dpsicologia\/?page_id=94"},"modified":"2025-09-15T16:29:02","modified_gmt":"2025-09-15T19:29:02","slug":"comissoes","status":"publish","type":"page","link":"https:\/\/www.cchla.ufpb.br\/dpsicologia\/comissoes\/","title":{"rendered":"Comiss\u00f5es"},"content":{"rendered":"\n<p class=\"has-text-align-center has-black-color has-text-color has-link-color wp-elements-f1256ac811e8c33f3f3d6a412b5a7dc6\" style=\"font-size:30px\"><strong>COMISS\u00d5ES DO DEPARTAMENTO DE PSICOLOGIA<\/strong><\/p>\n\n\n\n<hr class=\"wp-block-separator has-alpha-channel-opacity\" \/>\n\n\n\n<div class=\"wp-block-columns has-black-color has-text-color has-link-color wp-elements-5549cb7b22b68a90eb8899234f625137 is-layout-flex wp-container-core-columns-is-layout-9d6595d7 wp-block-columns-is-layout-flex\">\n<div class=\"wp-block-column is-vertically-aligned-center is-layout-flow wp-block-column-is-layout-flow\" style=\"flex-basis:33.33%\">\n<p class=\"has-text-align-center\"><strong>COMISS\u00c3O DE EST\u00c1GIO PROBAT\u00d3RIO<\/strong><\/p>\n<\/div>\n\n\n\n<div class=\"wp-block-column is-layout-flow wp-block-column-is-layout-flow\" style=\"flex-basis:66.66%\">\n<p>Titulares:&nbsp; Isabel, Miriane e Henrique.<\/p>\n\n\n\n<p>Suplentes:&nbsp; Sandra Dahia.<\/p>\n\n\n\n<p>Validade 08\/03\/26.<\/p>\n\n\n\n<hr class=\"wp-block-separator has-alpha-channel-opacity\" \/>\n<\/div>\n<\/div>\n\n\n\n<div class=\"wp-block-columns has-black-color has-text-color has-link-color wp-elements-b6958e019d09f8a7d52d0cfd8afdbcff is-layout-flex wp-container-core-columns-is-layout-9d6595d7 wp-block-columns-is-layout-flex\">\n<div class=\"wp-block-column is-vertically-aligned-center is-layout-flow wp-block-column-is-layout-flow\" style=\"flex-basis:33.33%\">\n<p class=\"has-text-align-center\"><strong>COMISS\u00c3O DE ASCENS\u00c3O FUNCIONAL<\/strong><\/p>\n<\/div>\n\n\n\n<div class=\"wp-block-column is-layout-flow wp-block-column-is-layout-flow\" style=\"flex-basis:66.66%\">\n<p>Titulares:&nbsp; Paulo, Patr\u00edcia e Carlos Eduardo.<\/p>\n\n\n\n<p>Validade 31\/10\/26.<\/p>\n\n\n\n<hr class=\"wp-block-separator has-alpha-channel-opacity\" \/>\n<\/div>\n<\/div>\n\n\n\n<div class=\"wp-block-columns has-black-color has-text-color has-link-color wp-elements-073a3a511f72afa76b66d883e9ba4133 is-layout-flex wp-container-core-columns-is-layout-9d6595d7 wp-block-columns-is-layout-flex\">\n<div class=\"wp-block-column is-vertically-aligned-center is-layout-flow wp-block-column-is-layout-flow\" style=\"flex-basis:33.33%\">\n<p class=\"has-text-align-center\"><strong>N\u00daCLEO DOCENTE ESTRUTURANTE<\/strong><\/p>\n<\/div>\n\n\n\n<div class=\"wp-block-column is-layout-flow wp-block-column-is-layout-flow\" style=\"flex-basis:66.66%\">\n<p>Titulares:&nbsp; Maria de F\u00e1tima Pereira, Fl\u00e1vio, Tatiana, Henrique, Sandra Souza, Carmen e Sandra Dahia.<\/p>\n\n\n\n<p>Suplentes:&nbsp; La\u00edsy, Elo\u00e1, Manuella, Nelson, David e Isabel.<\/p>\n\n\n\n<p>Validade 10\/05\/26.<\/p>\n\n\n\n<hr class=\"wp-block-separator has-alpha-channel-opacity\" \/>\n<\/div>\n<\/div>\n\n\n\n<div class=\"wp-block-columns has-black-color has-text-color has-link-color wp-elements-5839bdde19d07d959ab9df338987ce8e is-layout-flex wp-container-core-columns-is-layout-9d6595d7 wp-block-columns-is-layout-flex\">\n<div class=\"wp-block-column is-vertically-aligned-center is-layout-flow wp-block-column-is-layout-flow\" style=\"flex-basis:33.33%\">\n<p class=\"has-text-align-center\"><strong>COMISS\u00c3O DE PROVIMENTO DE VAGAS<\/strong><\/p>\n<\/div>\n\n\n\n<div class=\"wp-block-column is-layout-flow wp-block-column-is-layout-flow\" style=\"flex-basis:66.66%\">\n<p>Titulares: Elo\u00e1, Miriane, J\u00falio, Manuela, Anselmo, Lidiany, Melyssa, Eduardo e Odara (representante discente).<\/p>\n\n\n\n<p>Suplentes: Flavio, Maria de Fatima Baracuhy, David e Sena (discente).<\/p>\n\n\n\n<p>Validade: 04\/11\/26.<\/p>\n\n\n\n<hr class=\"wp-block-separator has-alpha-channel-opacity\" \/>\n<\/div>\n<\/div>\n\n\n\n<div class=\"wp-block-columns has-black-color has-text-color has-link-color wp-elements-7b33953a0f3f8ce97db45a6a5cf6ceb8 is-layout-flex wp-container-core-columns-is-layout-9d6595d7 wp-block-columns-is-layout-flex\">\n<div class=\"wp-block-column is-vertically-aligned-center is-layout-flow wp-block-column-is-layout-flow\" style=\"flex-basis:33.33%\">\n<p class=\"has-text-align-center\"><strong>COMISS\u00c3O DE ENCARGOS DOCENTES<\/strong><\/p>\n<\/div>\n\n\n\n<div class=\"wp-block-column is-layout-flow wp-block-column-is-layout-flow\" style=\"flex-basis:66.66%\">\n<p>Titulares: Elo\u00e1, Adriano e Luciana.<\/p>\n\n\n\n<p>Suplente: Shirley.<\/p>\n\n\n\n<p>Validade 31\/10\/26<\/p>\n\n\n\n<hr class=\"wp-block-separator has-alpha-channel-opacity\" \/>\n<\/div>\n<\/div>\n\n\n\n<div class=\"wp-block-columns are-vertically-aligned-center has-black-color has-text-color has-link-color wp-elements-f53923722b837783f3473e3180f931bb is-layout-flex wp-container-core-columns-is-layout-9d6595d7 wp-block-columns-is-layout-flex\">\n<div class=\"wp-block-column is-vertically-aligned-center is-layout-flow wp-block-column-is-layout-flow\" style=\"flex-basis:33.33%\">\n<p class=\"has-text-align-center\"><strong>COMISS\u00c3O DE CAPACITA\u00c7\u00c3O DOCENTE<\/strong><\/p>\n<\/div>\n\n\n\n<div class=\"wp-block-column is-vertically-aligned-center is-layout-flow wp-block-column-is-layout-flow\" style=\"flex-basis:66.66%\">\n<p>Titulares:&nbsp; J\u00falio, Ana Raquel e David.<\/p>\n\n\n\n<p>Suplente: Valeria e Cleide.<\/p>\n\n\n\n<p>Validade: 13\/08\/26.<\/p>\n\n\n\n<hr class=\"wp-block-separator has-alpha-channel-opacity\" \/>\n<\/div>\n<\/div>\n\n\n\n<div class=\"wp-block-columns has-black-color has-text-color has-link-color wp-elements-300d95450afd3c4fd3956a6cfe8a633b is-layout-flex wp-container-core-columns-is-layout-9d6595d7 wp-block-columns-is-layout-flex\">\n<div class=\"wp-block-column is-layout-flow wp-block-column-is-layout-flow\" style=\"flex-basis:33.33%\">\n<p class=\"has-text-align-center\"><strong>COORDENA\u00c7\u00c3O DE EST\u00c1GIO<\/strong><\/p>\n<\/div>\n\n\n\n<div class=\"wp-block-column is-layout-flow wp-block-column-is-layout-flow\" style=\"flex-basis:66.66%\">\n<p>Titular: Eduardo Breno N. Bezerra.<\/p>\n\n\n\n<hr class=\"wp-block-separator has-alpha-channel-opacity\" \/>\n<\/div>\n<\/div>\n\n\n\n<div class=\"wp-block-columns are-vertically-aligned-center has-black-color has-text-color has-link-color wp-elements-ac152a4982947d58d259d0da36e4fb1e is-layout-flex wp-container-core-columns-is-layout-9d6595d7 wp-block-columns-is-layout-flex\">\n<div class=\"wp-block-column is-vertically-aligned-center is-layout-flow wp-block-column-is-layout-flow\" style=\"flex-basis:33.33%\">\n<p class=\"has-text-align-center\"><strong>REVALIDA\u00c7\u00c3O DE DIPLOMAS<\/strong><\/p>\n<\/div>\n\n\n\n<div class=\"wp-block-column is-vertically-aligned-center is-layout-flow wp-block-column-is-layout-flow\" style=\"flex-basis:66.66%\">\n<p>Titulares:&nbsp; David, Paulo e Mirian.<\/p>\n\n\n\n<p>Suplentes: Laisy.<\/p>\n\n\n\n<p>Validade 08\/03\/26.<\/p>\n\n\n\n<hr class=\"wp-block-separator has-alpha-channel-opacity\" \/>\n<\/div>\n<\/div>\n\n\n\n<div class=\"wp-block-columns is-layout-flex wp-container-core-columns-is-layout-9d6595d7 wp-block-columns-is-layout-flex\">\n<div class=\"wp-block-column is-vertically-aligned-center has-black-color has-text-color has-link-color wp-elements-86d0feb46d5ced7bf2a8527adf6440ae is-layout-flow wp-block-column-is-layout-flow\" style=\"flex-basis:33.33%\">\n<p><strong>COLEGIADO DO CURSO<\/strong><\/p>\n<\/div>\n\n\n\n<div class=\"wp-block-column is-layout-flow wp-block-column-is-layout-flow\" style=\"flex-basis:66.66%\">\n<p>Titulares: Elo\u00e1 (Presidente), Manuella (Vice-presidente), Miriane (Psicologia), Liana (Fisologia e Patologia), Fab\u00edola Ferreira da Silva (Morfologia) e Maria Eduarda Cavalcanti de Ara\u00fajo (discente).<\/p>\n\n\n\n<p class=\"has-black-color has-text-color has-link-color wp-elements-eed284e1841a08dc5072b3253fb623c3\">Suplentes: Paulo (Psicologia), Luis Henrique Cesar Vasconcelos (Fisiologia e Patologia), Ana Aline Lacet Zaccara (Morfologia) e Bianca Maria Pereira (discente)<\/p>\n\n\n\n<p>Publica\u00e7\u00e3o 05\/01\/24<\/p>\n\n\n\n<hr class=\"wp-block-separator has-alpha-channel-opacity\" \/>\n<\/div>\n<\/div>\n\n\n\n<div class=\"wp-block-columns is-layout-flex wp-container-core-columns-is-layout-9d6595d7 wp-block-columns-is-layout-flex\">\n<div class=\"wp-block-column is-layout-flow wp-block-column-is-layout-flow\" style=\"flex-basis:33.33%\"><\/div>\n\n\n\n<div class=\"wp-block-column is-layout-flow wp-block-column-is-layout-flow\" style=\"flex-basis:66.66%\"><\/div>\n<\/div>\n\n\n\n<p><\/p>\n","protected":false},"excerpt":{"rendered":"<p>COMISS\u00d5ES DO DEPARTAMENTO DE PSICOLOGIA COMISS\u00c3O DE EST\u00c1GIO PROBAT\u00d3RIO Titulares:&nbsp; Isabel, Miriane e Henrique. Suplentes:&nbsp; [&hellip;]<\/p>\n","protected":false},"author":389,"featured_media":0,"parent":0,"menu_order":0,"comment_status":"closed","ping_status":"closed","template":"","meta":{"footnotes":""},"class_list":["post-94","page","type-page","status-publish","hentry"],"_links":{"self":[{"href":"https:\/\/www.cchla.ufpb.br\/dpsicologia\/wp-json\/wp\/v2\/pages\/94","targetHints":{"allow":["GET"]}}],"collection":[{"href":"https:\/\/www.cchla.ufpb.br\/dpsicologia\/wp-json\/wp\/v2\/pages"}],"about":[{"href":"https:\/\/www.cchla.ufpb.br\/dpsicologia\/wp-json\/wp\/v2\/types\/page"}],"author":[{"embeddable":true,"href":"https:\/\/www.cchla.ufpb.br\/dpsicologia\/wp-json\/wp\/v2\/users\/389"}],"replies":[{"embeddable":true,"href":"https:\/\/www.cchla.ufpb.br\/dpsicologia\/wp-json\/wp\/v2\/comments?post=94"}],"version-history":[{"count":14,"href":"https:\/\/www.cchla.ufpb.br\/dpsicologia\/wp-json\/wp\/v2\/pages\/94\/revisions"}],"predecessor-version":[{"id":343,"href":"https:\/\/www.cchla.ufpb.br\/dpsicologia\/wp-json\/wp\/v2\/pages\/94\/revisions\/343"}],"wp:attachment":[{"href":"https:\/\/www.cchla.ufpb.br\/dpsicologia\/wp-json\/wp\/v2\/media?parent=94"}],"curies":[{"name":"wp","href":"https:\/\/api.w.org\/{rel}","templated":true}]}}