{"id":25,"date":"2024-03-21T23:32:28","date_gmt":"2024-03-21T23:32:28","guid":{"rendered":"https:\/\/www.cchla.ufpb.br\/encult\/?page_id=25"},"modified":"2024-05-16T13:19:19","modified_gmt":"2024-05-16T16:19:19","slug":"o-vi-encult","status":"publish","type":"page","link":"https:\/\/www.cchla.ufpb.br\/encult\/o-vi-encult\/","title":{"rendered":"O VI ENCULT: Brasil \u2013 pa\u00eds multil\u00edngue"},"content":{"rendered":"\n<p>No VI Encontro (Inter)Nacional Cultura e Tradu\u00e7\u00e3o, discutiremos o multilinguismo, que, como a\ufb01rmam Rachel Gilmour e Tamar Steinitz (2018), deve envolver n\u00e3o s\u00f3 \u201ca pluralidade das formas lingu\u00edsticas, mas tamb\u00e9m o leque de rela\u00e7\u00f5es que s\u00e3o concebidas entre elas\u201d (p. 6). O tema <em>Brasil \u2013 pa\u00eds multil\u00edngue <\/em>pretende provocar re\ufb02ex\u00f5es acerca do multilinguismo no Brasil, das l\u00ednguas faladas em todo o pa\u00eds, desde a regi\u00e3o sul at\u00e9 a regi\u00e3o norte, e as poss\u00edveis rela\u00e7\u00f5es estabelecidas entre essas l\u00ednguas, a l\u00edngua portuguesa, as l\u00ednguas de fronteira e outros idiomas trazidos ao pa\u00eds nas diversas ondas migrat\u00f3rias.<\/p>\n\n\n\n<p>Para fomentar a discuss\u00e3o, o VI EnCult est\u00e1 organizado em sete eixos tem\u00e1ticos. O evento acontecer\u00e1 de 9 a 11 de outubro e inclui palestras, mesas-redondas e comunica\u00e7\u00f5es.<\/p>\n\n\n\n<p><\/p>\n\n\n\n<figure class=\"wp-block-image size-full\"><img loading=\"lazy\" decoding=\"async\" width=\"1024\" height=\"768\" src=\"http:\/\/www.cchla.ufpb.br\/encult\/wp-content\/uploads\/sites\/122\/sites\/159\/2024\/04\/WhatsApp-Image-2024-03-25-at-2.22.08-PM.jpeg\" alt=\"\" class=\"wp-image-68\" srcset=\"https:\/\/www.cchla.ufpb.br\/encult\/wp-content\/uploads\/sites\/122\/sites\/159\/2024\/04\/WhatsApp-Image-2024-03-25-at-2.22.08-PM.jpeg 1024w, https:\/\/www.cchla.ufpb.br\/encult\/wp-content\/uploads\/sites\/122\/sites\/159\/2024\/04\/WhatsApp-Image-2024-03-25-at-2.22.08-PM-300x225.jpeg 300w, https:\/\/www.cchla.ufpb.br\/encult\/wp-content\/uploads\/sites\/122\/sites\/159\/2024\/04\/WhatsApp-Image-2024-03-25-at-2.22.08-PM-768x576.jpeg 768w\" sizes=\"auto, (max-width: 1024px) 100vw, 1024px\" \/><\/figure>\n","protected":false},"excerpt":{"rendered":"<p>No VI Encontro (Inter)Nacional Cultura e Tradu\u00e7\u00e3o, discutiremos o multilinguismo, que, como a\ufb01rmam Rachel Gilmour e Tamar Steinitz (2018), deve envolver n\u00e3o s\u00f3 \u201ca pluralidade das formas lingu\u00edsticas, mas tamb\u00e9m o leque de rela\u00e7\u00f5es que s\u00e3o concebidas entre elas\u201d (p. 6). O tema Brasil \u2013 pa\u00eds multil\u00edngue pretende provocar re\ufb02ex\u00f5es acerca do multilinguismo no Brasil, [&hellip;]<\/p>\n","protected":false},"author":47,"featured_media":0,"parent":0,"menu_order":0,"comment_status":"closed","ping_status":"closed","template":"","meta":{"footnotes":""},"class_list":["post-25","page","type-page","status-publish","hentry"],"_links":{"self":[{"href":"https:\/\/www.cchla.ufpb.br\/encult\/wp-json\/wp\/v2\/pages\/25","targetHints":{"allow":["GET"]}}],"collection":[{"href":"https:\/\/www.cchla.ufpb.br\/encult\/wp-json\/wp\/v2\/pages"}],"about":[{"href":"https:\/\/www.cchla.ufpb.br\/encult\/wp-json\/wp\/v2\/types\/page"}],"author":[{"embeddable":true,"href":"https:\/\/www.cchla.ufpb.br\/encult\/wp-json\/wp\/v2\/users\/47"}],"replies":[{"embeddable":true,"href":"https:\/\/www.cchla.ufpb.br\/encult\/wp-json\/wp\/v2\/comments?post=25"}],"version-history":[{"count":4,"href":"https:\/\/www.cchla.ufpb.br\/encult\/wp-json\/wp\/v2\/pages\/25\/revisions"}],"predecessor-version":[{"id":135,"href":"https:\/\/www.cchla.ufpb.br\/encult\/wp-json\/wp\/v2\/pages\/25\/revisions\/135"}],"wp:attachment":[{"href":"https:\/\/www.cchla.ufpb.br\/encult\/wp-json\/wp\/v2\/media?parent=25"}],"curies":[{"name":"wp","href":"https:\/\/api.w.org\/{rel}","templated":true}]}}