{"id":611,"date":"2018-08-27T15:42:56","date_gmt":"2018-08-27T18:42:56","guid":{"rendered":"http:\/\/www.cchla.ufpb.br\/entrad2019\/?page_id=611"},"modified":"2019-05-20T15:15:02","modified_gmt":"2019-05-20T18:15:02","slug":"organizing-committee","status":"publish","type":"page","link":"http:\/\/www.cchla.ufpb.br\/entrad2019\/?page_id=611&lang=en","title":{"rendered":"Organizing Committee"},"content":{"rendered":"<ol>\n<li>Ana Cristina Bezerril Cardoso<\/li>\n<li>Camila Nath\u00e1lia de Oliveira Braga<\/li>\n<li>Daniel Antonio de Sousa Alves<\/li>\n<li>Daniel Viana Rodrigues de Sousa<\/li>\n<li>Elaine Esp\u00edndola Baldissera<\/li>\n<li>Jos\u00e9 Alves da Silva Junior<\/li>\n<li>Jos\u00e9 Roberto Andrade Feres<\/li>\n<li>Luciane Leipnitz<\/li>\n<li>Maria L\u00edgia Coco Terra<\/li>\n<li>Marta Pragana Dantas<\/li>\n<li>Roberto Carlos de Assis<\/li>\n<li>T\u00e2nia Liparini Campos<\/li>\n<li>Welison Douglas dos Santos Pereira<\/li>\n<\/ol>\n","protected":false},"excerpt":{"rendered":"<p>Ana Cristina Bezerril Cardoso Camila Nath\u00e1lia de Oliveira Braga Daniel Antonio de Sousa Alves Daniel Viana Rodrigues de Sousa Elaine Esp\u00edndola Baldissera Jos\u00e9 Alves da Silva Junior Jos\u00e9 Roberto Andrade Feres Luciane Leipnitz Maria L\u00edgia Coco Terra Marta Pragana Dantas Roberto Carlos de Assis T\u00e2nia Liparini Campos Welison Douglas dos Santos Pereira<\/p>\n","protected":false},"author":2,"featured_media":0,"parent":0,"menu_order":0,"comment_status":"closed","ping_status":"closed","template":"","meta":[],"_links":{"self":[{"href":"http:\/\/www.cchla.ufpb.br\/entrad2019\/index.php?rest_route=\/wp\/v2\/pages\/611"}],"collection":[{"href":"http:\/\/www.cchla.ufpb.br\/entrad2019\/index.php?rest_route=\/wp\/v2\/pages"}],"about":[{"href":"http:\/\/www.cchla.ufpb.br\/entrad2019\/index.php?rest_route=\/wp\/v2\/types\/page"}],"author":[{"embeddable":true,"href":"http:\/\/www.cchla.ufpb.br\/entrad2019\/index.php?rest_route=\/wp\/v2\/users\/2"}],"replies":[{"embeddable":true,"href":"http:\/\/www.cchla.ufpb.br\/entrad2019\/index.php?rest_route=%2Fwp%2Fv2%2Fcomments&post=611"}],"version-history":[{"count":4,"href":"http:\/\/www.cchla.ufpb.br\/entrad2019\/index.php?rest_route=\/wp\/v2\/pages\/611\/revisions"}],"predecessor-version":[{"id":1484,"href":"http:\/\/www.cchla.ufpb.br\/entrad2019\/index.php?rest_route=\/wp\/v2\/pages\/611\/revisions\/1484"}],"wp:attachment":[{"href":"http:\/\/www.cchla.ufpb.br\/entrad2019\/index.php?rest_route=%2Fwp%2Fv2%2Fmedia&parent=611"}],"curies":[{"name":"wp","href":"https:\/\/api.w.org\/{rel}","templated":true}]}}