{"id":740,"date":"2018-08-31T14:20:35","date_gmt":"2018-08-31T17:20:35","guid":{"rendered":"http:\/\/www.cchla.ufpb.br\/entrad2019\/?page_id=740"},"modified":"2019-04-11T17:08:23","modified_gmt":"2019-04-11T20:08:23","slug":"current-board-of-directors","status":"publish","type":"page","link":"http:\/\/www.cchla.ufpb.br\/entrad2019\/?page_id=740&lang=en","title":{"rendered":"Current Board of Directors"},"content":{"rendered":"<p><strong>DIRETORIA DA ASSOCIA\u00c7\u00c3O BRASILEIRA DE PESQUISADORES EM TRADU\u00c7\u00c3O \u2013 ABRAPT \u2013 TRI\u00caNIO 2017-2019<\/strong><\/p>\n<table>\n<tbody>\n<tr>\n<td width=\"177\">Presidente:<\/p>\n<p>Vice-Presidente:<\/p>\n<p>Primeiro Secret\u00e1rio:<\/p>\n<p>Segunda Secret\u00e1ria:<\/p>\n<p>Primeira Tesoureira:<\/p>\n<p>Segunda Tesoureira:<\/p>\n<p>Organiza\u00e7\u00e3o de Eventos:<\/p>\n<p>Conselho Fiscal:<\/p>\n<p><strong>\u00a0<\/strong><\/p>\n<p><strong>\u00a0<\/strong><\/p>\n<p><strong>\u00a0<\/strong><\/td>\n<td width=\"399\">Roberto Carlos de Assis (UFPB)<\/p>\n<p>Marta Pragana Dantas (UFPB)<\/p>\n<p>Daniel Antonio de Sousa Alves (UFPB)<\/p>\n<p>Vera L\u00facia Santiago Ara\u00fajo (UECE)<\/p>\n<p>Luciane Leipnitz (UFPB)<\/p>\n<p>Sinara de Oliveira Branco (UFCG)<\/p>\n<p>Germana Henriques Pereira de Sousa(UnB)<\/p>\n<p>Ana Maria Bicalho (UFBA)<\/p>\n<p>T\u00e2nia Liparini Campos (UFPB)<\/p>\n<p>Wiebke R\u00f6ben de Alencar Xavier\u00a0(UFRN)<\/p>\n<p><strong>\u00a0<\/strong><\/td>\n<\/tr>\n<\/tbody>\n<\/table>\n","protected":false},"excerpt":{"rendered":"<p>DIRETORIA DA ASSOCIA\u00c7\u00c3O BRASILEIRA DE PESQUISADORES EM TRADU\u00c7\u00c3O \u2013 ABRAPT \u2013 TRI\u00caNIO 2017-2019 Presidente: Vice-Presidente: Primeiro Secret\u00e1rio: Segunda Secret\u00e1ria: Primeira Tesoureira: Segunda Tesoureira: Organiza\u00e7\u00e3o de Eventos: Conselho Fiscal: \u00a0 \u00a0 \u00a0 Roberto Carlos de Assis (UFPB) Marta Pragana Dantas (UFPB) Daniel Antonio de Sousa Alves (UFPB) Vera L\u00facia Santiago Ara\u00fajo (UECE) Luciane Leipnitz (UFPB) Sinara &hellip;<\/p>\n<p class=\"read-more\"> <a class=\"\" href=\"http:\/\/www.cchla.ufpb.br\/entrad2019\/?page_id=740&#038;lang=en\"> <span class=\"screen-reader-text\">Current Board of Directors<\/span> Leia mais &raquo;<\/a><\/p>\n","protected":false},"author":2,"featured_media":0,"parent":0,"menu_order":0,"comment_status":"closed","ping_status":"closed","template":"","meta":[],"_links":{"self":[{"href":"http:\/\/www.cchla.ufpb.br\/entrad2019\/index.php?rest_route=\/wp\/v2\/pages\/740"}],"collection":[{"href":"http:\/\/www.cchla.ufpb.br\/entrad2019\/index.php?rest_route=\/wp\/v2\/pages"}],"about":[{"href":"http:\/\/www.cchla.ufpb.br\/entrad2019\/index.php?rest_route=\/wp\/v2\/types\/page"}],"author":[{"embeddable":true,"href":"http:\/\/www.cchla.ufpb.br\/entrad2019\/index.php?rest_route=\/wp\/v2\/users\/2"}],"replies":[{"embeddable":true,"href":"http:\/\/www.cchla.ufpb.br\/entrad2019\/index.php?rest_route=%2Fwp%2Fv2%2Fcomments&post=740"}],"version-history":[{"count":3,"href":"http:\/\/www.cchla.ufpb.br\/entrad2019\/index.php?rest_route=\/wp\/v2\/pages\/740\/revisions"}],"predecessor-version":[{"id":1420,"href":"http:\/\/www.cchla.ufpb.br\/entrad2019\/index.php?rest_route=\/wp\/v2\/pages\/740\/revisions\/1420"}],"wp:attachment":[{"href":"http:\/\/www.cchla.ufpb.br\/entrad2019\/index.php?rest_route=%2Fwp%2Fv2%2Fmedia&parent=740"}],"curies":[{"name":"wp","href":"https:\/\/api.w.org\/{rel}","templated":true}]}}