{"id":133,"date":"2026-03-16T09:41:44","date_gmt":"2026-03-16T12:41:44","guid":{"rendered":"https:\/\/www.cchla.ufpb.br\/espanhol\/?page_id=133"},"modified":"2026-03-16T09:41:44","modified_gmt":"2026-03-16T12:41:44","slug":"programa-de-posgrado-en-filosofia","status":"publish","type":"page","link":"https:\/\/www.cchla.ufpb.br\/espanhol\/programa-de-posgrado-en-filosofia\/","title":{"rendered":"Programa de Posgrado en Filosof\u00eda"},"content":{"rendered":"\n<p>El Programa de Posgrado en Filosof\u00eda es un programa con m\u00e1s de 30 a\u00f1os de existencia, creado en 1979. El programa, con calificaci\u00f3n 03, tiene como \u00c1rea de Concentraci\u00f3n LA FILOSOF\u00cdA y tres l\u00edneas de Investigaci\u00f3n:&nbsp; 01) Fenomenolog\u00eda; 02) Hermen\u00e9utica Filos\u00f3fica y;&nbsp; 03) \u00c9tica y Filosof\u00eda Pol\u00edtica. Con m\u00e1s de 181 egresados, principalmente de la regi\u00f3n Noreste, el programa ha recibido estudiantes de diversas regiones del pa\u00eds, aspecto que demuestra nuestra capacidad para calificar recursos humanos a un alto nivel y rigor acad\u00e9mico. Vale la pena destacar algunos elementos importantes que se pueden plantear para tratar de mapear esta nueva tendencia de estudiantes de otras regiones que se unen al Programa. En 2002, con una nueva formulaci\u00f3n de su propuesta curricular, m\u00e1s integral y coherente, el programa encontr\u00f3 una f\u00f3rmula m\u00e1s efectiva y asertiva para su identidad, teniendo en cuenta el nuevo formato de su facultad y la variedad&nbsp; de proyectos presentados por los estudiantes a cada proceso de selecci\u00f3n. As\u00ed, un alcance de naturaleza no solo regional sino tambi\u00e9n nacional, tom\u00f3 forma y se instal\u00f3.<\/p>\n\n\n\n<p>PPGF ha crecido y se ha consolidado en los \u00faltimos a\u00f1os. Esto puede ser atestiguado por el aumento en el n\u00famero de disertaciones defendidas por a\u00f1o, el aumento en el n\u00famero de doctores acreditados en el programa, la mejora en la productividad docente y el inicio de una producci\u00f3n estudiantil efectiva. Otro elemento que da fe de ese crecimiento y consolidaci\u00f3n en la regi\u00f3n Noreste es el car\u00e1cter integral de la propuesta curricular, aspecto que se refleja en el hecho de que hoy tenemos m\u00e1s doctorados en el Programa, incremento que se traduce en un n\u00famero suficiente de profesores capaces de fortalecer las l\u00edneas de Investigaci\u00f3n de su propuesta curricular. Otro hecho que se ha establecido como central ha sido la posibilidad de contratar nuevos estudiantes, doctores, por parte del Departamento de Filosof\u00eda, quienes tambi\u00e9n desarrollar\u00e1n sus actividades con este Programa.<\/p>\n\n\n\n<p>Los Objetivos del Programa son:1) Formar profesionales calificados en Filosof\u00eda para el ejercicio de la actividad docente y para la investigaci\u00f3n en el \u00e1rea que promueva la&nbsp; adquisici\u00f3n y desarrollo de habilidades de alto nivel para la producci\u00f3n y transmisi\u00f3n del conocimiento filos\u00f3fico; 2) Promover la articulaci\u00f3n e integraci\u00f3n regional entre los Programas de Posgrado del Nordeste para el fortalecimiento y crecimiento del \u00e1rea de Filosof\u00eda en esta regi\u00f3n del pa\u00eds, agrupando y estableciendo una dinamizaci\u00f3n de la producci\u00f3n intelectual de calidad en todas sus l\u00edneas de investigaci\u00f3n; 3) Promover la inserci\u00f3n del Programa a nivel nacional e internacional a trav\u00e9s de convenios y articulaciones con otros centros acad\u00e9micos.<\/p>\n\n\n\n<p>M\u00e1s informaci\u00f3n en: <a href=\"http:\/\/www.cchla.ufpb.br\/ppgf\/contents\/menu\/apresentacao\">http:\/\/www.cchla.ufpb.br\/ppgf\/contents\/menu\/apresentacao<\/a><\/p>\n","protected":false},"excerpt":{"rendered":"<p>El Programa de Posgrado en Filosof\u00eda es un programa con m\u00e1s de 30 a\u00f1os de [&hellip;]<\/p>\n","protected":false},"author":47,"featured_media":0,"parent":0,"menu_order":0,"comment_status":"closed","ping_status":"closed","template":"","meta":{"footnotes":""},"class_list":["post-133","page","type-page","status-publish","hentry"],"_links":{"self":[{"href":"https:\/\/www.cchla.ufpb.br\/espanhol\/wp-json\/wp\/v2\/pages\/133","targetHints":{"allow":["GET"]}}],"collection":[{"href":"https:\/\/www.cchla.ufpb.br\/espanhol\/wp-json\/wp\/v2\/pages"}],"about":[{"href":"https:\/\/www.cchla.ufpb.br\/espanhol\/wp-json\/wp\/v2\/types\/page"}],"author":[{"embeddable":true,"href":"https:\/\/www.cchla.ufpb.br\/espanhol\/wp-json\/wp\/v2\/users\/47"}],"replies":[{"embeddable":true,"href":"https:\/\/www.cchla.ufpb.br\/espanhol\/wp-json\/wp\/v2\/comments?post=133"}],"version-history":[{"count":1,"href":"https:\/\/www.cchla.ufpb.br\/espanhol\/wp-json\/wp\/v2\/pages\/133\/revisions"}],"predecessor-version":[{"id":134,"href":"https:\/\/www.cchla.ufpb.br\/espanhol\/wp-json\/wp\/v2\/pages\/133\/revisions\/134"}],"wp:attachment":[{"href":"https:\/\/www.cchla.ufpb.br\/espanhol\/wp-json\/wp\/v2\/media?parent=133"}],"curies":[{"name":"wp","href":"https:\/\/api.w.org\/{rel}","templated":true}]}}