{"id":48,"date":"2024-06-26T13:18:53","date_gmt":"2024-06-26T13:18:53","guid":{"rendered":"https:\/\/www.cchla.ufpb.br\/espanhol\/?page_id=48"},"modified":"2024-06-26T16:55:04","modified_gmt":"2024-06-26T16:55:04","slug":"letras-clasicas","status":"publish","type":"page","link":"https:\/\/www.cchla.ufpb.br\/espanhol\/letras-clasicas\/","title":{"rendered":"Letras Cl\u00e1sicas"},"content":{"rendered":"\n<p>El Grado en Letras Cl\u00e1sicas (Griego y Lat\u00edn) de la Universidad Federal de Para\u00edba, iniciado en 2009 en la modalidad de Profesorado, forma profesionales formados en la ense\u00f1anza de las lenguas y literaturas greco-latinas. Las actividades curriculares se realizan solo por la noche y de manera presencial, con duraci\u00f3n de 5 a\u00f1os.<\/p>\n\n\n\n<p>M\u00e1s informaci\u00f3n en: <a href=\"http:\/\/www.cchla.ufpb.br\/clc\">http:\/\/www.cchla.ufpb.br\/clc<\/a><\/p>\n\n\n\n<div style=\"height:25px\" aria-hidden=\"true\" class=\"wp-block-spacer\"><\/div>\n\n\n\n<p class=\"has-small-font-size\"><strong><a href=\"https:\/\/www.instagram.com\/plantao.tradufpb\/\">Traducci\u00f3n: Projeto InELC-Plant\u00e3o de Tradu\u00e7\u00e3o<\/a><\/strong><\/p>\n","protected":false},"excerpt":{"rendered":"<p>El Grado en Letras Cl\u00e1sicas (Griego y Lat\u00edn) de la Universidad Federal de Para\u00edba, iniciado [&hellip;]<\/p>\n","protected":false},"author":63,"featured_media":0,"parent":0,"menu_order":0,"comment_status":"closed","ping_status":"closed","template":"","meta":{"footnotes":""},"class_list":["post-48","page","type-page","status-publish","hentry"],"_links":{"self":[{"href":"https:\/\/www.cchla.ufpb.br\/espanhol\/wp-json\/wp\/v2\/pages\/48","targetHints":{"allow":["GET"]}}],"collection":[{"href":"https:\/\/www.cchla.ufpb.br\/espanhol\/wp-json\/wp\/v2\/pages"}],"about":[{"href":"https:\/\/www.cchla.ufpb.br\/espanhol\/wp-json\/wp\/v2\/types\/page"}],"author":[{"embeddable":true,"href":"https:\/\/www.cchla.ufpb.br\/espanhol\/wp-json\/wp\/v2\/users\/63"}],"replies":[{"embeddable":true,"href":"https:\/\/www.cchla.ufpb.br\/espanhol\/wp-json\/wp\/v2\/comments?post=48"}],"version-history":[{"count":3,"href":"https:\/\/www.cchla.ufpb.br\/espanhol\/wp-json\/wp\/v2\/pages\/48\/revisions"}],"predecessor-version":[{"id":99,"href":"https:\/\/www.cchla.ufpb.br\/espanhol\/wp-json\/wp\/v2\/pages\/48\/revisions\/99"}],"wp:attachment":[{"href":"https:\/\/www.cchla.ufpb.br\/espanhol\/wp-json\/wp\/v2\/media?parent=48"}],"curies":[{"name":"wp","href":"https:\/\/api.w.org\/{rel}","templated":true}]}}

Letras Clásicas

<p>El Grado en Letras Clásicas (Griego y Latín) de la Universidad Federal de Paraíba, iniciado en 2009 en la modalidad de Profesorado, forma profesionales formados en la enseñanza de las lenguas y literaturas greco-latinas. Las actividades curriculares se realizan solo por la noche y de manera presencial, con duración de 5 años.</p>



<p>Más información en: <a href="http://www.cchla.ufpb.br/clc">http://www.cchla.ufpb.br/clc</a></p>



<div style="height:25px" aria-hidden="true" class="wp-block-spacer"></div>



<p class="has-small-font-size"><strong><a href="https://www.instagram.com/plantao.tradufpb/">Traducción: Projeto InELC-Plantão de Tradução</a></strong></p>

<p>El Grado en Letras Clásicas (Griego y Latín) de la Universidad Federal de Paraíba, iniciado [&hellip;]</p>
