{"id":60,"date":"2024-06-26T13:21:23","date_gmt":"2024-06-26T13:21:23","guid":{"rendered":"https:\/\/www.cchla.ufpb.br\/espanhol\/?page_id=60"},"modified":"2024-06-26T16:54:52","modified_gmt":"2024-06-26T16:54:52","slug":"lenguas-extranjeras-aplicadas-a-las-negociaciones-internacionales","status":"publish","type":"page","link":"https:\/\/www.cchla.ufpb.br\/espanhol\/lenguas-extranjeras-aplicadas-a-las-negociaciones-internacionales\/","title":{"rendered":"Lenguas Extranjeras Aplicadas a las Negociaciones Internacionales"},"content":{"rendered":"\n<p>Creado en 2009, el Grado en Lenguas Extranjeras Aplicadas a las Negociaciones Internacionales (LEA-NI), del Centro de Humanidades, Letras y Artes (CCHLA), Campus I, Universidad Federal de Para\u00edba (UFPB), responde a las necesidades emergentes de las nuevas din\u00e1micas del mundo de las organizaciones, a trav\u00e9s de la formaci\u00f3n de un nuevo perfil profesional capaz de actuar en el \u00e1mbito de los di\u00e1logos e intercambios internacionales. El egresado de este curso tiene como calificaciones b\u00e1sicas la competencia cultural y comunicativa en tres idiomas extranjeros \u2013 ingl\u00e9s, franc\u00e9s y espa\u00f1ol \u2013 adem\u00e1s de t\u00e9cnicas de negociaci\u00f3n internacional, capacidad para asesorar, mediar y coordinar cualquier intercambio internacional, ya sea de car\u00e1cter comercial o no comercial, partiendo de un enfoque multi e interdisciplinario.<\/p>\n\n\n\n<p>Con su calificaci\u00f3n el graduado en LEA-NI podr\u00e1 trabajar en organizaciones de car\u00e1cter p\u00fablico o privado, as\u00ed como en oficinas de consultor\u00eda y asesor\u00eda y tambi\u00e9n en varias \u00e1reas de la actividad humana, con \u00e9nfasis en las \u00e1reas de cultura, turismo, ocio, medio ambiente, comercio, servicios y gesti\u00f3n del comercio internacional, siempre que tengan o pretendan tener alg\u00fan tipo de inserci\u00f3n internacional.<\/p>\n\n\n\n<p>La duraci\u00f3n de este curso es de un m\u00ednimo de 8 y un m\u00e1ximo de 12 periodos acad\u00e9micos, com clases por la tarde. El antiguo Proyecto Pedag\u00f3gico del Curso (PPC) se complet\u00f3 en 3.375 horas, equivalentes a 225 cr\u00e9ditos, mientras que el actual completa 3.165 horas, equivalentes a 211 cr\u00e9ditos. La admisi\u00f3n a la LEA se realiza a trav\u00e9s del Sistema de Selecci\u00f3n Unificado (Sisu), com una entrada anual.<\/p>\n\n\n\n<p>M\u00e1s informaci\u00f3n en: <a href=\"http:\/\/cchla.ufpb.br\/lea\/contents\/menu\/sobre\/quem-somos\">http:\/\/cchla.ufpb.br\/lea\/contents\/menu\/sobre\/quem-somos<\/a><\/p>\n\n\n\n<div style=\"height:25px\" aria-hidden=\"true\" class=\"wp-block-spacer\"><\/div>\n\n\n\n<p class=\"has-small-font-size\"><strong><a href=\"https:\/\/www.instagram.com\/plantao.tradufpb\/\">Traducci\u00f3n: Projeto InELC-Plant\u00e3o de Tradu\u00e7\u00e3o<\/a><\/strong><\/p>\n","protected":false},"excerpt":{"rendered":"<p>Creado en 2009, el Grado en Lenguas Extranjeras Aplicadas a las Negociaciones Internacionales (LEA-NI), del [&hellip;]<\/p>\n","protected":false},"author":63,"featured_media":0,"parent":0,"menu_order":0,"comment_status":"closed","ping_status":"closed","template":"","meta":{"footnotes":""},"class_list":["post-60","page","type-page","status-publish","hentry"],"_links":{"self":[{"href":"https:\/\/www.cchla.ufpb.br\/espanhol\/wp-json\/wp\/v2\/pages\/60","targetHints":{"allow":["GET"]}}],"collection":[{"href":"https:\/\/www.cchla.ufpb.br\/espanhol\/wp-json\/wp\/v2\/pages"}],"about":[{"href":"https:\/\/www.cchla.ufpb.br\/espanhol\/wp-json\/wp\/v2\/types\/page"}],"author":[{"embeddable":true,"href":"https:\/\/www.cchla.ufpb.br\/espanhol\/wp-json\/wp\/v2\/users\/63"}],"replies":[{"embeddable":true,"href":"https:\/\/www.cchla.ufpb.br\/espanhol\/wp-json\/wp\/v2\/comments?post=60"}],"version-history":[{"count":3,"href":"https:\/\/www.cchla.ufpb.br\/espanhol\/wp-json\/wp\/v2\/pages\/60\/revisions"}],"predecessor-version":[{"id":98,"href":"https:\/\/www.cchla.ufpb.br\/espanhol\/wp-json\/wp\/v2\/pages\/60\/revisions\/98"}],"wp:attachment":[{"href":"https:\/\/www.cchla.ufpb.br\/espanhol\/wp-json\/wp\/v2\/media?parent=60"}],"curies":[{"name":"wp","href":"https:\/\/api.w.org\/{rel}","templated":true}]}}