{"id":29,"date":"2018-01-15T14:07:36","date_gmt":"2018-01-15T16:07:36","guid":{"rendered":"http:\/\/www.cchla.ufpb.br\/etienne_samain_unicamp\/?page_id=29"},"modified":"2020-03-23T18:55:44","modified_gmt":"2020-03-23T21:55:44","slug":"introducao","status":"publish","type":"page","link":"https:\/\/www.cchla.ufpb.br\/etienne_samain_unicamp\/introducao\/","title":{"rendered":"Introdu\u00e7\u00e3o"},"content":{"rendered":"<p align=\"justify\"><strong>Sele\u00e7\u00e3o de artigos (e cap\u00edtulos de livros) publicados entre 1985 e 2018 [reedi\u00e7\u00e3o de 2020]<\/strong><\/p>\n<p align=\"justify\">Este s\u00edtio eletr\u00f4nico, que re\u00fane conjunto expressivo da produ\u00e7\u00e3o intelectual do Professor Etienne Samain, foi lan\u00e7ado em maio de 2019 na Universidade Federal da Para\u00edba, em parceria com o Comit\u00ea de Antropologia Visual da Associa\u00e7\u00e3o Brasileira de Antropologia. Naquela ocasi\u00e3o, fizemos uma mesa redonda com as professoras Lisabete Coradini (UFRN), Aina Azevedo (UFPB) e Fabiana Bruno (Unicamp), rememoramos a trajet\u00f3ria do autor, suas passagens pelo Nordeste e a import\u00e2ncia de toda sua obra, consolidada a partir do Programa de P\u00f3s-Gradua\u00e7\u00e3o em Multimeios da Universidade Estadual de Campinas-SP.<\/p>\n<p align=\"justify\">Em 2020, o lan\u00e7amento da exposi\u00e7\u00e3o &#8220;Costura de tempos: os elos silentes da biblioteca de Etienne Samain&#8221;, constituiu a oportunidade para trazer a p\u00fablico a nova edi\u00e7\u00e3o deste s\u00edtio eletr\u00f4nico, com o aporte de mais de duas dezenas de artigos. Realizamos, assim, o intento inicial (ver texto introdut\u00f3rio de 2019 mais abaixo) de ampliar o conjunto dos artigos reunidos, de maneira a facilitar o acesso \u00e0s pesquisas e reflex\u00f5es mais recentes de Etienne Samain, referentes ao per\u00edodo de 2001 a 2018, al\u00e9m de sete outros textos mais antigos que ainda n\u00e3o estavam acess\u00edveis aqui.<\/p>\n<p align=\"justify\">Nessa nova edi\u00e7\u00e3o s\u00e3o tamb\u00e9m disponibilizados dois artigos que refletem a parceria com Fabiana Bruno, atualmente professora e pesquisadora colaboradora do Instituto de Filosofia e Ci\u00eancias Humanas (IFCH), a qual cooperou diretamente com o autor no processo de organiza\u00e7\u00e3o de arquivos e livros de sua biblioteca pessoal, trabalho que teve in\u00edcio alguns anos atr\u00e1s. Al\u00e9m de Fabiana, a artista belga Fran\u00e7oise Bernaux acompanhou e colaborou com Etienne em todas as etapas. Em janeiro de 2020, a biblioteca do autor foi, finalmente, doada ao acervo da biblioteca Octavio Ianni no IFCH-Unicamp. Nessas duas frentes portanto, neste s\u00edtio eletr\u00f4nico e, especialmente, na sua biblioteca, o autor nos desafia e nos convoca a navegar junto \u00e0s fontes e aos leitos de m\u00faltiplos rios, por onde flui um conhecimento que importa a toda gente, num momento onde o mundo parece respirar com dificuldades.<\/p>\n<p align=\"justify\">Para al\u00e9m deste desafio intelectual generoso e instigante, a doa\u00e7\u00e3o de sua biblioteca, bem como a disponibiliza\u00e7\u00e3o virtual de sua ampla produ\u00e7\u00e3o intelectual, nos permite ver como universidades p\u00fablicas brasileiras (Unicamp e UFPB) cumprem, por sua vez, seu dever de abrigar e promover o conhecimento. Isto, num pa\u00eds que precisar\u00e1, cada vez mais, difundir e fazer valer aquilo que as ci\u00eancias e as artes nos t\u00eam a oferecer. As obras doadas \u00e0 biblioteca Oct\u00e1vio Ianni, muitas delas raras e fora de cat\u00e1logo, se refletem, evidentemente, nos artigos aqui disponibilizados. Com base em d\u00e9cadas de pesquisas e envolvimento com o pensamento de autores que v\u00e3o de Gregory Bateson e Roland Barthes, at\u00e9 Aby Warburg e Georges Didi-Huberman, Etienne nos leva a refletir sobre como pensam as imagens em nosso mundo contempor\u00e2neo, trazendo inquieta\u00e7\u00f5es e pontos de fuga para desacomodar as fronteiras entre as artes, a antropologia e a comunica\u00e7\u00e3o.<\/p>\n<p align=\"justify\">\u00c9 com enorme alegria e satisfa\u00e7\u00e3o que celebramos, portanto, este momento, com esperan\u00e7as renovadas e uma certeza: de que dessa &#8220;Costura de tempos&#8221; h\u00e3o de surgir, ainda, outros tantos tecidos, malhas e fios que nos levem adiante.<\/p>\n<p align=\"justify\">A seguir, oferecemos o link para entrevista feita com Etienne Samain e publicada no s\u00edtio eletr\u00f4nico do IFCH-Unicamp, por ocasi\u00e3o da exposi\u00e7\u00e3o. Junto com a entrevista outros materiais do autor tamb\u00e9m se encontram disponibilizados.<\/p>\n<p align=\"justify\"><a href=\"https:\/\/www.ifch.unicamp.br\/ifch\/noticias-eventos\/biblioteca\/costura-tempos-elos-silentes-biblioteca-etienne-samain\" target=\"_blank\" rel=\"noopener\">Entrevista com Etienne Samain<\/a><\/p>\n<p align=\"justify\"><img loading=\"lazy\" class=\"alignnone wp-image-406 size-full\" src=\"https:\/\/www.cchla.ufpb.br\/etienne_samain_unicamp\/wp-content\/uploads\/2020\/03\/Expo-Etienne-IFCH-tam-gde.jpg\" alt=\"\" width=\"969\" height=\"1280\" srcset=\"https:\/\/www.cchla.ufpb.br\/etienne_samain_unicamp\/wp-content\/uploads\/2020\/03\/Expo-Etienne-IFCH-tam-gde.jpg 969w, https:\/\/www.cchla.ufpb.br\/etienne_samain_unicamp\/wp-content\/uploads\/2020\/03\/Expo-Etienne-IFCH-tam-gde-227x300.jpg 227w, https:\/\/www.cchla.ufpb.br\/etienne_samain_unicamp\/wp-content\/uploads\/2020\/03\/Expo-Etienne-IFCH-tam-gde-768x1014.jpg 768w\" sizes=\"(max-width: 969px) 100vw, 969px\" \/><\/p>\n<p align=\"justify\">&#8212;&#8212;&#8212;&#8212;&#8212;&#8212;&#8212;&#8212;&#8212;&#8212;&#8212;&#8212;&#8212;&#8212;&#8212;&#8212;&#8212;&#8212;&#8212;&#8212;&#8212;&#8212;&#8212;&#8212;&#8212;&#8212;&#8212;&#8212;&#8212;&#8212;&#8212;&#8212;&#8212;&#8212;&#8212;&#8212;&#8212;&#8212;&#8211;<\/p>\n<p align=\"justify\"><strong>Texto introdut\u00f3rio da primeira edi\u00e7\u00e3o<\/strong> deste s\u00edtio eletr\u00f4nico, lan\u00e7ada em Maio de 2019:<\/p>\n<p align=\"justify\">Sele\u00e7\u00e3o de artigos (e cap\u00edtulos de livros) publicados entre 1987 e 2001, acompanhados de uma entrevista com o antrop\u00f3logo Roberto Cardoso de Oliveira<\/p>\n<p align=\"justify\">Em novembro de 2015 o professor Etienne Samain (Unicamp) esteve na UFPB, onde apresentou a confer\u00eancia \u201cO cinema enquanto olho e mem\u00f3ria da hist\u00f3ria\u201d no <em>Semin\u00e1rio Internacional: Cinema e a Experi\u00eancia Varan<\/em> (AVAEDOC\/PPGA\/NUDOC\/BALAFON). Alguns anos antes havia feito a ele a sugest\u00e3o de que publicasse, num mesmo volume, um conjunto de artigos seus sobre antropologia visual e fotografia, em vista de sua import\u00e2ncia e atualidade para repensar essa \u00e1rea de conhecimento no Brasil. A id\u00e9ia de um volume impresso, no entanto, demandaria esfor\u00e7os maiores num momento, atual, em que revistas e livros passam cada vez mais ao universo digital eletr\u00f4nico. Outros autores, por sua vez, frequentemente disponibilizam suas produ\u00e7\u00f5es bibliogr\u00e1ficas em aplicativos ou s\u00edtios eletr\u00f4nicos.<\/p>\n<p align=\"justify\">Esse foi, portanto, um de nossos assuntos no encontro de 2015 em Jo\u00e3o Pessoa. Nessa ocasi\u00e3o ele nos disponibilizou um conjunto de doze artigos, os quais respondem ao intuito de contribuir \u00e0 forma\u00e7\u00e3o de estudantes no campo da antropologia visual no Brasil. Na UFPB esta forma\u00e7\u00e3o vem sendo desenvolvida nos cursos de gradua\u00e7\u00e3o e p\u00f3s-gradua\u00e7\u00e3o em antropologia, entre os campi de Rio Tinto e Jo\u00e3o Pessoa.<\/p>\n<p align=\"justify\">Estes artigos aqui reunidos, que se encontravam dispersos em diferentes colet\u00e2neas e revistas, expressam as vis\u00f5es sofisticadas e provocativas deste pensador das imagens, autor, orientador e organizador de obras que se tornaram refer\u00eancia hoje, tais como <em>Moroneta Kamayur\u00e1<\/em>, <em>O fotogr\u00e1fico<\/em>, <em>Argonautas do Mangue<\/em> e <em>Como pensam as imagens<\/em>. Foi tamb\u00e9m inclu\u00edda aqui uma entrevista realizada com o antrop\u00f3logo brasileiro Roberto Cardoso de Oliveira em 1998. S\u00e3o trabalhos voltados principalmente \u00e0 fotografia e \u00e0 antropologia visual, eles acompanham o pr\u00f3prio desenvolvimento dessa \u00e1rea no Brasil, na medida em que seu autor foi um dos criadores do Programa de P\u00f3s-Gradua\u00e7\u00e3o em Multimeios, em 1984, onde pesquisou e ensinou fotografia, cinema, artes e antropologia visual por cerca de 30 anos. Per\u00edodo no qual contribuiu aos principais debates que fomentaram a cria\u00e7\u00e3o de n\u00facleos, grupos e laborat\u00f3rios de pesquisa em diversas universidades brasileiras (LISA\/GRAVI\/USP, NAVISUAL\/BIEV\/UFRGS, LAV\/UFPE, etc.) al\u00e9m de mostras e festivais de filmes etnogr\u00e1ficos, hoje muito difundidos no Brasil e no mundo, como express\u00f5es vivas da busca de um olhar diferenciado sobre as culturas e as vidas humanas.<\/p>\n<p align=\"justify\">Embora as tecnologias comunicacionais tenham avan\u00e7ado extraordinariamente nas \u00faltimas d\u00e9cadas, n\u00e3o h\u00e1 como n\u00e3o notar o quanto as quest\u00f5es e reflex\u00f5es oferecidas por Samain permanecem atuais, quando n\u00e3o premonit\u00f3rias em rela\u00e7\u00e3o ao momento em que vivemos hoje. Este s\u00edtio eletr\u00f4nico, portanto, visa disponibilizar aos estudantes e pesquisadores no Brasil, bem como em outros pa\u00edses de l\u00edngua portuguesa, um rico conjunto de interroga\u00e7\u00f5es e constata\u00e7\u00f5es em torno da antropologia visual. Nos leva a perceber que n\u00e3o precisaremos \u201creinventar a roda\u201d ao tratarmos com imagens mas, tamb\u00e9m, nos convocam a descortinar futuros poss\u00edveis para a antropologia visual neste novo mil\u00eanio, na medida em que as imagens deitam, cada vez mais, suas \u201cra\u00edzes\u201d ao tempo em que desenvolvem \u201casas\u201d e se lan\u00e7am, provocando nossa imagina\u00e7\u00e3o viva e fazendo balan\u00e7ar os pilares do conhecimento pesadamente erguidos pela l\u00f3gica da escrita linear.<\/p>\n<p align=\"justify\">Manifestamos aqui, enfim, nossa gratid\u00e3o ao Professor Etienne Samain pela generosidade de nos oferecer esta sele\u00e7\u00e3o de seus artigos para este s\u00edtio eletr\u00f4nico, destinado a estudantes e profissionais de antropologia e \u00e1reas afins.<\/p>\n<p align=\"justify\">Jo\u00e3o Martinho de Mendon\u00e7a (PPGA\/AVAEDOC\/UFPB)<\/p>\n<p align=\"justify\">p.s.: posteriormente esperamos disponibilizar outro conjunto de trabalhos, cerca de 20 artigos, produzidos a partir de 2001.<\/p>\n<p align=\"justify\"><img loading=\"lazy\" class=\"wp-image-417 aligncenter\" src=\"https:\/\/www.cchla.ufpb.br\/etienne_samain_unicamp\/wp-content\/uploads\/2020\/03\/mesa-dia-29mai19-ufpb-2.jpg\" alt=\"\" width=\"701\" height=\"245\" \/><\/p>\n<p align=\"justify\">\n","protected":false},"excerpt":{"rendered":"<p>Sele\u00e7\u00e3o de artigos (e cap\u00edtulos de livros) publicados entre 1985 e 2018 [reedi\u00e7\u00e3o de 2020] Este s\u00edtio eletr\u00f4nico, que re\u00fane conjunto expressivo da produ\u00e7\u00e3o intelectual do Professor Etienne Samain, foi lan\u00e7ado em maio de 2019 na Universidade Federal da Para\u00edba, em parceria com o Comit\u00ea de Antropologia Visual da Associa\u00e7\u00e3o [&hellip;]<\/p>\n","protected":false},"author":2,"featured_media":0,"parent":0,"menu_order":0,"comment_status":"closed","ping_status":"closed","template":"","meta":[],"_links":{"self":[{"href":"https:\/\/www.cchla.ufpb.br\/etienne_samain_unicamp\/wp-json\/wp\/v2\/pages\/29"}],"collection":[{"href":"https:\/\/www.cchla.ufpb.br\/etienne_samain_unicamp\/wp-json\/wp\/v2\/pages"}],"about":[{"href":"https:\/\/www.cchla.ufpb.br\/etienne_samain_unicamp\/wp-json\/wp\/v2\/types\/page"}],"author":[{"embeddable":true,"href":"https:\/\/www.cchla.ufpb.br\/etienne_samain_unicamp\/wp-json\/wp\/v2\/users\/2"}],"replies":[{"embeddable":true,"href":"https:\/\/www.cchla.ufpb.br\/etienne_samain_unicamp\/wp-json\/wp\/v2\/comments?post=29"}],"version-history":[{"count":39,"href":"https:\/\/www.cchla.ufpb.br\/etienne_samain_unicamp\/wp-json\/wp\/v2\/pages\/29\/revisions"}],"predecessor-version":[{"id":421,"href":"https:\/\/www.cchla.ufpb.br\/etienne_samain_unicamp\/wp-json\/wp\/v2\/pages\/29\/revisions\/421"}],"wp:attachment":[{"href":"https:\/\/www.cchla.ufpb.br\/etienne_samain_unicamp\/wp-json\/wp\/v2\/media?parent=29"}],"curies":[{"name":"wp","href":"https:\/\/api.w.org\/{rel}","templated":true}]}}

Introdução

<p align="justify"><strong>Seleção de artigos (e capítulos de livros) publicados entre 1985 e 2018 [reedição de 2020]</strong></p>
<p align="justify">Este sítio eletrônico, que reúne conjunto expressivo da produção intelectual do Professor Etienne Samain, foi lançado em maio de 2019 na Universidade Federal da Paraíba, em parceria com o Comitê de Antropologia Visual da Associação Brasileira de Antropologia. Naquela ocasião, fizemos uma mesa redonda com as professoras Lisabete Coradini (UFRN), Aina Azevedo (UFPB) e Fabiana Bruno (Unicamp), rememoramos a trajetória do autor, suas passagens pelo Nordeste e a importância de toda sua obra, consolidada a partir do Programa de Pós-Graduação em Multimeios da Universidade Estadual de Campinas-SP.</p>
<p align="justify">Em 2020, o lançamento da exposição &#8220;Costura de tempos: os elos silentes da biblioteca de Etienne Samain&#8221;, constituiu a oportunidade para trazer a público a nova edição deste sítio eletrônico, com o aporte de mais de duas dezenas de artigos. Realizamos, assim, o intento inicial (ver texto introdutório de 2019 mais abaixo) de ampliar o conjunto dos artigos reunidos, de maneira a facilitar o acesso às pesquisas e reflexões mais recentes de Etienne Samain, referentes ao período de 2001 a 2018, além de sete outros textos mais antigos que ainda não estavam acessíveis aqui.</p>
<p align="justify">Nessa nova edição são também disponibilizados dois artigos que refletem a parceria com Fabiana Bruno, atualmente professora e pesquisadora colaboradora do Instituto de Filosofia e Ciências Humanas (IFCH), a qual cooperou diretamente com o autor no processo de organização de arquivos e livros de sua biblioteca pessoal, trabalho que teve início alguns anos atrás. Além de Fabiana, a artista belga Françoise Bernaux acompanhou e colaborou com Etienne em todas as etapas. Em janeiro de 2020, a biblioteca do autor foi, finalmente, doada ao acervo da biblioteca Octavio Ianni no IFCH-Unicamp. Nessas duas frentes portanto, neste sítio eletrônico e, especialmente, na sua biblioteca, o autor nos desafia e nos convoca a navegar junto às fontes e aos leitos de múltiplos rios, por onde flui um conhecimento que importa a toda gente, num momento onde o mundo parece respirar com dificuldades.</p>
<p align="justify">Para além deste desafio intelectual generoso e instigante, a doação de sua biblioteca, bem como a disponibilização virtual de sua ampla produção intelectual, nos permite ver como universidades públicas brasileiras (Unicamp e UFPB) cumprem, por sua vez, seu dever de abrigar e promover o conhecimento. Isto, num país que precisará, cada vez mais, difundir e fazer valer aquilo que as ciências e as artes nos têm a oferecer. As obras doadas à biblioteca Octávio Ianni, muitas delas raras e fora de catálogo, se refletem, evidentemente, nos artigos aqui disponibilizados. Com base em décadas de pesquisas e envolvimento com o pensamento de autores que vão de Gregory Bateson e Roland Barthes, até Aby Warburg e Georges Didi-Huberman, Etienne nos leva a refletir sobre como pensam as imagens em nosso mundo contemporâneo, trazendo inquietações e pontos de fuga para desacomodar as fronteiras entre as artes, a antropologia e a comunicação.</p>
<p align="justify">É com enorme alegria e satisfação que celebramos, portanto, este momento, com esperanças renovadas e uma certeza: de que dessa &#8220;Costura de tempos&#8221; hão de surgir, ainda, outros tantos tecidos, malhas e fios que nos levem adiante.</p>
<p align="justify">A seguir, oferecemos o link para entrevista feita com Etienne Samain e publicada no sítio eletrônico do IFCH-Unicamp, por ocasião da exposição. Junto com a entrevista outros materiais do autor também se encontram disponibilizados.</p>
<p align="justify"><a href="https://www.ifch.unicamp.br/ifch/noticias-eventos/biblioteca/costura-tempos-elos-silentes-biblioteca-etienne-samain" target="_blank" rel="noopener">Entrevista com Etienne Samain</a></p>
<p align="justify"><img loading="lazy" class="alignnone wp-image-406 size-full" src="https://www.cchla.ufpb.br/etienne_samain_unicamp/wp-content/uploads/2020/03/Expo-Etienne-IFCH-tam-gde.jpg" alt="" width="969" height="1280" srcset="https://www.cchla.ufpb.br/etienne_samain_unicamp/wp-content/uploads/2020/03/Expo-Etienne-IFCH-tam-gde.jpg 969w, https://www.cchla.ufpb.br/etienne_samain_unicamp/wp-content/uploads/2020/03/Expo-Etienne-IFCH-tam-gde-227x300.jpg 227w, https://www.cchla.ufpb.br/etienne_samain_unicamp/wp-content/uploads/2020/03/Expo-Etienne-IFCH-tam-gde-768x1014.jpg 768w" sizes="(max-width: 969px) 100vw, 969px" /></p>
<p align="justify">&#8212;&#8212;&#8212;&#8212;&#8212;&#8212;&#8212;&#8212;&#8212;&#8212;&#8212;&#8212;&#8212;&#8212;&#8212;&#8212;&#8212;&#8212;&#8212;&#8212;&#8212;&#8212;&#8212;&#8212;&#8212;&#8212;&#8212;&#8212;&#8212;&#8212;&#8212;&#8212;&#8212;&#8212;&#8212;&#8212;&#8212;&#8212;&#8211;</p>
<p align="justify"><strong>Texto introdutório da primeira edição</strong> deste sítio eletrônico, lançada em Maio de 2019:</p>
<p align="justify">Seleção de artigos (e capítulos de livros) publicados entre 1987 e 2001, acompanhados de uma entrevista com o antropólogo Roberto Cardoso de Oliveira</p>
<p align="justify">Em novembro de 2015 o professor Etienne Samain (Unicamp) esteve na UFPB, onde apresentou a conferência “O cinema enquanto olho e memória da história” no <em>Seminário Internacional: Cinema e a Experiência Varan</em> (AVAEDOC/PPGA/NUDOC/BALAFON). Alguns anos antes havia feito a ele a sugestão de que publicasse, num mesmo volume, um conjunto de artigos seus sobre antropologia visual e fotografia, em vista de sua importância e atualidade para repensar essa área de conhecimento no Brasil. A idéia de um volume impresso, no entanto, demandaria esforços maiores num momento, atual, em que revistas e livros passam cada vez mais ao universo digital eletrônico. Outros autores, por sua vez, frequentemente disponibilizam suas produções bibliográficas em aplicativos ou sítios eletrônicos.</p>
<p align="justify">Esse foi, portanto, um de nossos assuntos no encontro de 2015 em João Pessoa. Nessa ocasião ele nos disponibilizou um conjunto de doze artigos, os quais respondem ao intuito de contribuir à formação de estudantes no campo da antropologia visual no Brasil. Na UFPB esta formação vem sendo desenvolvida nos cursos de graduação e pós-graduação em antropologia, entre os campi de Rio Tinto e João Pessoa.</p>
<p align="justify">Estes artigos aqui reunidos, que se encontravam dispersos em diferentes coletâneas e revistas, expressam as visões sofisticadas e provocativas deste pensador das imagens, autor, orientador e organizador de obras que se tornaram referência hoje, tais como <em>Moroneta Kamayurá</em>, <em>O fotográfico</em>, <em>Argonautas do Mangue</em> e <em>Como pensam as imagens</em>. Foi também incluída aqui uma entrevista realizada com o antropólogo brasileiro Roberto Cardoso de Oliveira em 1998. São trabalhos voltados principalmente à fotografia e à antropologia visual, eles acompanham o próprio desenvolvimento dessa área no Brasil, na medida em que seu autor foi um dos criadores do Programa de Pós-Graduação em Multimeios, em 1984, onde pesquisou e ensinou fotografia, cinema, artes e antropologia visual por cerca de 30 anos. Período no qual contribuiu aos principais debates que fomentaram a criação de núcleos, grupos e laboratórios de pesquisa em diversas universidades brasileiras (LISA/GRAVI/USP, NAVISUAL/BIEV/UFRGS, LAV/UFPE, etc.) além de mostras e festivais de filmes etnográficos, hoje muito difundidos no Brasil e no mundo, como expressões vivas da busca de um olhar diferenciado sobre as culturas e as vidas humanas.</p>
<p align="justify">Embora as tecnologias comunicacionais tenham avançado extraordinariamente nas últimas décadas, não há como não notar o quanto as questões e reflexões oferecidas por Samain permanecem atuais, quando não premonitórias em relação ao momento em que vivemos hoje. Este sítio eletrônico, portanto, visa disponibilizar aos estudantes e pesquisadores no Brasil, bem como em outros países de língua portuguesa, um rico conjunto de interrogações e constatações em torno da antropologia visual. Nos leva a perceber que não precisaremos “reinventar a roda” ao tratarmos com imagens mas, também, nos convocam a descortinar futuros possíveis para a antropologia visual neste novo milênio, na medida em que as imagens deitam, cada vez mais, suas “raízes” ao tempo em que desenvolvem “asas” e se lançam, provocando nossa imaginação viva e fazendo balançar os pilares do conhecimento pesadamente erguidos pela lógica da escrita linear.</p>
<p align="justify">Manifestamos aqui, enfim, nossa gratidão ao Professor Etienne Samain pela generosidade de nos oferecer esta seleção de seus artigos para este sítio eletrônico, destinado a estudantes e profissionais de antropologia e áreas afins.</p>
<p align="justify">João Martinho de Mendonça (PPGA/AVAEDOC/UFPB)</p>
<p align="justify">p.s.: posteriormente esperamos disponibilizar outro conjunto de trabalhos, cerca de 20 artigos, produzidos a partir de 2001.</p>
<p align="justify"><img loading="lazy" class="wp-image-417 aligncenter" src="https://www.cchla.ufpb.br/etienne_samain_unicamp/wp-content/uploads/2020/03/mesa-dia-29mai19-ufpb-2.jpg" alt="" width="701" height="245" /></p>
<p align="justify">

<p>Seleção de artigos (e capítulos de livros) publicados entre 1985 e 2018 [reedição de 2020] Este sítio eletrônico, que reúne conjunto expressivo da produção intelectual do Professor Etienne Samain, foi lançado em maio de 2019 na Universidade Federal da Paraíba, em parceria com o Comitê de Antropologia Visual da Associação [&hellip;]</p>
