{"id":66,"date":"2024-06-26T11:24:16","date_gmt":"2024-06-26T11:24:16","guid":{"rendered":"https:\/\/www.cchla.ufpb.br\/frances\/?page_id=66"},"modified":"2025-05-18T08:35:09","modified_gmt":"2025-05-18T11:35:09","slug":"communication-dans-les-medias-numeriques","status":"publish","type":"page","link":"https:\/\/www.cchla.ufpb.br\/frances\/communication-dans-les-medias-numeriques\/","title":{"rendered":"Communication dans les M\u00e9dias Num\u00e9riques"},"content":{"rendered":"\n<p>Les professionnels dipl\u00f4m\u00e9s en M\u00e9dias Num\u00e9riques doivent avoir des connaissances th\u00e9oriques et pratiques en informatique et en nouvelles technologies, afin de r\u00e9pondre aux demandes actuelles du march\u00e9 du travail dans les divers domaines. Ils agiront en tant que producteurs de contenu multim\u00e9dia interactif. Pour r\u00e9pondre \u00e0 ces demandes, le profil du dipl\u00f4m\u00e9 en M\u00e9dias Num\u00e9riques doit lui permettre de concevoir et de produire :<\/p>\n\n\n\n<p>\u25cf Objets d&#8217;apprentissage multim\u00e9dia destin\u00e9s \u00e0 une utilisation en pr\u00e9sentiel et \u00e0 distance (EAD &#8211; Enseignement \u00e0 distance) :<\/p>\n\n\n\n<p>\u25cf Planification des modules pour int\u00e9grer des cours de classes virtuelles (avec la participation d&#8217;un professeur EAD) ;<\/p>\n\n\n\n<p>\u25cf Segmentation du mat\u00e9riel \u00e0 v\u00e9hiculer via la formation \u00e0 distance : textes, audios, vid\u00e9os ;<\/p>\n\n\n\n<p>\u25cf Conception de sc\u00e9narios, planification de l&#8217;\u00e9clairage et captation audiovisuelle ;<\/p>\n\n\n\n<p>\u25cf Enregistrement de le\u00e7ons en vid\u00e9o avec des techniques modernes et des ressources de communication, utilis\u00e9es dans le journalisme t\u00e9l\u00e9vis\u00e9 et les programmes de divertissement ;<\/p>\n\n\n\n<p>\u25cf Post-production de le\u00e7ons en vid\u00e9o : montage non lin\u00e9aire, synchronisation audio et vid\u00e9o, ajout de titres et d&#8217;effets, ajout d&#8217;infographies et d&#8217;animations, rendu et exportation des objets d&#8217;apprentissage multim\u00e9dia ;<\/p>\n\n\n\n<p>\u25cf Cr\u00e9ation d&#8217;une biblioth\u00e8que de modules de cours et d&#8217;objets d&#8217;apprentissage multim\u00e9dia ;<\/p>\n\n\n\n<p>\u25cf Affectation, m\u00e9ta-tags et catalogage (avec la participation de l&#8217;enseignant responsable) de modules et objets d&#8217;apprentissage multim\u00e9dia produits ;<\/p>\n\n\n\n<p>\u25cf Transfert de modules et objets d&#8217;apprentissage multim\u00e9dia produits vers un serveur de documents multim\u00e9dia ;<\/p>\n\n\n\n<p>\u25cf Recommandations techniques sur la gestion d&#8217;acc\u00e8s aux contenus de la biblioth\u00e8que d&#8217;objets d&#8217;apprentissage multim\u00e9dia, afin d&#8217;assurer l&#8217;optimisation de leur qualit\u00e9 et de leurs performances via le r\u00e9seau.<\/p>\n\n\n\n<p>\u25cf Programmation visuelle et art final de publications (imprim\u00e9es ou \u00e9lectroniques) :<\/p>\n\n\n\n<p>journaux, magazines, house-organs, newsletters, d\u00e9pliants, affiches, pi\u00e8ces publicitaires ;<\/p>\n\n\n\n<p>\u25cf Contenu infographique \u2013 statique ou dynamique \u2013 destin\u00e9 \u00e0 : situer le contexte, illustrer, exemplifier, expliquer, synth\u00e9tiser les informations pertinentes sur un sujet donn\u00e9 ;<\/p>\n\n\n\n<p>\u25cf Contenu informatif multim\u00e9dia, comprenant du texte, des images, de l&#8217;audio et de la vid\u00e9o pour les publications \u00e9lectroniques ;<\/p>\n\n\n\n<p>\u25cf Objets graphiques pour la publicit\u00e9, en utilisant des images vectorielles et\/ou bitmap ;<\/p>\n\n\n\n<p>Plus d&#8217;informations sur : <a href=\"https:\/\/sigaa.ufpb.br\/sigaa\/public\/curso\/ppp.jsf?lc=en_US&amp;id=1626827\">https:\/\/sigaa.ufpb.br\/sigaa\/public\/curso\/ppp.jsf?lc=en_US&amp;id=1626827<\/a><\/p>\n\n\n\n<div style=\"height:25px\" aria-hidden=\"true\" class=\"wp-block-spacer\"><\/div>\n\n\n\n<p class=\"has-small-font-size\"><strong><a href=\"https:\/\/www.instagram.com\/plantao.tradufpb\/\">Traduction: Projeto InELC-Plant\u00e3o de Tradu\u00e7\u00e3o<\/a><\/strong><\/p>\n","protected":false},"excerpt":{"rendered":"<p>Les professionnels dipl\u00f4m\u00e9s en M\u00e9dias Num\u00e9riques doivent avoir des connaissances th\u00e9oriques et pratiques en informatique [&hellip;]<\/p>\n","protected":false},"author":63,"featured_media":0,"parent":0,"menu_order":0,"comment_status":"closed","ping_status":"closed","template":"","meta":{"footnotes":""},"class_list":["post-66","page","type-page","status-publish","hentry"],"_links":{"self":[{"href":"https:\/\/www.cchla.ufpb.br\/frances\/wp-json\/wp\/v2\/pages\/66","targetHints":{"allow":["GET"]}}],"collection":[{"href":"https:\/\/www.cchla.ufpb.br\/frances\/wp-json\/wp\/v2\/pages"}],"about":[{"href":"https:\/\/www.cchla.ufpb.br\/frances\/wp-json\/wp\/v2\/types\/page"}],"author":[{"embeddable":true,"href":"https:\/\/www.cchla.ufpb.br\/frances\/wp-json\/wp\/v2\/users\/63"}],"replies":[{"embeddable":true,"href":"https:\/\/www.cchla.ufpb.br\/frances\/wp-json\/wp\/v2\/comments?post=66"}],"version-history":[{"count":4,"href":"https:\/\/www.cchla.ufpb.br\/frances\/wp-json\/wp\/v2\/pages\/66\/revisions"}],"predecessor-version":[{"id":122,"href":"https:\/\/www.cchla.ufpb.br\/frances\/wp-json\/wp\/v2\/pages\/66\/revisions\/122"}],"wp:attachment":[{"href":"https:\/\/www.cchla.ufpb.br\/frances\/wp-json\/wp\/v2\/media?parent=66"}],"curies":[{"name":"wp","href":"https:\/\/api.w.org\/{rel}","templated":true}]}}