{"id":7,"date":"2024-06-07T14:02:47","date_gmt":"2024-06-07T14:02:47","guid":{"rendered":"https:\/\/www.cchla.ufpb.br\/frances\/?page_id=7"},"modified":"2025-05-18T08:35:10","modified_gmt":"2025-05-18T11:35:10","slug":"histoire","status":"publish","type":"page","link":"https:\/\/www.cchla.ufpb.br\/frances\/","title":{"rendered":"Histoire"},"content":{"rendered":"\n<figure class=\"wp-block-image size-full\"><img loading=\"lazy\" decoding=\"async\" width=\"1024\" height=\"365\" src=\"https:\/\/www.cchla.ufpb.br\/frances\/wp-content\/uploads\/sites\/122\/sites\/185\/2024\/06\/historico.jpg\" alt=\"\" class=\"wp-image-8\" srcset=\"https:\/\/www.cchla.ufpb.br\/frances\/wp-content\/uploads\/sites\/122\/sites\/185\/2024\/06\/historico.jpg 1024w, https:\/\/www.cchla.ufpb.br\/frances\/wp-content\/uploads\/sites\/122\/sites\/185\/2024\/06\/historico-300x107.jpg 300w, https:\/\/www.cchla.ufpb.br\/frances\/wp-content\/uploads\/sites\/122\/sites\/185\/2024\/06\/historico-768x274.jpg 768w\" sizes=\"auto, (max-width: 1024px) 100vw, 1024px\" \/><\/figure>\n\n\n\n<p class=\"has-text-align-left\">Le Centre des Sciences Humaines, des Lettres et des Arts (CCHLA) de l&#8217;UFPB trouve son origine dans deux \u00e9tablissements d&#8217;enseignement sup\u00e9rieur de Jo\u00e3o Pessoa, la Facult\u00e9 de Philosophie et des Lettres (FAFI) et l&#8217;\u00c9cole de Travail Social de Para\u00edba, tous deux fond\u00e9s dans les ann\u00e9es 1950 et incorpor\u00e9s \u00e0 l&#8217;UFPB dans la d\u00e9cennie suivante. Fond\u00e9e en 1974, le CCHLA a quitt\u00e9 le centre-ville entre 1975 et 1976 pour s&#8217;installer dans la &#8220;Cidade Universit\u00e1ria&#8221; alors nouvellement ouverte, dans le quartier de Castelo Branco, actuellement appel\u00e9 Campus I d e l&#8217;UFPB. Depuis lors, les activit\u00e9s administratives et p\u00e9dagogiques de la CCHLA se sont d\u00e9roul\u00e9es au Campus I.<\/p>\n\n\n\n<p>Au fil des d\u00e9cennies, le CCHLA a \u00e9largi ses activit\u00e9s de recherche , comptant actuellement sur 15 programmes d&#8217;\u00e9tudes sup\u00e9rieures, et a \u00e9galement commenc\u00e9 \u00e0 se d\u00e9marquer par ses activit\u00e9s de vulgarisation, pr\u00e9sentes dans plusieurs endroits de Para\u00edba.<\/p>\n\n\n\n<p>Avec son adh\u00e9sion au Programme de Soutien aux Plans de Restructuration et d&#8217;Expansion des Universit\u00e9s F\u00e9d\u00e9rales (REUNI), une initiative du deuxi\u00e8me gouvernement du pr\u00e9sident Lula, le CCHLA a connu en 2008 une nouvelle p\u00e9riode d&#8217;expansion, avec la cr\u00e9ation de nouveaux cours de premier cycle, l&#8217;expansion des postes vacants offerts et la construction cons\u00e9quente de nouveaux b\u00e2timents, tant pour les salles de classe que pour les environnements p\u00e9dagogiques et administratifs, en plus d&#8217;un nouveau b\u00e2timent pour sa Biblioth\u00e8que Sectorielle Vanildo Brito.<\/p>\n\n\n\n<p>En 2011, le CCHLA a subi un processus de division, qui a donn\u00e9 lieu \u00e0 un nouveau centre d&#8217;enseignement \u00e0 l&#8217;UFPB, le Centre pour la Communication, le Tourisme et les Arts (CCTA).<\/p>\n\n\n\n<p>M\u00eame avec cette division, le CCHLA reste le plus grand centre de l&#8217;UFPB, en nombre d&#8217;\u00e9tudiants et \u00e9galement en offre de cours de premier cycle et de cycles sup\u00e9rieurs. Le CCHLA comprend \u00e9galement plusieurs centres de recherche et de vulgarisation, tels que le NCDH (Centre de la citoyennet\u00e9 et des droits de l&#8217;homme), le NEABI (Centre d&#8217;Rtudes et de recherches Afro-br\u00e9siliennes et Indig\u00e8nes) et le NUSEAMPO (Centre et Secteur d&#8217;\u00c9tudes et de Conseil aux Mouvements Populaires Samuel Firmino), en plus de l&#8217;INELC (Institut d&#8217;Etudes Linguistiques et Culturelles) et de l&#8217;Ecole Clinique de Psychologie.<\/p>\n\n\n\n<div style=\"height:25px\" aria-hidden=\"true\" class=\"wp-block-spacer\"><\/div>\n\n\n\n<p class=\"has-small-font-size\"><strong><a href=\"https:\/\/www.instagram.com\/plantao.tradufpb\/\">Traduction: Projeto InELC-Plant\u00e3o de Tradu\u00e7\u00e3o<\/a><\/strong><\/p>\n","protected":false},"excerpt":{"rendered":"<p>Le Centre des Sciences Humaines, des Lettres et des Arts (CCHLA) de l&#8217;UFPB trouve son [&hellip;]<\/p>\n","protected":false},"author":63,"featured_media":0,"parent":0,"menu_order":0,"comment_status":"closed","ping_status":"closed","template":"","meta":{"footnotes":""},"class_list":["post-7","page","type-page","status-publish","hentry"],"_links":{"self":[{"href":"https:\/\/www.cchla.ufpb.br\/frances\/wp-json\/wp\/v2\/pages\/7","targetHints":{"allow":["GET"]}}],"collection":[{"href":"https:\/\/www.cchla.ufpb.br\/frances\/wp-json\/wp\/v2\/pages"}],"about":[{"href":"https:\/\/www.cchla.ufpb.br\/frances\/wp-json\/wp\/v2\/types\/page"}],"author":[{"embeddable":true,"href":"https:\/\/www.cchla.ufpb.br\/frances\/wp-json\/wp\/v2\/users\/63"}],"replies":[{"embeddable":true,"href":"https:\/\/www.cchla.ufpb.br\/frances\/wp-json\/wp\/v2\/comments?post=7"}],"version-history":[{"count":7,"href":"https:\/\/www.cchla.ufpb.br\/frances\/wp-json\/wp\/v2\/pages\/7\/revisions"}],"predecessor-version":[{"id":199,"href":"https:\/\/www.cchla.ufpb.br\/frances\/wp-json\/wp\/v2\/pages\/7\/revisions\/199"}],"wp:attachment":[{"href":"https:\/\/www.cchla.ufpb.br\/frances\/wp-json\/wp\/v2\/media?parent=7"}],"curies":[{"name":"wp","href":"https:\/\/api.w.org\/{rel}","templated":true}]}}