{"id":82,"date":"2016-02-04T14:58:57","date_gmt":"2016-02-04T14:58:57","guid":{"rendered":"http:\/\/www.cchla.ufpb.br\/gpsmdq\/?page_id=82"},"modified":"2022-08-25T11:03:45","modified_gmt":"2022-08-25T14:03:45","slug":"lattes","status":"publish","type":"page","link":"https:\/\/www.cchla.ufpb.br\/gpsmdq\/lattes\/","title":{"rendered":"LATTES"},"content":{"rendered":"\nCoordenadora do GPSMDQ:\nProfa. Dra. Silvana Carneiro Maciel\n(http:\/\/lattes.cnpq.br\/6245571598254760)\nP\u00f3s-gradua\u00e7\u00e3o em Psicologia Social:\nDoutorado:\nAlexandre Coutinho de Mello\n\n(http:\/\/lattes.cnpq.br\/2503997563053061)\n\nCamila de Alencar Pereira\n\n(http:\/\/lattes.cnpq.br\/6333527688252998)\n\nCamila Cristina Vasconcelos Dias\n\n(http:\/\/lattes.cnpq.br\/3706421279961966)\n\nDanielle Leal\n\n(http:\/\/lattes.cnpq.br\/2817346314467723)\n\nGiselli Lucy Souza Vieira\n\n(http:\/\/lattes.cnpq.br\/4559515908431195)\n\nJuliana <a href=\"https:\/\/www.cchla.ufpb.br\/gpsmdq\/lattes\/\" class=\"more-link\">Read more [...]<\/a>","protected":false},"excerpt":{"rendered":"<p>Coordenadora do GPSMDQ: Profa. Dra. Silvana Carneiro Maciel (http:\/\/lattes.cnpq.br\/6245571598254760) P\u00f3s-gradua\u00e7\u00e3o em Psicologia Social: Doutorado: Alexandre Coutinho de Mello (http:\/\/lattes.cnpq.br\/2503997563053061) Camila de Alencar Pereira (http:\/\/lattes.cnpq.br\/6333527688252998) Camila Cristina Vasconcelos Dias (http:\/\/lattes.cnpq.br\/3706421279961966) Danielle [&hellip;]<\/p>\n","protected":false},"author":2,"featured_media":0,"parent":0,"menu_order":0,"comment_status":"closed","ping_status":"closed","template":"","meta":[],"yoast_head":"<!-- This site is optimized with the Yoast SEO plugin v20.6 - https:\/\/yoast.com\/wordpress\/plugins\/seo\/ -->\n<title>LATTES - GRUPO DE PESQUISA EM SA\u00daDE MENTAL E DEPEND\u00caNCIA QU\u00cdMICA<\/title>\n<meta name=\"robots\" content=\"index, follow, max-snippet:-1, max-image-preview:large, max-video-preview:-1\" \/>\n<link rel=\"canonical\" href=\"https:\/\/www.cchla.ufpb.br\/gpsmdq\/lattes\/\" \/>\n<meta property=\"og:locale\" content=\"pt_BR\" \/>\n<meta property=\"og:type\" content=\"article\" \/>\n<meta property=\"og:title\" content=\"LATTES - GRUPO DE PESQUISA EM SA\u00daDE MENTAL E DEPEND\u00caNCIA QU\u00cdMICA\" \/>\n<meta property=\"og:description\" content=\"Coordenadora do GPSMDQ: Profa. Dra. Silvana Carneiro Maciel (http:\/\/lattes.cnpq.br\/6245571598254760) P\u00f3s-gradua\u00e7\u00e3o em Psicologia Social: Doutorado: Alexandre Coutinho de Mello (http:\/\/lattes.cnpq.br\/2503997563053061) Camila de Alencar Pereira (http:\/\/lattes.cnpq.br\/6333527688252998) Camila Cristina Vasconcelos Dias (http:\/\/lattes.cnpq.br\/3706421279961966) Danielle [&hellip;]\" \/>\n<meta property=\"og:url\" content=\"https:\/\/www.cchla.ufpb.br\/gpsmdq\/lattes\/\" \/>\n<meta property=\"og:site_name\" content=\"GRUPO DE PESQUISA EM SA\u00daDE MENTAL E DEPEND\u00caNCIA QU\u00cdMICA\" \/>\n<meta property=\"article:modified_time\" content=\"2022-08-25T14:03:45+00:00\" \/>\n<meta name=\"twitter:card\" content=\"summary_large_image\" \/>\n<meta name=\"twitter:label1\" content=\"Est. tempo de leitura\" \/>\n\t<meta name=\"twitter:data1\" content=\"1 minuto\" \/>\n<script type=\"application\/ld+json\" class=\"yoast-schema-graph\">{\"@context\":\"https:\/\/schema.org\",\"@graph\":[{\"@type\":\"WebPage\",\"@id\":\"https:\/\/www.cchla.ufpb.br\/gpsmdq\/lattes\/\",\"url\":\"https:\/\/www.cchla.ufpb.br\/gpsmdq\/lattes\/\",\"name\":\"LATTES - GRUPO DE PESQUISA EM SA\u00daDE MENTAL E DEPEND\u00caNCIA QU\u00cdMICA\",\"isPartOf\":{\"@id\":\"https:\/\/www.cchla.ufpb.br\/gpsmdq\/#website\"},\"datePublished\":\"2016-02-04T14:58:57+00:00\",\"dateModified\":\"2022-08-25T14:03:45+00:00\",\"breadcrumb\":{\"@id\":\"https:\/\/www.cchla.ufpb.br\/gpsmdq\/lattes\/#breadcrumb\"},\"inLanguage\":\"pt-BR\",\"potentialAction\":[{\"@type\":\"ReadAction\",\"target\":[\"https:\/\/www.cchla.ufpb.br\/gpsmdq\/lattes\/\"]}]},{\"@type\":\"BreadcrumbList\",\"@id\":\"https:\/\/www.cchla.ufpb.br\/gpsmdq\/lattes\/#breadcrumb\",\"itemListElement\":[{\"@type\":\"ListItem\",\"position\":1,\"name\":\"In\u00edcio\",\"item\":\"https:\/\/www.cchla.ufpb.br\/gpsmdq\/\"},{\"@type\":\"ListItem\",\"position\":2,\"name\":\"LATTES\"}]},{\"@type\":\"WebSite\",\"@id\":\"https:\/\/www.cchla.ufpb.br\/gpsmdq\/#website\",\"url\":\"https:\/\/www.cchla.ufpb.br\/gpsmdq\/\",\"name\":\"GRUPO DE PESQUISA EM SA\u00daDE MENTAL E DEPEND\u00caNCIA QU\u00cdMICA\",\"description\":\"(GPSMDQ)\",\"potentialAction\":[{\"@type\":\"SearchAction\",\"target\":{\"@type\":\"EntryPoint\",\"urlTemplate\":\"https:\/\/www.cchla.ufpb.br\/gpsmdq\/?s={search_term_string}\"},\"query-input\":\"required name=search_term_string\"}],\"inLanguage\":\"pt-BR\"}]}<\/script>\n<!-- \/ Yoast SEO plugin. -->","yoast_head_json":{"title":"LATTES - GRUPO DE PESQUISA EM SA\u00daDE MENTAL E DEPEND\u00caNCIA QU\u00cdMICA","robots":{"index":"index","follow":"follow","max-snippet":"max-snippet:-1","max-image-preview":"max-image-preview:large","max-video-preview":"max-video-preview:-1"},"canonical":"https:\/\/www.cchla.ufpb.br\/gpsmdq\/lattes\/","og_locale":"pt_BR","og_type":"article","og_title":"LATTES - GRUPO DE PESQUISA EM SA\u00daDE MENTAL E DEPEND\u00caNCIA QU\u00cdMICA","og_description":"Coordenadora do GPSMDQ: Profa. Dra. Silvana Carneiro Maciel (http:\/\/lattes.cnpq.br\/6245571598254760) P\u00f3s-gradua\u00e7\u00e3o em Psicologia Social: Doutorado: Alexandre Coutinho de Mello (http:\/\/lattes.cnpq.br\/2503997563053061) Camila de Alencar Pereira (http:\/\/lattes.cnpq.br\/6333527688252998) Camila Cristina Vasconcelos Dias (http:\/\/lattes.cnpq.br\/3706421279961966) Danielle [&hellip;]","og_url":"https:\/\/www.cchla.ufpb.br\/gpsmdq\/lattes\/","og_site_name":"GRUPO DE PESQUISA EM SA\u00daDE MENTAL E DEPEND\u00caNCIA QU\u00cdMICA","article_modified_time":"2022-08-25T14:03:45+00:00","twitter_card":"summary_large_image","twitter_misc":{"Est. tempo de leitura":"1 minuto"},"schema":{"@context":"https:\/\/schema.org","@graph":[{"@type":"WebPage","@id":"https:\/\/www.cchla.ufpb.br\/gpsmdq\/lattes\/","url":"https:\/\/www.cchla.ufpb.br\/gpsmdq\/lattes\/","name":"LATTES - GRUPO DE PESQUISA EM SA\u00daDE MENTAL E DEPEND\u00caNCIA QU\u00cdMICA","isPartOf":{"@id":"https:\/\/www.cchla.ufpb.br\/gpsmdq\/#website"},"datePublished":"2016-02-04T14:58:57+00:00","dateModified":"2022-08-25T14:03:45+00:00","breadcrumb":{"@id":"https:\/\/www.cchla.ufpb.br\/gpsmdq\/lattes\/#breadcrumb"},"inLanguage":"pt-BR","potentialAction":[{"@type":"ReadAction","target":["https:\/\/www.cchla.ufpb.br\/gpsmdq\/lattes\/"]}]},{"@type":"BreadcrumbList","@id":"https:\/\/www.cchla.ufpb.br\/gpsmdq\/lattes\/#breadcrumb","itemListElement":[{"@type":"ListItem","position":1,"name":"In\u00edcio","item":"https:\/\/www.cchla.ufpb.br\/gpsmdq\/"},{"@type":"ListItem","position":2,"name":"LATTES"}]},{"@type":"WebSite","@id":"https:\/\/www.cchla.ufpb.br\/gpsmdq\/#website","url":"https:\/\/www.cchla.ufpb.br\/gpsmdq\/","name":"GRUPO DE PESQUISA EM SA\u00daDE MENTAL E DEPEND\u00caNCIA QU\u00cdMICA","description":"(GPSMDQ)","potentialAction":[{"@type":"SearchAction","target":{"@type":"EntryPoint","urlTemplate":"https:\/\/www.cchla.ufpb.br\/gpsmdq\/?s={search_term_string}"},"query-input":"required name=search_term_string"}],"inLanguage":"pt-BR"}]}},"_links":{"self":[{"href":"https:\/\/www.cchla.ufpb.br\/gpsmdq\/wp-json\/wp\/v2\/pages\/82"}],"collection":[{"href":"https:\/\/www.cchla.ufpb.br\/gpsmdq\/wp-json\/wp\/v2\/pages"}],"about":[{"href":"https:\/\/www.cchla.ufpb.br\/gpsmdq\/wp-json\/wp\/v2\/types\/page"}],"author":[{"embeddable":true,"href":"https:\/\/www.cchla.ufpb.br\/gpsmdq\/wp-json\/wp\/v2\/users\/2"}],"replies":[{"embeddable":true,"href":"https:\/\/www.cchla.ufpb.br\/gpsmdq\/wp-json\/wp\/v2\/comments?post=82"}],"version-history":[{"count":17,"href":"https:\/\/www.cchla.ufpb.br\/gpsmdq\/wp-json\/wp\/v2\/pages\/82\/revisions"}],"predecessor-version":[{"id":1048,"href":"https:\/\/www.cchla.ufpb.br\/gpsmdq\/wp-json\/wp\/v2\/pages\/82\/revisions\/1048"}],"wp:attachment":[{"href":"https:\/\/www.cchla.ufpb.br\/gpsmdq\/wp-json\/wp\/v2\/media?parent=82"}],"curies":[{"name":"wp","href":"https:\/\/api.w.org\/{rel}","templated":true}]}}

Coordenadora do GPSMDQ:
Profa. Dra. Silvana Carneiro Maciel
(http://lattes.cnpq.br/6245571598254760)
Pós-graduação em Psicologia Social:
Doutorado:
Alexandre Coutinho de Mello

(http://lattes.cnpq.br/2503997563053061)

Camila de Alencar Pereira

(http://lattes.cnpq.br/6333527688252998)

Camila Cristina Vasconcelos Dias

(http://lattes.cnpq.br/3706421279961966)

Danielle Leal

(http://lattes.cnpq.br/2817346314467723)

Giselli Lucy Souza Vieira

(http://lattes.cnpq.br/4559515908431195)

Juliana <a href="https://www.cchla.ufpb.br/gpsmdq/lattes/" class="more-link">Read more [...]</a>

<p>Coordenadora do GPSMDQ: Profa. Dra. Silvana Carneiro Maciel (http://lattes.cnpq.br/6245571598254760) Pós-graduação em Psicologia Social: Doutorado: Alexandre Coutinho de Mello (http://lattes.cnpq.br/2503997563053061) Camila de Alencar Pereira (http://lattes.cnpq.br/6333527688252998) Camila Cristina Vasconcelos Dias (http://lattes.cnpq.br/3706421279961966) Danielle [&hellip;]</p>

<!-- This site is optimized with the Yoast SEO plugin v20.6 - https://yoast.com/wordpress/plugins/seo/ -->
<title>LATTES - GRUPO DE PESQUISA EM SAÚDE MENTAL E DEPENDÊNCIA QUÍMICA</title>
<meta name="robots" content="index, follow, max-snippet:-1, max-image-preview:large, max-video-preview:-1" />
<link rel="canonical" href="https://www.cchla.ufpb.br/gpsmdq/lattes/" />
<meta property="og:locale" content="pt_BR" />
<meta property="og:type" content="article" />
<meta property="og:title" content="LATTES - GRUPO DE PESQUISA EM SAÚDE MENTAL E DEPENDÊNCIA QUÍMICA" />
<meta property="og:description" content="Coordenadora do GPSMDQ: Profa. Dra. Silvana Carneiro Maciel (http://lattes.cnpq.br/6245571598254760) Pós-graduação em Psicologia Social: Doutorado: Alexandre Coutinho de Mello (http://lattes.cnpq.br/2503997563053061) Camila de Alencar Pereira (http://lattes.cnpq.br/6333527688252998) Camila Cristina Vasconcelos Dias (http://lattes.cnpq.br/3706421279961966) Danielle [&hellip;]" />
<meta property="og:url" content="https://www.cchla.ufpb.br/gpsmdq/lattes/" />
<meta property="og:site_name" content="GRUPO DE PESQUISA EM SAÚDE MENTAL E DEPENDÊNCIA QUÍMICA" />
<meta property="article:modified_time" content="2022-08-25T14:03:45+00:00" />
<meta name="twitter:card" content="summary_large_image" />
<meta name="twitter:label1" content="Est. tempo de leitura" />
	<meta name="twitter:data1" content="1 minuto" />
<script type="application/ld+json" class="yoast-schema-graph">{"@context":"https://schema.org","@graph":[{"@type":"WebPage","@id":"https://www.cchla.ufpb.br/gpsmdq/lattes/","url":"https://www.cchla.ufpb.br/gpsmdq/lattes/","name":"LATTES - GRUPO DE PESQUISA EM SAÚDE MENTAL E DEPENDÊNCIA QUÍMICA","isPartOf":{"@id":"https://www.cchla.ufpb.br/gpsmdq/#website"},"datePublished":"2016-02-04T14:58:57+00:00","dateModified":"2022-08-25T14:03:45+00:00","breadcrumb":{"@id":"https://www.cchla.ufpb.br/gpsmdq/lattes/#breadcrumb"},"inLanguage":"pt-BR","potentialAction":[{"@type":"ReadAction","target":["https://www.cchla.ufpb.br/gpsmdq/lattes/"]}]},{"@type":"BreadcrumbList","@id":"https://www.cchla.ufpb.br/gpsmdq/lattes/#breadcrumb","itemListElement":[{"@type":"ListItem","position":1,"name":"Início","item":"https://www.cchla.ufpb.br/gpsmdq/"},{"@type":"ListItem","position":2,"name":"LATTES"}]},{"@type":"WebSite","@id":"https://www.cchla.ufpb.br/gpsmdq/#website","url":"https://www.cchla.ufpb.br/gpsmdq/","name":"GRUPO DE PESQUISA EM SAÚDE MENTAL E DEPENDÊNCIA QUÍMICA","description":"(GPSMDQ)","potentialAction":[{"@type":"SearchAction","target":{"@type":"EntryPoint","urlTemplate":"https://www.cchla.ufpb.br/gpsmdq/?s={search_term_string}"},"query-input":"required name=search_term_string"}],"inLanguage":"pt-BR"}]}</script>
<!-- / Yoast SEO plugin. -->

LATTES - GRUPO DE PESQUISA EM SAÚDE MENTAL E DEPENDÊNCIA QUÍMICA

Coordenadora do GPSMDQ: Profa. Dra. Silvana Carneiro Maciel (http://lattes.cnpq.br/6245571598254760) Pós-graduação em Psicologia Social: Doutorado: Alexandre Coutinho de Mello (http://lattes.cnpq.br/2503997563053061) Camila de Alencar Pereira (http://lattes.cnpq.br/6333527688252998) Camila Cristina Vasconcelos Dias (http://lattes.cnpq.br/3706421279961966) Danielle [&hellip;]

GRUPO DE PESQUISA EM SAÚDE MENTAL E DEPENDÊNCIA QUÍMICA

Início
