{"id":878,"date":"2026-02-03T15:03:31","date_gmt":"2026-02-03T15:03:31","guid":{"rendered":"https:\/\/www.cchla.ufpb.br\/inelc\/?post_type=edital&#038;p=878"},"modified":"2026-03-02T14:02:55","modified_gmt":"2026-03-02T14:02:55","slug":"edital-no-01-2026-selecao-de-bolsistas-de-frances-e-de-mandarim-que-atuarao-em-2026","status":"publish","type":"edital","link":"https:\/\/www.cchla.ufpb.br\/inelc\/edital\/edital-no-01-2026-selecao-de-bolsistas-de-frances-e-de-mandarim-que-atuarao-em-2026\/","title":{"rendered":"Edital n\u00ba 01\/2026 &#8211; Sele\u00e7\u00e3o de bolsistas de franc\u00eas e de mandarim que atuar\u00e3o em 2026"},"content":{"rendered":"\n<p>O <strong>Instituto de Estudos Lingu\u00edsticos e Culturais da UFPB (InELC)<\/strong> torna p\u00fablico o <strong>Edital n\u00ba 01\/2026<\/strong>, que regulamenta o <strong>Processo Seletivo Simplificado<\/strong> para a sele\u00e7\u00e3o de <strong>graduandos(as)<\/strong> que atuar\u00e3o como <strong>bolsistas <\/strong>nos cursos de<strong> Franc\u00eas e Mandarim Kids<\/strong>, durante o ano de <strong>2026<\/strong>.<\/p>\n\n\n\n<h3 class=\"wp-block-heading\"> Acesso ao edital completo<\/h3>\n\n\n\n<p>Consulte aqui o&nbsp;<strong>Edital n\u00ba 01\/2026<\/strong>&nbsp; na \u00edntegra:<br>\ud83d\udd17&nbsp;<strong><a href=\"http:\/\/www.cchla.ufpb.br\/inelc\/wp-content\/uploads\/sites\/122\/sites\/260\/2026\/02\/Edital-01_2026_InELC.pdf\" target=\"_blank\" rel=\"noreferrer noopener\">Clique aqui para acessar o documento completo (PDF)<\/a><\/strong><\/p>\n\n\n\n<p class=\"has-medium-font-size\"><strong>Acesse o resultado parcial no link abaixo:<\/strong><\/p>\n\n\n\n<p>\ud83d\udd17<a href=\"http:\/\/www.cchla.ufpb.br\/inelc\/wp-content\/uploads\/sites\/122\/sites\/260\/2026\/02\/Resultado-parcial_Edital-01_2026.pdf\" target=\"_blank\" rel=\"noreferrer noopener\">Clique aqui <\/a><\/p>\n\n\n\n<p class=\"has-medium-font-size\"><strong>Acesse o resultado FINAL no link abaixo:<\/strong><\/p>\n\n\n\n<p>\ud83d\udd17<a href=\"http:\/\/www.cchla.ufpb.br\/inelc\/wp-content\/uploads\/sites\/122\/sites\/260\/2026\/03\/Resultado-final_Edital-01_2026.pdf\" target=\"_blank\" rel=\"noreferrer noopener\">Clique aqui <\/a><\/p>\n\n\n\n<p><\/p>\n","protected":false},"excerpt":{"rendered":"<p>O Instituto de Estudos Lingu\u00edsticos e Culturais da UFPB (InELC) torna p\u00fablico o Edital n\u00ba [&hellip;]<\/p>\n","protected":false},"featured_media":0,"template":"","meta":{"footnotes":""},"edital_type":[6],"class_list":["post-878","edital","type-edital","status-publish","hentry","edital_type-processo-seletivo-de-bolsistas"],"_links":{"self":[{"href":"https:\/\/www.cchla.ufpb.br\/inelc\/wp-json\/wp\/v2\/edital\/878","targetHints":{"allow":["GET"]}}],"collection":[{"href":"https:\/\/www.cchla.ufpb.br\/inelc\/wp-json\/wp\/v2\/edital"}],"about":[{"href":"https:\/\/www.cchla.ufpb.br\/inelc\/wp-json\/wp\/v2\/types\/edital"}],"version-history":[{"count":5,"href":"https:\/\/www.cchla.ufpb.br\/inelc\/wp-json\/wp\/v2\/edital\/878\/revisions"}],"predecessor-version":[{"id":953,"href":"https:\/\/www.cchla.ufpb.br\/inelc\/wp-json\/wp\/v2\/edital\/878\/revisions\/953"}],"wp:attachment":[{"href":"https:\/\/www.cchla.ufpb.br\/inelc\/wp-json\/wp\/v2\/media?parent=878"}],"wp:term":[{"taxonomy":"edital_type","embeddable":true,"href":"https:\/\/www.cchla.ufpb.br\/inelc\/wp-json\/wp\/v2\/edital_type?post=878"}],"curies":[{"name":"wp","href":"https:\/\/api.w.org\/{rel}","templated":true}]}}

Edital nº 01/2026 &#8211; Seleção de bolsistas de francês e de mandarim que atuarão em 2026

<p>O <strong>Instituto de Estudos Linguísticos e Culturais da UFPB (InELC)</strong> torna público o <strong>Edital nº 01/2026</strong>, que regulamenta o <strong>Processo Seletivo Simplificado</strong> para a seleção de <strong>graduandos(as)</strong> que atuarão como <strong>bolsistas </strong>nos cursos de<strong> Francês e Mandarim Kids</strong>, durante o ano de <strong>2026</strong>.</p>



<h3 class="wp-block-heading"> Acesso ao edital completo</h3>



<p>Consulte aqui o&nbsp;<strong>Edital nº 01/2026</strong>&nbsp; na íntegra:<br>🔗&nbsp;<strong><a href="http://www.cchla.ufpb.br/inelc/wp-content/uploads/sites/122/sites/260/2026/02/Edital-01_2026_InELC.pdf" target="_blank" rel="noreferrer noopener">Clique aqui para acessar o documento completo (PDF)</a></strong></p>



<p class="has-medium-font-size"><strong>Acesse o resultado parcial no link abaixo:</strong></p>



<p>🔗<a href="http://www.cchla.ufpb.br/inelc/wp-content/uploads/sites/122/sites/260/2026/02/Resultado-parcial_Edital-01_2026.pdf" target="_blank" rel="noreferrer noopener">Clique aqui </a></p>



<p class="has-medium-font-size"><strong>Acesse o resultado FINAL no link abaixo:</strong></p>



<p>🔗<a href="http://www.cchla.ufpb.br/inelc/wp-content/uploads/sites/122/sites/260/2026/03/Resultado-final_Edital-01_2026.pdf" target="_blank" rel="noreferrer noopener">Clique aqui </a></p>



<p></p>

<p>O Instituto de Estudos Linguísticos e Culturais da UFPB (InELC) torna público o Edital nº [&hellip;]</p>
