{"id":416,"date":"2025-06-23T16:51:07","date_gmt":"2025-06-23T16:51:07","guid":{"rendered":"https:\/\/www.cchla.ufpb.br\/inelc\/?post_type=evento&#038;p=416"},"modified":"2025-06-23T16:51:07","modified_gmt":"2025-06-23T16:51:07","slug":"conversacao-em-lingua-espanhola","status":"publish","type":"evento","link":"https:\/\/www.cchla.ufpb.br\/inelc\/evento\/conversacao-em-lingua-espanhola\/","title":{"rendered":"Conversa\u00e7\u00e3o em L\u00edngua Espanhola"},"content":{"rendered":"\n<p><strong>Curso de Conversa\u00e7\u00e3o em Espanhol promovido pelo InELC re\u00fane estudantes da UFPB<\/strong><\/p>\n\n\n\n<p>Entre os dias 7 de novembro e 12 de dezembro de 2024, o Instituto de Estudos da Linguagem e Cultura (InELC) promoveu um curso gratuito de conversa\u00e7\u00e3o em espanhol voltado para estudantes de gradua\u00e7\u00e3o e p\u00f3s-gradua\u00e7\u00e3o da Universidade Federal da Para\u00edba (UFPB).<\/p>\n\n\n\n<p>Oferecido de forma online, o curso teve como objetivo fortalecer as habilidades orais em espanhol, ao mesmo tempo em que proporcionava reflex\u00f5es sobre aspectos lingu\u00edsticos, culturais e sociais dos pa\u00edses hispanofalantes.<\/p>\n\n\n\n<p>As aulas foram ministradas pelo mestrando Rafael Santana (Proling\/UFPB), que conduziu os encontros de forma din\u00e2mica e interativa, promovendo um espa\u00e7o de aprendizagem colaborativa entre os participantes.<\/p>\n\n\n\n<p><strong>Contato<\/strong><\/p>\n\n\n\n<p>Telefone: 3216 7663<\/p>\n\n\n\n<p>&nbsp;E-mails:<\/p>\n\n\n\n<p><a href=\"mailto:diretoria.inelc@cchla.ufpb.br\" target=\"_blank\" rel=\"noreferrer noopener\">diretoria.inelc@cchla.ufpb.br<\/a><\/p>\n\n\n\n<p><a href=\"mailto:vice-diretoria.inelc@cchla.ufpb.br\" target=\"_blank\" rel=\"noreferrer noopener\">vice-diretoria.inelc@cchla.ufpb.br<\/a>&nbsp;<\/p>\n\n\n\n<p><a href=\"mailto:secretaria.inelc@cchla.ufpb.br\" target=\"_blank\" rel=\"noreferrer noopener\">secretaria.inelc@cchla.ufpb.br<\/a>&nbsp;<\/p>\n\n\n\n<p>Perfil no Instagram:<a href=\"https:\/\/www.instagram.com\/inelc.ufpb\/\" target=\"_blank\" rel=\"noreferrer noopener\">&nbsp;@inelc.ufpb<\/a><\/p>\n","protected":false},"excerpt":{"rendered":"<p>Curso de Conversa\u00e7\u00e3o em Espanhol promovido pelo InELC re\u00fane estudantes da UFPB Entre os dias [&hellip;]<\/p>\n","protected":false},"featured_media":418,"template":"","meta":{"footnotes":""},"class_list":["post-416","evento","type-evento","status-publish","has-post-thumbnail","hentry"],"_links":{"self":[{"href":"https:\/\/www.cchla.ufpb.br\/inelc\/wp-json\/wp\/v2\/evento\/416","targetHints":{"allow":["GET"]}}],"collection":[{"href":"https:\/\/www.cchla.ufpb.br\/inelc\/wp-json\/wp\/v2\/evento"}],"about":[{"href":"https:\/\/www.cchla.ufpb.br\/inelc\/wp-json\/wp\/v2\/types\/evento"}],"version-history":[{"count":1,"href":"https:\/\/www.cchla.ufpb.br\/inelc\/wp-json\/wp\/v2\/evento\/416\/revisions"}],"predecessor-version":[{"id":419,"href":"https:\/\/www.cchla.ufpb.br\/inelc\/wp-json\/wp\/v2\/evento\/416\/revisions\/419"}],"wp:featuredmedia":[{"embeddable":true,"href":"https:\/\/www.cchla.ufpb.br\/inelc\/wp-json\/wp\/v2\/media\/418"}],"wp:attachment":[{"href":"https:\/\/www.cchla.ufpb.br\/inelc\/wp-json\/wp\/v2\/media?parent=416"}],"curies":[{"name":"wp","href":"https:\/\/api.w.org\/{rel}","templated":true}]}}

Conversação em Língua Espanhola

<p><strong>Curso de Conversação em Espanhol promovido pelo InELC reúne estudantes da UFPB</strong></p>



<p>Entre os dias 7 de novembro e 12 de dezembro de 2024, o Instituto de Estudos da Linguagem e Cultura (InELC) promoveu um curso gratuito de conversação em espanhol voltado para estudantes de graduação e pós-graduação da Universidade Federal da Paraíba (UFPB).</p>



<p>Oferecido de forma online, o curso teve como objetivo fortalecer as habilidades orais em espanhol, ao mesmo tempo em que proporcionava reflexões sobre aspectos linguísticos, culturais e sociais dos países hispanofalantes.</p>



<p>As aulas foram ministradas pelo mestrando Rafael Santana (Proling/UFPB), que conduziu os encontros de forma dinâmica e interativa, promovendo um espaço de aprendizagem colaborativa entre os participantes.</p>



<p><strong>Contato</strong></p>



<p>Telefone: 3216 7663</p>



<p>&nbsp;E-mails:</p>



<p><a href="mailto:diretoria.inelc@cchla.ufpb.br" target="_blank" rel="noreferrer noopener">diretoria.inelc@cchla.ufpb.br</a></p>



<p><a href="mailto:vice-diretoria.inelc@cchla.ufpb.br" target="_blank" rel="noreferrer noopener">vice-diretoria.inelc@cchla.ufpb.br</a>&nbsp;</p>



<p><a href="mailto:secretaria.inelc@cchla.ufpb.br" target="_blank" rel="noreferrer noopener">secretaria.inelc@cchla.ufpb.br</a>&nbsp;</p>



<p>Perfil no Instagram:<a href="https://www.instagram.com/inelc.ufpb/" target="_blank" rel="noreferrer noopener">&nbsp;@inelc.ufpb</a></p>

<p>Curso de Conversação em Espanhol promovido pelo InELC reúne estudantes da UFPB Entre os dias [&hellip;]</p>
