{"id":15,"date":"2025-02-13T16:51:30","date_gmt":"2025-02-13T16:51:30","guid":{"rendered":"https:\/\/www.cchla.ufpb.br\/inelc2\/?page_id=15"},"modified":"2026-01-29T17:59:07","modified_gmt":"2026-01-29T17:59:07","slug":"o-que-e-o-inelc","status":"publish","type":"page","link":"https:\/\/www.cchla.ufpb.br\/inelc\/o-que-e-o-inelc\/","title":{"rendered":"O que \u00e9 o InELC ?"},"content":{"rendered":"\n<figure class=\"wp-block-image size-large\"><img loading=\"lazy\" decoding=\"async\" width=\"1024\" height=\"576\" src=\"https:\/\/www.cchla.ufpb.br\/inelc2\/wp-content\/uploads\/sites\/122\/sites\/260\/2025\/02\/photo-2023-03-07-08-20-18-1024x576.jpg\" alt=\"\" class=\"wp-image-16\" srcset=\"https:\/\/www.cchla.ufpb.br\/inelc\/wp-content\/uploads\/sites\/122\/sites\/260\/2025\/02\/photo-2023-03-07-08-20-18-1024x576.jpg 1024w, https:\/\/www.cchla.ufpb.br\/inelc\/wp-content\/uploads\/sites\/122\/sites\/260\/2025\/02\/photo-2023-03-07-08-20-18-300x169.jpg 300w, https:\/\/www.cchla.ufpb.br\/inelc\/wp-content\/uploads\/sites\/122\/sites\/260\/2025\/02\/photo-2023-03-07-08-20-18-768x432.jpg 768w, https:\/\/www.cchla.ufpb.br\/inelc\/wp-content\/uploads\/sites\/122\/sites\/260\/2025\/02\/photo-2023-03-07-08-20-18-1536x864.jpg 1536w, https:\/\/www.cchla.ufpb.br\/inelc\/wp-content\/uploads\/sites\/122\/sites\/260\/2025\/02\/photo-2023-03-07-08-20-18.jpg 1600w\" sizes=\"auto, (max-width: 1024px) 100vw, 1024px\" \/><\/figure>\n\n\n\n<p><\/p>\n\n\n\n<p>O <strong>Instituto de Estudos Lingu\u00edsticos e Culturais (InELC)<\/strong> constitui-se a partir de uma iniciativa de docentes do Centro de Ci\u00eancias Humanas, Letras e Artes (CCHLA), tendo como objetivo primordial <strong>contribuir para a democratiza\u00e7\u00e3o do acesso ao conhecimento de l\u00ednguas, literaturas e culturas<\/strong>.<\/p>\n\n\n\n<p>Nesse sentido, o Instituto atua por meio de uma estrutura orientada ao <strong>desenvolvimento de pol\u00edticas e ao planejamento lingu\u00edstico institucional<\/strong>, compreendendo programas, projetos e a\u00e7\u00f5es que promovem e ampliam o acesso da comunidade acad\u00eamica a diferentes l\u00ednguas e culturas, em diversos espa\u00e7os formativos.<\/p>\n\n\n\n<p><strong>Regimento do InELC &#8211; Resolu\u00e7\u00e3o n\u00ba 08\/2021 do CONSUNI da UFPB<\/strong>:<\/p>\n\n\n\n<p><a href=\"http:\/\/www.cchla.ufpb.br\/inelc\/wp-content\/uploads\/sites\/122\/sites\/260\/2026\/01\/res-_08-2021_consuni_Regimento-do-InELC.pdf\">http:\/\/www.cchla.ufpb.br\/inelc\/wp-content\/uploads\/sites\/122\/sites\/260\/2026\/01\/res-_08-2021_consuni_Regimento-do-InELC.pdf<\/a><\/p>\n\n\n\n<p><\/p>\n","protected":false},"excerpt":{"rendered":"<p>O Instituto de Estudos Lingu\u00edsticos e Culturais (InELC) constitui-se a partir de uma iniciativa de [&hellip;]<\/p>\n","protected":false},"author":63,"featured_media":0,"parent":0,"menu_order":0,"comment_status":"closed","ping_status":"closed","template":"","meta":{"footnotes":""},"class_list":["post-15","page","type-page","status-publish","hentry"],"_links":{"self":[{"href":"https:\/\/www.cchla.ufpb.br\/inelc\/wp-json\/wp\/v2\/pages\/15","targetHints":{"allow":["GET"]}}],"collection":[{"href":"https:\/\/www.cchla.ufpb.br\/inelc\/wp-json\/wp\/v2\/pages"}],"about":[{"href":"https:\/\/www.cchla.ufpb.br\/inelc\/wp-json\/wp\/v2\/types\/page"}],"author":[{"embeddable":true,"href":"https:\/\/www.cchla.ufpb.br\/inelc\/wp-json\/wp\/v2\/users\/63"}],"replies":[{"embeddable":true,"href":"https:\/\/www.cchla.ufpb.br\/inelc\/wp-json\/wp\/v2\/comments?post=15"}],"version-history":[{"count":6,"href":"https:\/\/www.cchla.ufpb.br\/inelc\/wp-json\/wp\/v2\/pages\/15\/revisions"}],"predecessor-version":[{"id":869,"href":"https:\/\/www.cchla.ufpb.br\/inelc\/wp-json\/wp\/v2\/pages\/15\/revisions\/869"}],"wp:attachment":[{"href":"https:\/\/www.cchla.ufpb.br\/inelc\/wp-json\/wp\/v2\/media?parent=15"}],"curies":[{"name":"wp","href":"https:\/\/api.w.org\/{rel}","templated":true}]}}

O que é o InELC ?

<figure class="wp-block-image size-large"><img loading="lazy" decoding="async" width="1024" height="576" src="https://www.cchla.ufpb.br/inelc2/wp-content/uploads/sites/122/sites/260/2025/02/photo-2023-03-07-08-20-18-1024x576.jpg" alt="" class="wp-image-16" srcset="https://www.cchla.ufpb.br/inelc/wp-content/uploads/sites/122/sites/260/2025/02/photo-2023-03-07-08-20-18-1024x576.jpg 1024w, https://www.cchla.ufpb.br/inelc/wp-content/uploads/sites/122/sites/260/2025/02/photo-2023-03-07-08-20-18-300x169.jpg 300w, https://www.cchla.ufpb.br/inelc/wp-content/uploads/sites/122/sites/260/2025/02/photo-2023-03-07-08-20-18-768x432.jpg 768w, https://www.cchla.ufpb.br/inelc/wp-content/uploads/sites/122/sites/260/2025/02/photo-2023-03-07-08-20-18-1536x864.jpg 1536w, https://www.cchla.ufpb.br/inelc/wp-content/uploads/sites/122/sites/260/2025/02/photo-2023-03-07-08-20-18.jpg 1600w" sizes="auto, (max-width: 1024px) 100vw, 1024px" /></figure>



<p></p>



<p>O <strong>Instituto de Estudos Linguísticos e Culturais (InELC)</strong> constitui-se a partir de uma iniciativa de docentes do Centro de Ciências Humanas, Letras e Artes (CCHLA), tendo como objetivo primordial <strong>contribuir para a democratização do acesso ao conhecimento de línguas, literaturas e culturas</strong>.</p>



<p>Nesse sentido, o Instituto atua por meio de uma estrutura orientada ao <strong>desenvolvimento de políticas e ao planejamento linguístico institucional</strong>, compreendendo programas, projetos e ações que promovem e ampliam o acesso da comunidade acadêmica a diferentes línguas e culturas, em diversos espaços formativos.</p>



<p><strong>Regimento do InELC &#8211; Resolução nº 08/2021 do CONSUNI da UFPB</strong>:</p>



<p><a href="http://www.cchla.ufpb.br/inelc/wp-content/uploads/sites/122/sites/260/2026/01/res-_08-2021_consuni_Regimento-do-InELC.pdf">http://www.cchla.ufpb.br/inelc/wp-content/uploads/sites/122/sites/260/2026/01/res-_08-2021_consuni_Regimento-do-InELC.pdf</a></p>



<p></p>

<p>O Instituto de Estudos Linguísticos e Culturais (InELC) constitui-se a partir de uma iniciativa de [&hellip;]</p>
