{"id":23,"date":"2025-02-13T17:14:03","date_gmt":"2025-02-13T17:14:03","guid":{"rendered":"https:\/\/www.cchla.ufpb.br\/inelc2\/?page_id=23"},"modified":"2025-05-21T01:24:32","modified_gmt":"2025-05-21T01:24:32","slug":"apresentacao","status":"publish","type":"page","link":"https:\/\/www.cchla.ufpb.br\/inelc\/apresentacao\/","title":{"rendered":"Apresenta\u00e7\u00e3o"},"content":{"rendered":"\n<h2 class=\"wp-block-heading\" style=\"font-size:24px\"><div class=\"linha-header\">Quem somos ?<\/div><\/h2>\n\n\n\n<p>O Instituto de Estudos Lingu\u00edsticos e Culturais surge de um projeto de docentes do CCHLA e tem como objetivo primordial contribuir para a democratiza\u00e7\u00e3o do acesso ao conhecimento de l\u00ednguas, literaturas e culturas, por meio de uma estrutura voltada para o desenvolvimento da pol\u00edtica e planejamento lingu\u00edsticos no \u00e2mbito da institui\u00e7\u00e3o. Compreende programas, projetos e a\u00e7\u00f5es que possibilitem o acesso da comunidade acad\u00eamica a diferentes l\u00ednguas e culturas em diferentes espa\u00e7os.<\/p>\n\n\n\n<p>S\u00e3o nossos objetivos:<\/p>\n\n\n\n<ul class=\"wp-block-list\">\n<li>Promover a capacita\u00e7\u00e3o da comunidade acad\u00eamica da UFPB em l\u00ednguas estrangeiras para sua inser\u00e7\u00e3o em comunidades cient\u00edficas internacionais: tornar poss\u00edvel, para pesquisadores e alunos, o acesso a refer\u00eancias bibliogr\u00e1ficas que n\u00e3o s\u00e3o produzidas ou n\u00e3o s\u00e3o traduzidas em l\u00edngua portuguesa.<\/li>\n\n\n\n<li>Auxiliar na produ\u00e7\u00e3o e divulga\u00e7\u00e3o de textos acad\u00eamico-cient\u00edficos no Brasil e no exterior, por meio do aprimoramento de habilidades lingu\u00edsticas para fins espec\u00edficos.<\/li>\n\n\n\n<li>Constituir-se como espa\u00e7o para a forma\u00e7\u00e3o pr\u00e1tica e te\u00f3rica para alunos da UFPB.<\/li>\n\n\n\n<li>Permitir aos graduandos dos Cursos de L\u00ednguas Estrangeiras (Espanhol, Franc\u00eas e Ingl\u00eas), L\u00edngua Portuguesa, L\u00ednguas de Sinais, L\u00ednguas Cl\u00e1ssicas, Tradu\u00e7\u00e3o e L\u00ednguas Estrangeiras Aplicadas \u00e0s Negocia\u00e7\u00f5es Internacionais, supervisionados por professores de seus respectivos departamentos, a atua\u00e7\u00e3o como estagi\u00e1rios, respons\u00e1veis pelas atividades que ser\u00e3o desenvolvidas no Instituto, como forma de complementar e melhor qualificar sua forma\u00e7\u00e3o profissional.<\/li>\n\n\n\n<li>Fomentar a pesquisa nas \u00e1reas de Linguagem, Literatura, Tradu\u00e7\u00e3o e Estudos Culturais.<\/li>\n\n\n\n<li>Constituir-se como espa\u00e7o de desenvolvimento de projetos e programas nas \u00e1reas de Ensino de L\u00ednguas, Forma\u00e7\u00e3o continuada de professores, Estudos da Linguagem, Literatura, Tradu\u00e7\u00e3o e Estudos Culturais.<\/li>\n\n\n\n<li>Ampliar o campo para coleta de dados e aplica\u00e7\u00e3o de resultados de pesquisas relacionadas ao ensino-aprendizagem de l\u00ednguas, culturas, tradu\u00e7\u00e3o e literaturas nacionais, estrangeiras, modernas e cl\u00e1ssicas.<\/li>\n\n\n\n<li>Aprofundar os conhecimentos sobre o processo ensino\/aprendizagem de l\u00ednguas (nacional, estrangeiras e adicionais).<\/li>\n<\/ul>\n\n\n\n<h2 class=\"wp-block-heading\" style=\"font-size:24px\"><div class=\"linha-header\">O que fazemos ?<\/div><\/h2>\n\n\n\n<p><\/p>\n\n\n\n<ul class=\"wp-block-list\">\n<li>Oferta de cursos de l\u00ednguas estrangeiras para a comunidade acad\u00eamica e para a comunidade externa \u00e0 UFPB;<\/li>\n\n\n\n<li>Oferta de programas e cursos de forma\u00e7\u00e3o continuada para professores da Educa\u00e7\u00e3o B\u00e1sica;<\/li>\n\n\n\n<li>Oferta de programas e cursos de forma\u00e7\u00e3o continuada para tradutores;<\/li>\n\n\n\n<li>Oferta de cursos de portugu\u00eas como l\u00edngua estrangeira;<\/li>\n\n\n\n<li>Oferta de cursos aos estudantes interessados em aperfei\u00e7oar sua profici\u00eancia em portugu\u00eas, como l\u00edngua materna;<\/li>\n\n\n\n<li>Oferta de curso de portugu\u00eas como L2 para surdos;<\/li>\n\n\n\n<li>Oferta de oficinas e cursos na \u00e1rea de Estudos Culturais;<\/li>\n\n\n\n<li>Oferta de oficinas e cursos na \u00e1rea de Tradu\u00e7\u00e3o;<\/li>\n\n\n\n<li>Ofertas de cursos de tradu\u00e7\u00e3o e\/ou transcri\u00e7\u00e3o em escrita de Libras;<\/li>\n\n\n\n<li>Oferta de cursos aos estudantes interessados em se preparar para exames de profici\u00eancia;<\/li>\n\n\n\n<li>Acolhimento de programas nos \u00e2mbitos federal, estadual e municipal;<\/li>\n\n\n\n<li>Elabora\u00e7\u00e3o e aplica\u00e7\u00e3o de Exames de Profici\u00eancia em L\u00ednguas, incluindo exames de profici\u00eancia em libras e portugu\u00eas.<\/li>\n<\/ul>\n","protected":false},"excerpt":{"rendered":"<p>Quem somos ? O Instituto de Estudos Lingu\u00edsticos e Culturais surge de um projeto de [&hellip;]<\/p>\n","protected":false},"author":63,"featured_media":0,"parent":0,"menu_order":0,"comment_status":"closed","ping_status":"closed","template":"","meta":{"footnotes":""},"class_list":["post-23","page","type-page","status-publish","hentry"],"_links":{"self":[{"href":"https:\/\/www.cchla.ufpb.br\/inelc\/wp-json\/wp\/v2\/pages\/23","targetHints":{"allow":["GET"]}}],"collection":[{"href":"https:\/\/www.cchla.ufpb.br\/inelc\/wp-json\/wp\/v2\/pages"}],"about":[{"href":"https:\/\/www.cchla.ufpb.br\/inelc\/wp-json\/wp\/v2\/types\/page"}],"author":[{"embeddable":true,"href":"https:\/\/www.cchla.ufpb.br\/inelc\/wp-json\/wp\/v2\/users\/63"}],"replies":[{"embeddable":true,"href":"https:\/\/www.cchla.ufpb.br\/inelc\/wp-json\/wp\/v2\/comments?post=23"}],"version-history":[{"count":4,"href":"https:\/\/www.cchla.ufpb.br\/inelc\/wp-json\/wp\/v2\/pages\/23\/revisions"}],"predecessor-version":[{"id":226,"href":"https:\/\/www.cchla.ufpb.br\/inelc\/wp-json\/wp\/v2\/pages\/23\/revisions\/226"}],"wp:attachment":[{"href":"https:\/\/www.cchla.ufpb.br\/inelc\/wp-json\/wp\/v2\/media?parent=23"}],"curies":[{"name":"wp","href":"https:\/\/api.w.org\/{rel}","templated":true}]}}