{"id":29,"date":"2025-02-13T17:16:40","date_gmt":"2025-02-13T17:16:40","guid":{"rendered":"https:\/\/www.cchla.ufpb.br\/inelc2\/?page_id=29"},"modified":"2025-06-02T13:52:28","modified_gmt":"2025-06-02T13:52:28","slug":"regramento-juridico","status":"publish","type":"page","link":"https:\/\/www.cchla.ufpb.br\/inelc\/regramento-juridico\/","title":{"rendered":"Regramento Jur\u00eddico"},"content":{"rendered":"\n<p><\/p>\n\n\n\n<p><a href=\"http:\/\/www.cchla.ufpb.br\/inelc\/wp-content\/uploads\/sites\/122\/sites\/260\/2025\/02\/res-_08-2021_consuni.pdf\" target=\"_blank\" rel=\"noreferrer noopener\"><strong>RESOLU\u00c7\u00c3O N\u00ba 08\/2021 &#8211; CONSUNI<\/strong>\u00a0&#8211;\u00a0\u00a0Aprova o Regimento Interno do\u00a0Instituto de Estudos Lingu\u00edsticos e\u00a0Culturais (InELC) da Universidade\u00a0Federal da Para\u00edba.<\/a><\/p>\n\n\n\n<p><a href=\"http:\/\/www.cchla.ufpb.br\/inelc\/wp-content\/uploads\/sites\/122\/sites\/260\/2025\/02\/res_22-2020_consuni.pdf\" target=\"_blank\" rel=\"noreferrer noopener\"><strong>RESOLU\u00c7\u00c3O N.\u00ba 22\/2020 &#8211;\u00a0CONSUNI<\/strong>\u00a0&#8211;\u00a0Cria e estrutura o Instituto de Estudos\u00a0Lingu\u00edsticos e Culturais da UFPB (InELC), e d\u00e1\u00a0outras provid\u00eancias.<\/a><\/p>\n\n\n\n<p><a href=\"http:\/\/www.cchla.ufpb.br\/inelc\/wp-content\/uploads\/sites\/122\/sites\/260\/2025\/02\/portaria-1136-2021-cria-comissao-eleitoral-inelc.pdf\" target=\"_blank\" rel=\"noreferrer noopener\"><strong>PORTARIA N\u00ba 1.136 do Reitor da UFPB, de\u00a029 de outubro\u00a0de 2021 \u2013\u00a0<\/strong>Cria a Comiss\u00e3o Eleitoral do Instituto de Estudos Lingu\u00edsticos e Culturais \u2013 Inelc.<\/a><\/p>\n\n\n\n<p><a href=\"http:\/\/www.cchla.ufpb.br\/inelc\/wp-content\/uploads\/sites\/122\/sites\/260\/2025\/02\/portaria_105_2022.pdf\" target=\"_blank\" rel=\"noreferrer noopener\">\u00a0<strong>PORTARIA N\u00ba 105 do Reitor da UFPB, de\u00a009 de mar\u00e7o de 2022 \u2013\u00a0<\/strong>Designa\u00e7\u00e3o da diretoria do Instituto de Estudos Lingu\u00edsticos e Culturais da UFPB;<\/a><\/p>\n\n\n\n<p><a href=\"http:\/\/www.cchla.ufpb.br\/inelc\/wp-content\/uploads\/sites\/122\/sites\/260\/2025\/02\/portaria_831-2022_secretarioinelc.pdf\" target=\"_blank\" rel=\"noreferrer noopener\">\u00a0<strong>PORTARIA N\u00ba 831\/2022 \u2013 PROGEP-SCRF, de\u00a002 de junho\u00a0de 2022 \u2013\u00a0<\/strong>Designa o servidor WELLINGTON LEAL GUIMAR\u00c3ES, matr\u00edcula SIAPE 335850, para exercer a fun\u00e7\u00e3o de secret\u00e1rio do InELC\/CCHLA.<\/a><\/p>\n\n\n\n<p><\/p>\n","protected":false},"excerpt":{"rendered":"<p>RESOLU\u00c7\u00c3O N\u00ba 08\/2021 &#8211; CONSUNI\u00a0&#8211;\u00a0\u00a0Aprova o Regimento Interno do\u00a0Instituto de Estudos Lingu\u00edsticos e\u00a0Culturais (InELC) da [&hellip;]<\/p>\n","protected":false},"author":63,"featured_media":0,"parent":0,"menu_order":0,"comment_status":"closed","ping_status":"closed","template":"","meta":{"footnotes":""},"class_list":["post-29","page","type-page","status-publish","hentry"],"_links":{"self":[{"href":"https:\/\/www.cchla.ufpb.br\/inelc\/wp-json\/wp\/v2\/pages\/29","targetHints":{"allow":["GET"]}}],"collection":[{"href":"https:\/\/www.cchla.ufpb.br\/inelc\/wp-json\/wp\/v2\/pages"}],"about":[{"href":"https:\/\/www.cchla.ufpb.br\/inelc\/wp-json\/wp\/v2\/types\/page"}],"author":[{"embeddable":true,"href":"https:\/\/www.cchla.ufpb.br\/inelc\/wp-json\/wp\/v2\/users\/63"}],"replies":[{"embeddable":true,"href":"https:\/\/www.cchla.ufpb.br\/inelc\/wp-json\/wp\/v2\/comments?post=29"}],"version-history":[{"count":4,"href":"https:\/\/www.cchla.ufpb.br\/inelc\/wp-json\/wp\/v2\/pages\/29\/revisions"}],"predecessor-version":[{"id":317,"href":"https:\/\/www.cchla.ufpb.br\/inelc\/wp-json\/wp\/v2\/pages\/29\/revisions\/317"}],"wp:attachment":[{"href":"https:\/\/www.cchla.ufpb.br\/inelc\/wp-json\/wp\/v2\/media?parent=29"}],"curies":[{"name":"wp","href":"https:\/\/api.w.org\/{rel}","templated":true}]}}

Regramento Jurídico

<p></p>



<p><a href="http://www.cchla.ufpb.br/inelc/wp-content/uploads/sites/122/sites/260/2025/02/res-_08-2021_consuni.pdf" target="_blank" rel="noreferrer noopener"><strong>RESOLUÇÃO Nº 08/2021 &#8211; CONSUNI</strong> &#8211;  Aprova o Regimento Interno do Instituto de Estudos Linguísticos e Culturais (InELC) da Universidade Federal da Paraíba.</a></p>



<p><a href="http://www.cchla.ufpb.br/inelc/wp-content/uploads/sites/122/sites/260/2025/02/res_22-2020_consuni.pdf" target="_blank" rel="noreferrer noopener"><strong>RESOLUÇÃO N.º 22/2020 &#8211; CONSUNI</strong> &#8211; Cria e estrutura o Instituto de Estudos Linguísticos e Culturais da UFPB (InELC), e dá outras providências.</a></p>



<p><a href="http://www.cchla.ufpb.br/inelc/wp-content/uploads/sites/122/sites/260/2025/02/portaria-1136-2021-cria-comissao-eleitoral-inelc.pdf" target="_blank" rel="noreferrer noopener"><strong>PORTARIA Nº 1.136 do Reitor da UFPB, de 29 de outubro de 2021 – </strong>Cria a Comissão Eleitoral do Instituto de Estudos Linguísticos e Culturais – Inelc.</a></p>



<p><a href="http://www.cchla.ufpb.br/inelc/wp-content/uploads/sites/122/sites/260/2025/02/portaria_105_2022.pdf" target="_blank" rel="noreferrer noopener"> <strong>PORTARIA Nº 105 do Reitor da UFPB, de 09 de março de 2022 – </strong>Designação da diretoria do Instituto de Estudos Linguísticos e Culturais da UFPB;</a></p>



<p><a href="http://www.cchla.ufpb.br/inelc/wp-content/uploads/sites/122/sites/260/2025/02/portaria_831-2022_secretarioinelc.pdf" target="_blank" rel="noreferrer noopener"> <strong>PORTARIA Nº 831/2022 – PROGEP-SCRF, de 02 de junho de 2022 – </strong>Designa o servidor WELLINGTON LEAL GUIMARÃES, matrícula SIAPE 335850, para exercer a função de secretário do InELC/CCHLA.</a></p>



<p></p>

<p>RESOLUÇÃO Nº 08/2021 &#8211; CONSUNI &#8211;  Aprova o Regimento Interno do Instituto de Estudos Linguísticos e Culturais (InELC) da [&hellip;]</p>
