{"id":349,"date":"2025-06-11T14:33:57","date_gmt":"2025-06-11T14:33:57","guid":{"rendered":"https:\/\/www.cchla.ufpb.br\/inelc\/?page_id=349"},"modified":"2025-09-25T17:20:36","modified_gmt":"2025-09-25T17:20:36","slug":"equipe-2025","status":"publish","type":"page","link":"https:\/\/www.cchla.ufpb.br\/inelc\/equipe\/equipe-2025\/","title":{"rendered":"Equipe &#8211; 2025.1"},"content":{"rendered":"\n<p>Bolsistas e volunt\u00e1rios:<\/p>\n\n\n\n<p><strong>COREANO<\/strong><\/p>\n\n\n\n<figure class=\"wp-block-table\"><table class=\"has-fixed-layout\"><tbody><tr><td class=\"has-text-align-center\" data-align=\"center\">Turma<\/td><td class=\"has-text-align-center\" data-align=\"center\">Instrutora<\/td><td class=\"has-text-align-center\" data-align=\"center\">Tutora<\/td><\/tr><tr><td class=\"has-text-align-center\" data-align=\"center\">Coreano 1<\/td><td class=\"has-text-align-center\" data-align=\"center\">L\u00edvia Aguiar Correia Cavalcanti<\/td><td class=\"has-text-align-center\" data-align=\"center\">Profa. Ana Berenice Peres Martorelli \u2013 DLEM<\/td><\/tr><\/tbody><\/table><\/figure>\n\n\n\n<p><\/p>\n\n\n\n<p><strong>ESPANHOL<\/strong><\/p>\n\n\n\n<figure class=\"wp-block-table\"><table class=\"has-fixed-layout\"><tbody><tr><td class=\"has-text-align-center\" data-align=\"center\">Turma<\/td><td class=\"has-text-align-center\" data-align=\"center\">Instrutora<\/td><td class=\"has-text-align-center\" data-align=\"center\">Tutor(a)<\/td><\/tr><tr><td class=\"has-text-align-center\" data-align=\"center\">Espanhol 1<\/td><td class=\"has-text-align-center\" data-align=\"center\">Maria Eduarda Vasconcelos dos Santos<\/td><td class=\"has-text-align-center\" data-align=\"center\">Prof. Emanuel de Abreu Silva &#8211; DL<\/td><\/tr><tr><td class=\"has-text-align-center\" data-align=\"center\">Espanhol 2<\/td><td class=\"has-text-align-center\" data-align=\"center\">Camille Correia Vinagre<\/td><td class=\"has-text-align-center\" data-align=\"center\">Profa. Graziellen Gelli Pinheiro Lima &#8211; DL<\/td><\/tr><tr><td class=\"has-text-align-center\" data-align=\"center\">Espanhol 3<\/td><td class=\"has-text-align-center\" data-align=\"center\">Maria Eduarda Rocha da Silva<\/td><td class=\"has-text-align-center\" data-align=\"center\">Profa. Mar\u00eda Hortensia Blanco<br>Garc\u00eda Murga &#8211; DLEM<\/td><\/tr><\/tbody><\/table><\/figure>\n\n\n\n<p><\/p>\n\n\n\n<p><strong>FRANC\u00caS<\/strong><\/p>\n\n\n\n<figure class=\"wp-block-table\"><table class=\"has-fixed-layout\"><tbody><tr><td class=\"has-text-align-center\" data-align=\"center\">Turma<\/td><td class=\"has-text-align-center\" data-align=\"center\">Instrutor(a)<\/td><td class=\"has-text-align-center\" data-align=\"center\">Tutora<\/td><\/tr><tr><td class=\"has-text-align-center\" data-align=\"center\">Franc\u00eas 1 (T1)<\/td><td class=\"has-text-align-center\" data-align=\"center\">Edite Silva &nbsp;<\/td><td class=\"has-text-align-center\" data-align=\"center\"><\/td><\/tr><tr><td class=\"has-text-align-center\" data-align=\"center\">Franc\u00eas 1 (T2)<\/td><td class=\"has-text-align-center\" data-align=\"center\">Cl\u00e9mence Mabiala<\/td><td class=\"has-text-align-center\" data-align=\"center\"><\/td><\/tr><tr><td class=\"has-text-align-center\" data-align=\"center\">Franc\u00eas 2<\/td><td class=\"has-text-align-center\" data-align=\"center\">Alex Silva<\/td><td class=\"has-text-align-center\" data-align=\"center\"><\/td><\/tr><tr><td class=\"has-text-align-center\" data-align=\"center\">Franc\u00eas 3<\/td><td class=\"has-text-align-center\" data-align=\"center\">Chabrina Ondaille<\/td><td class=\"has-text-align-center\" data-align=\"center\"><\/td><\/tr><tr><td class=\"has-text-align-center\" data-align=\"center\">Franc\u00eas 4<\/td><td class=\"has-text-align-center\" data-align=\"center\">Sandra Helena (volunt\u00e1ria)<\/td><td class=\"has-text-align-center\" data-align=\"center\"><\/td><\/tr><tr><td class=\"has-text-align-center\" data-align=\"center\">Franc\u00eas 5<\/td><td class=\"has-text-align-center\" data-align=\"center\">Katia Fraga (volunt\u00e1ria)<\/td><td class=\"has-text-align-center\" data-align=\"center\"><\/td><\/tr><\/tbody><\/table><\/figure>\n\n\n\n<p><\/p>\n\n\n\n<p><strong>INGL\u00caS<\/strong><\/p>\n\n\n\n<figure class=\"wp-block-table\"><table class=\"has-fixed-layout\"><tbody><tr><td class=\"has-text-align-center\" data-align=\"center\">Turma<\/td><td class=\"has-text-align-center\" data-align=\"center\">Instrutor(a)<\/td><td class=\"has-text-align-center\" data-align=\"center\">Tutor(a)<\/td><\/tr><tr><td class=\"has-text-align-center\" data-align=\"center\">Ingl\u00eas 1 (T1)<\/td><td class=\"has-text-align-center\" data-align=\"center\">Kamilla  Santos Batista<\/td><td class=\"has-text-align-center\" data-align=\"center\">Prof. Edmilson de Albuquerque Borborema<br>Filho &#8211; DLEM<\/td><\/tr><tr><td class=\"has-text-align-center\" data-align=\"center\">Ingl\u00eas 1 (T2)<\/td><td class=\"has-text-align-center\" data-align=\"center\">Glaura Ferreira Alexandre<\/td><td class=\"has-text-align-center\" data-align=\"center\">Profa. Juliene Paiva de Ara\u00fajo Osias &#8211; DL<\/td><\/tr><tr><td class=\"has-text-align-center\" data-align=\"center\">Ingl\u00eas 1 (CCHLA)<\/td><td class=\"has-text-align-center\" data-align=\"center\">Aedson Silva de Lima<\/td><td class=\"has-text-align-center\" data-align=\"center\">Profa. Elaine Esp\u00edndola Baldissera &#8211; DLEM<\/td><\/tr><tr><td class=\"has-text-align-center\" data-align=\"center\">Ingl\u00eas 2<\/td><td class=\"has-text-align-center\" data-align=\"center\">Laisa Maria de Sousa Almeida<\/td><td class=\"has-text-align-center\" data-align=\"center\">Profa. Ana Carolina Vieira Bastos \u2013 DMI<\/td><\/tr><tr><td class=\"has-text-align-center\" data-align=\"center\">Ingl\u00eas 3<\/td><td class=\"has-text-align-center\" data-align=\"center\">Ellen Maia de Oliveira<\/td><td class=\"has-text-align-center\" data-align=\"center\">Profa Maria Aparecida de Oliveira \u2013 DLEM<\/td><\/tr><tr><td class=\"has-text-align-center\" data-align=\"center\">Ingl\u00eas 4<\/td><td class=\"has-text-align-center\" data-align=\"center\">Paulo Jos\u00e9 do Nascimento<\/td><td class=\"has-text-align-center\" data-align=\"center\">Profa. Barbara Cabral Ferreira &#8211; DLEM<\/td><\/tr><tr><td class=\"has-text-align-center\" data-align=\"center\">Ingl\u00eas 5<\/td><td class=\"has-text-align-center\" data-align=\"center\">Isabelle Fran\u00e7a Paix\u00e3o Ara\u00fajo<\/td><td class=\"has-text-align-center\" data-align=\"center\">Profa. Rosycl\u00e9a Dantas Silva &#8211; DLEM<\/td><\/tr><\/tbody><\/table><\/figure>\n\n\n\n<p><\/p>\n\n\n\n<p><strong>LIBRAS<\/strong><\/p>\n\n\n\n<figure class=\"wp-block-table\"><table class=\"has-fixed-layout\"><tbody><tr><td class=\"has-text-align-center\" data-align=\"center\">Turma<\/td><td class=\"has-text-align-center\" data-align=\"center\">Instrutor<\/td><td class=\"has-text-align-center\" data-align=\"center\">Tutora<\/td><\/tr><tr><td class=\"has-text-align-center\" data-align=\"center\">Libras 1<\/td><td class=\"has-text-align-center\" data-align=\"center\">Alisson da Silva Rufino<\/td><td class=\"has-text-align-center\" data-align=\"center\">Profa. Elaine Reis Laureano \u2013 DL<\/td><\/tr><\/tbody><\/table><\/figure>\n\n\n\n<p><\/p>\n\n\n\n<p><strong>MANDARIM<\/strong><\/p>\n\n\n\n<figure class=\"wp-block-table\"><table class=\"has-fixed-layout\"><tbody><tr><td class=\"has-text-align-center\" data-align=\"center\">Turma<\/td><td class=\"has-text-align-center\" data-align=\"center\">Instrutora <\/td><td class=\"has-text-align-center\" data-align=\"center\">Tutora<\/td><\/tr><tr><td class=\"has-text-align-center\" data-align=\"center\">Mandarim KIDS<\/td><td class=\"has-text-align-center\" data-align=\"center\">Maria Esther Alc\u00e2ntara<\/td><td class=\"has-text-align-center\" data-align=\"center\">Profa. Ana Berenice Peres Martorelli \u2013 DLEM<\/td><\/tr><tr><td class=\"has-text-align-center\" data-align=\"center\">Mandarim KIDS<\/td><td class=\"has-text-align-center\" data-align=\"center\">Camilly Estephany dos Santos (volunt\u00e1ria)<\/td><td class=\"has-text-align-center\" data-align=\"center\">Profa. Ana Berenice Peres Martorelli \u2013 DLEM<\/td><\/tr><tr><td class=\"has-text-align-center\" data-align=\"center\">Mandarim KIDS<\/td><td class=\"has-text-align-center\" data-align=\"center\">Mariana Ara\u00fajo Costa Guimar\u00e3es<\/td><td class=\"has-text-align-center\" data-align=\"center\">Profa. Ana Berenice Peres Martorelli \u2013 DLEM<\/td><\/tr><\/tbody><\/table><\/figure>\n\n\n\n<p><\/p>\n\n\n\n<p><strong>BOLSISTAS RESPONS\u00c1VEIS PELO SITE<\/strong> &#8211; durante os m\u00eases de maio e junho de 2025<\/p>\n\n\n\n<figure class=\"wp-block-table\"><table class=\"has-fixed-layout\"><tbody><tr><td class=\"has-text-align-center\" data-align=\"center\"><\/td><td class=\"has-text-align-center\" data-align=\"center\">Bolsista<\/td><\/tr><tr><td class=\"has-text-align-center\" data-align=\"center\" rowspan=\"2\">&nbsp; SITE<\/td><td class=\"has-text-align-center\" data-align=\"center\">Calebe Ferreira<\/td><\/tr><tr><td class=\"has-text-align-center\" data-align=\"center\">La\u00eds Freire<\/td><\/tr><\/tbody><\/table><\/figure>\n\n\n\n<p><\/p>\n\n\n\n<p><strong>Contato<\/strong><\/p>\n\n\n\n<p>Telefone: 3216 7663<\/p>\n\n\n\n<p>&nbsp;E-mails:<\/p>\n\n\n\n<p><a href=\"mailto:diretoria.inelc@cchla.ufpb.br\" target=\"_blank\" rel=\"noreferrer noopener\">diretoria.inelc@cchla.ufpb.br<\/a><\/p>\n\n\n\n<p><a href=\"mailto:vice-diretoria.inelc@cchla.ufpb.br\" target=\"_blank\" rel=\"noreferrer noopener\">vice-diretoria.inelc@cchla.ufpb.br<\/a>&nbsp;<\/p>\n\n\n\n<p><a href=\"mailto:secretaria.inelc@cchla.ufpb.br\" target=\"_blank\" rel=\"noreferrer noopener\">secretaria.inelc@cchla.ufpb.br<\/a>&nbsp;<\/p>\n\n\n\n<p>Perfil no Instagram:<a href=\"https:\/\/www.instagram.com\/inelc.ufpb\/\" target=\"_blank\" rel=\"noreferrer noopener\">&nbsp;@inelc.ufpb<\/a><\/p>\n\n\n\n<p><\/p>\n","protected":false},"excerpt":{"rendered":"<p>Bolsistas e volunt\u00e1rios: COREANO Turma Instrutora Tutora Coreano 1 L\u00edvia Aguiar Correia Cavalcanti Profa. Ana [&hellip;]<\/p>\n","protected":false},"author":145,"featured_media":0,"parent":25,"menu_order":0,"comment_status":"closed","ping_status":"closed","template":"","meta":{"footnotes":""},"class_list":["post-349","page","type-page","status-publish","hentry"],"_links":{"self":[{"href":"https:\/\/www.cchla.ufpb.br\/inelc\/wp-json\/wp\/v2\/pages\/349","targetHints":{"allow":["GET"]}}],"collection":[{"href":"https:\/\/www.cchla.ufpb.br\/inelc\/wp-json\/wp\/v2\/pages"}],"about":[{"href":"https:\/\/www.cchla.ufpb.br\/inelc\/wp-json\/wp\/v2\/types\/page"}],"author":[{"embeddable":true,"href":"https:\/\/www.cchla.ufpb.br\/inelc\/wp-json\/wp\/v2\/users\/145"}],"replies":[{"embeddable":true,"href":"https:\/\/www.cchla.ufpb.br\/inelc\/wp-json\/wp\/v2\/comments?post=349"}],"version-history":[{"count":10,"href":"https:\/\/www.cchla.ufpb.br\/inelc\/wp-json\/wp\/v2\/pages\/349\/revisions"}],"predecessor-version":[{"id":695,"href":"https:\/\/www.cchla.ufpb.br\/inelc\/wp-json\/wp\/v2\/pages\/349\/revisions\/695"}],"up":[{"embeddable":true,"href":"https:\/\/www.cchla.ufpb.br\/inelc\/wp-json\/wp\/v2\/pages\/25"}],"wp:attachment":[{"href":"https:\/\/www.cchla.ufpb.br\/inelc\/wp-json\/wp\/v2\/media?parent=349"}],"curies":[{"name":"wp","href":"https:\/\/api.w.org\/{rel}","templated":true}]}}