{"id":36,"date":"2025-02-20T11:15:58","date_gmt":"2025-02-20T11:15:58","guid":{"rendered":"https:\/\/www.cchla.ufpb.br\/inelc2\/?page_id=36"},"modified":"2026-03-17T18:54:06","modified_gmt":"2026-03-17T18:54:06","slug":"cursos","status":"publish","type":"page","link":"https:\/\/www.cchla.ufpb.br\/inelc\/cursos\/","title":{"rendered":"Cursos"},"content":{"rendered":"\n<p><strong>SOBRE OS CURSOS OFERTADOS DO InELC<\/strong><\/p>\n\n\n\n<p class=\" \"><span style=\"margin: 0px;padding: 0px\">Os cursos de\u00a0<strong>coreano<\/strong>,\u00a0<strong>espanhol, franc\u00eas, ingl\u00eas, LIBRAS, todos a partir dos 16 anos,\u00a0<\/strong>e de\u00a0<strong>mandarim<\/strong>\u00a0<strong>KIDS<\/strong>\u00a0<strong>(dos 7 aos 13 anos)<\/strong>\u00a0s\u00e3o ministrados por alunos da gradua\u00e7\u00e3o da UFPB com a supervis\u00e3o e acompanhamento de docentes da universidade (tutores).<\/span><\/p>\n\n\n\n<p class=\" \">Estes cursos s\u00e3o um importante espa\u00e7o de desenvolvimento acad\u00eamico e profissional para <strong>nossos alunos &#8211; professores em forma\u00e7\u00e3o<\/strong> -, uma vez que se constituem como espa\u00e7o de aplica\u00e7\u00e3o e reflex\u00e3o de metodologias e conhecimentos adquiridos ao longo da gradua\u00e7\u00e3o, por meio de constante di\u00e1logo entre colegas e com os docentes envolvidos no projeto.<\/p>\n\n\n\n<p class=\" \">Os cursos completos de coreano, espanhol, franc\u00eas, ingl\u00eas e LIBRAS t\u00eam 6 n\u00edveis, cada um deles com carga hor\u00e1ria de 45 horas (dura\u00e7\u00e3o de 4 meses).<\/p>\n\n\n\n<p class=\" \">Para ser aprovado em cada n\u00edvel, voc\u00ea deve ter, pelo menos, 75% de frequ\u00eancia e nota 7,0.<\/p>\n\n\n\n<p class=\" \">Os\u00a0cursos de\u00a0<strong>mandarim (a partir dos 16 anos)<\/strong>\u00a0s\u00e3o realizados de forma gratuita e no formato remoto. Estes cursos s\u00e3o ofertados pelo InELC atrav\u00e9s do <a href=\"https:\/\/www.ufpb.br\/aci\/contents\/documentos\/acordos-de-cooperacao\/acordo-dalian-university-of-foreign-languages.pdf\">Acordo de Coopera\u00e7\u00e3o Acad\u00eamica entre a UFPB e a Universidade de L\u00ednguas Estrangeiras de Dalian<\/a>, na China.\u00a0Cada n\u00edvel (1, 2, 3 e 4) possui uma carga hor\u00e1ria total de 40 h.<\/p>\n\n\n\n<h2 class=\"wp-block-heading has-text-align-center has-medium-font-size\"><div class=\"linha-header\"><strong>Cursos ofertados &#8211; <\/strong>1\u00ba semestre de 2026<\/div><\/h2>\n\n\n\n<h3 class=\"wp-block-heading\"><strong>Confira aqui as turmas:<\/strong><\/h3>\n\n\n\n<div class=\"wp-block-group is-layout-grid wp-container-core-group-is-layout-9649a0d9 wp-block-group-is-layout-grid\">\n<figure class=\"wp-block-image size-large\"><a href=\"http:\/\/www.cchla.ufpb.br\/inelc\/wp-content\/uploads\/sites\/122\/sites\/260\/2026\/03\/PREVISAO-DE-TURMAS-COREANO-PARA-2026_1_bolsistas-e-niveis.pdf\" target=\"_blank\" rel=\" noreferrer noopener\"><img loading=\"lazy\" decoding=\"async\" width=\"1024\" height=\"1024\" src=\"http:\/\/www.cchla.ufpb.br\/inelc2\/wp-content\/uploads\/sites\/122\/sites\/260\/2025\/05\/COREANO-1024x1024.png\" alt=\"\" class=\"wp-image-255\" srcset=\"https:\/\/www.cchla.ufpb.br\/inelc\/wp-content\/uploads\/sites\/122\/sites\/260\/2025\/05\/COREANO-1024x1024.png 1024w, https:\/\/www.cchla.ufpb.br\/inelc\/wp-content\/uploads\/sites\/122\/sites\/260\/2025\/05\/COREANO-300x300.png 300w, https:\/\/www.cchla.ufpb.br\/inelc\/wp-content\/uploads\/sites\/122\/sites\/260\/2025\/05\/COREANO-150x150.png 150w, https:\/\/www.cchla.ufpb.br\/inelc\/wp-content\/uploads\/sites\/122\/sites\/260\/2025\/05\/COREANO-768x768.png 768w, https:\/\/www.cchla.ufpb.br\/inelc\/wp-content\/uploads\/sites\/122\/sites\/260\/2025\/05\/COREANO.png 1080w\" sizes=\"auto, (max-width: 1024px) 100vw, 1024px\" \/><\/a><\/figure>\n\n\n\n<figure class=\"wp-block-image size-large\"><a href=\"http:\/\/www.cchla.ufpb.br\/inelc\/wp-content\/uploads\/sites\/122\/sites\/260\/2026\/03\/PREVISAO-DE-TURMAS-ESPANHOL-PARA-2026_1_bolsistas-e-niveis.pdf\" target=\"_blank\" rel=\" noreferrer noopener\"><img loading=\"lazy\" decoding=\"async\" width=\"1024\" height=\"1024\" src=\"http:\/\/www.cchla.ufpb.br\/inelc2\/wp-content\/uploads\/sites\/122\/sites\/260\/2025\/05\/ESPANHOL-1024x1024.png\" alt=\"\" class=\"wp-image-259\" srcset=\"https:\/\/www.cchla.ufpb.br\/inelc\/wp-content\/uploads\/sites\/122\/sites\/260\/2025\/05\/ESPANHOL-1024x1024.png 1024w, https:\/\/www.cchla.ufpb.br\/inelc\/wp-content\/uploads\/sites\/122\/sites\/260\/2025\/05\/ESPANHOL-300x300.png 300w, https:\/\/www.cchla.ufpb.br\/inelc\/wp-content\/uploads\/sites\/122\/sites\/260\/2025\/05\/ESPANHOL-150x150.png 150w, https:\/\/www.cchla.ufpb.br\/inelc\/wp-content\/uploads\/sites\/122\/sites\/260\/2025\/05\/ESPANHOL-768x768.png 768w, https:\/\/www.cchla.ufpb.br\/inelc\/wp-content\/uploads\/sites\/122\/sites\/260\/2025\/05\/ESPANHOL.png 1080w\" sizes=\"auto, (max-width: 1024px) 100vw, 1024px\" \/><\/a><\/figure>\n\n\n\n<figure class=\"wp-block-image size-large\"><a href=\"http:\/\/www.cchla.ufpb.br\/inelc\/wp-content\/uploads\/sites\/122\/sites\/260\/2026\/03\/PREVISAO-DE-TURMAS-FRANCES-PARA-2026_1_bolsistas-e-niveis-1.pdf\" target=\"_blank\" rel=\" noreferrer noopener\"><img loading=\"lazy\" decoding=\"async\" width=\"1024\" height=\"1024\" src=\"http:\/\/www.cchla.ufpb.br\/inelc2\/wp-content\/uploads\/sites\/122\/sites\/260\/2025\/05\/FRANCES-1024x1024.png\" alt=\"\" class=\"wp-image-258\" srcset=\"https:\/\/www.cchla.ufpb.br\/inelc\/wp-content\/uploads\/sites\/122\/sites\/260\/2025\/05\/FRANCES-1024x1024.png 1024w, https:\/\/www.cchla.ufpb.br\/inelc\/wp-content\/uploads\/sites\/122\/sites\/260\/2025\/05\/FRANCES-300x300.png 300w, https:\/\/www.cchla.ufpb.br\/inelc\/wp-content\/uploads\/sites\/122\/sites\/260\/2025\/05\/FRANCES-150x150.png 150w, https:\/\/www.cchla.ufpb.br\/inelc\/wp-content\/uploads\/sites\/122\/sites\/260\/2025\/05\/FRANCES-768x768.png 768w, https:\/\/www.cchla.ufpb.br\/inelc\/wp-content\/uploads\/sites\/122\/sites\/260\/2025\/05\/FRANCES.png 1080w\" sizes=\"auto, (max-width: 1024px) 100vw, 1024px\" \/><\/a><\/figure>\n<\/div>\n\n\n\n<div class=\"wp-block-group is-layout-grid wp-container-core-group-is-layout-9649a0d9 wp-block-group-is-layout-grid\">\n<figure class=\"wp-block-image size-large\"><a href=\"http:\/\/www.cchla.ufpb.br\/inelc\/wp-content\/uploads\/sites\/122\/sites\/260\/2026\/03\/PREVISAO-DE-TURMAS-INGLES-PARA-2026_1_bolsistas-e-niveis-1.pdf\" target=\"_blank\" rel=\" noreferrer noopener\"><img loading=\"lazy\" decoding=\"async\" width=\"1024\" height=\"1024\" src=\"http:\/\/www.cchla.ufpb.br\/inelc2\/wp-content\/uploads\/sites\/122\/sites\/260\/2025\/05\/INGLES-1024x1024.png\" alt=\"\" class=\"wp-image-257\" srcset=\"https:\/\/www.cchla.ufpb.br\/inelc\/wp-content\/uploads\/sites\/122\/sites\/260\/2025\/05\/INGLES-1024x1024.png 1024w, https:\/\/www.cchla.ufpb.br\/inelc\/wp-content\/uploads\/sites\/122\/sites\/260\/2025\/05\/INGLES-300x300.png 300w, https:\/\/www.cchla.ufpb.br\/inelc\/wp-content\/uploads\/sites\/122\/sites\/260\/2025\/05\/INGLES-150x150.png 150w, https:\/\/www.cchla.ufpb.br\/inelc\/wp-content\/uploads\/sites\/122\/sites\/260\/2025\/05\/INGLES-768x768.png 768w, https:\/\/www.cchla.ufpb.br\/inelc\/wp-content\/uploads\/sites\/122\/sites\/260\/2025\/05\/INGLES.png 1080w\" sizes=\"auto, (max-width: 1024px) 100vw, 1024px\" \/><\/a><\/figure>\n\n\n\n<figure class=\"wp-block-image size-large\"><a href=\"http:\/\/www.cchla.ufpb.br\/inelc\/wp-content\/uploads\/sites\/122\/sites\/260\/2026\/03\/PREVISAO-DE-TURMAS-LIBRAS-PARA-2026_1_bolsistas-e-niveis-1.pdf\" target=\"_blank\" rel=\" noreferrer noopener\"><img loading=\"lazy\" decoding=\"async\" width=\"1024\" height=\"1024\" src=\"http:\/\/www.cchla.ufpb.br\/inelc2\/wp-content\/uploads\/sites\/122\/sites\/260\/2025\/05\/LIBRAS-1024x1024.png\" alt=\"\" class=\"wp-image-256\" srcset=\"https:\/\/www.cchla.ufpb.br\/inelc\/wp-content\/uploads\/sites\/122\/sites\/260\/2025\/05\/LIBRAS-1024x1024.png 1024w, https:\/\/www.cchla.ufpb.br\/inelc\/wp-content\/uploads\/sites\/122\/sites\/260\/2025\/05\/LIBRAS-300x300.png 300w, https:\/\/www.cchla.ufpb.br\/inelc\/wp-content\/uploads\/sites\/122\/sites\/260\/2025\/05\/LIBRAS-150x150.png 150w, https:\/\/www.cchla.ufpb.br\/inelc\/wp-content\/uploads\/sites\/122\/sites\/260\/2025\/05\/LIBRAS-768x768.png 768w, https:\/\/www.cchla.ufpb.br\/inelc\/wp-content\/uploads\/sites\/122\/sites\/260\/2025\/05\/LIBRAS.png 1080w\" sizes=\"auto, (max-width: 1024px) 100vw, 1024px\" \/><\/a><\/figure>\n\n\n\n<figure class=\"wp-block-image size-large\"><a href=\"http:\/\/www.cchla.ufpb.br\/inelc\/wp-content\/uploads\/sites\/122\/sites\/260\/2026\/03\/TURMAS-MANDARIM-2026.1-reformulado-1.pdf\" target=\"_blank\" rel=\" noreferrer noopener\"><img loading=\"lazy\" decoding=\"async\" width=\"1024\" height=\"1024\" src=\"https:\/\/www.cchla.ufpb.br\/inelc\/wp-content\/uploads\/sites\/122\/sites\/260\/2025\/05\/MANDARIM-1024x1024.png\" alt=\"\" class=\"wp-image-254\" srcset=\"https:\/\/www.cchla.ufpb.br\/inelc\/wp-content\/uploads\/sites\/122\/sites\/260\/2025\/05\/MANDARIM-1024x1024.png 1024w, https:\/\/www.cchla.ufpb.br\/inelc\/wp-content\/uploads\/sites\/122\/sites\/260\/2025\/05\/MANDARIM-300x300.png 300w, https:\/\/www.cchla.ufpb.br\/inelc\/wp-content\/uploads\/sites\/122\/sites\/260\/2025\/05\/MANDARIM-150x150.png 150w, https:\/\/www.cchla.ufpb.br\/inelc\/wp-content\/uploads\/sites\/122\/sites\/260\/2025\/05\/MANDARIM-768x768.png 768w, https:\/\/www.cchla.ufpb.br\/inelc\/wp-content\/uploads\/sites\/122\/sites\/260\/2025\/05\/MANDARIM.png 1080w\" sizes=\"auto, (max-width: 1024px) 100vw, 1024px\" \/><\/a><\/figure>\n\n\n\n<figure class=\"wp-block-image size-full\"><a href=\"http:\/\/www.cchla.ufpb.br\/inelc\/wp-content\/uploads\/sites\/122\/sites\/260\/2026\/03\/PREVISAO-DE-TURMAS-MANDARIM-KIDS-PARA-2026_1_bolsistas-e-niveis.pdf\" target=\"_blank\" rel=\" noreferrer noopener\"><img loading=\"lazy\" decoding=\"async\" width=\"703\" height=\"631\" src=\"http:\/\/www.cchla.ufpb.br\/inelc\/wp-content\/uploads\/sites\/122\/sites\/260\/2026\/03\/Inscricoes-de-Mandarim-2026.1-2.png\" alt=\"\" class=\"wp-image-1011\" srcset=\"https:\/\/www.cchla.ufpb.br\/inelc\/wp-content\/uploads\/sites\/122\/sites\/260\/2026\/03\/Inscricoes-de-Mandarim-2026.1-2.png 703w, https:\/\/www.cchla.ufpb.br\/inelc\/wp-content\/uploads\/sites\/122\/sites\/260\/2026\/03\/Inscricoes-de-Mandarim-2026.1-2-300x269.png 300w\" sizes=\"auto, (max-width: 703px) 100vw, 703px\" \/><\/a><\/figure>\n<\/div>\n\n\n\n<p class=\"has-text-align-center has-medium-font-size\"><strong>Programas dos cursos do InELC:<\/strong><\/p>\n\n\n\n<div class=\"wp-block-group is-layout-grid wp-container-core-group-is-layout-9649a0d9 wp-block-group-is-layout-grid\">\n<figure class=\"wp-block-image size-large\"><a href=\"https:\/\/www.cchla.ufpb.br\/inelc\/wp-content\/uploads\/sites\/122\/sites\/260\/2025\/02\/programa-do-curso-de-lingua-espanhola-do-inelc_2024_2.pdf\"><img loading=\"lazy\" decoding=\"async\" width=\"1024\" height=\"1024\" src=\"http:\/\/www.cchla.ufpb.br\/inelc2\/wp-content\/uploads\/sites\/122\/sites\/260\/2025\/05\/ESPANHOL-1024x1024.jpg\" alt=\"\" class=\"wp-image-266\" srcset=\"https:\/\/www.cchla.ufpb.br\/inelc\/wp-content\/uploads\/sites\/122\/sites\/260\/2025\/05\/ESPANHOL-1024x1024.jpg 1024w, https:\/\/www.cchla.ufpb.br\/inelc\/wp-content\/uploads\/sites\/122\/sites\/260\/2025\/05\/ESPANHOL-300x300.jpg 300w, https:\/\/www.cchla.ufpb.br\/inelc\/wp-content\/uploads\/sites\/122\/sites\/260\/2025\/05\/ESPANHOL-150x150.jpg 150w, https:\/\/www.cchla.ufpb.br\/inelc\/wp-content\/uploads\/sites\/122\/sites\/260\/2025\/05\/ESPANHOL-768x768.jpg 768w, https:\/\/www.cchla.ufpb.br\/inelc\/wp-content\/uploads\/sites\/122\/sites\/260\/2025\/05\/ESPANHOL.jpg 1080w\" sizes=\"auto, (max-width: 1024px) 100vw, 1024px\" \/><\/a><\/figure>\n\n\n\n<figure class=\"wp-block-image size-large\"><a href=\"https:\/\/www.cchla.ufpb.br\/inelc\/wp-content\/uploads\/sites\/122\/sites\/260\/2025\/02\/programa-do-curso-de-lingua-francesa-do-inelc_2024_2.pdf\"><img loading=\"lazy\" decoding=\"async\" width=\"1024\" height=\"1024\" src=\"http:\/\/www.cchla.ufpb.br\/inelc2\/wp-content\/uploads\/sites\/122\/sites\/260\/2025\/05\/FRANCES-1024x1024.jpg\" alt=\"\" class=\"wp-image-265\" srcset=\"https:\/\/www.cchla.ufpb.br\/inelc\/wp-content\/uploads\/sites\/122\/sites\/260\/2025\/05\/FRANCES-1024x1024.jpg 1024w, https:\/\/www.cchla.ufpb.br\/inelc\/wp-content\/uploads\/sites\/122\/sites\/260\/2025\/05\/FRANCES-300x300.jpg 300w, https:\/\/www.cchla.ufpb.br\/inelc\/wp-content\/uploads\/sites\/122\/sites\/260\/2025\/05\/FRANCES-150x150.jpg 150w, https:\/\/www.cchla.ufpb.br\/inelc\/wp-content\/uploads\/sites\/122\/sites\/260\/2025\/05\/FRANCES-768x768.jpg 768w, https:\/\/www.cchla.ufpb.br\/inelc\/wp-content\/uploads\/sites\/122\/sites\/260\/2025\/05\/FRANCES.jpg 1080w\" sizes=\"auto, (max-width: 1024px) 100vw, 1024px\" \/><\/a><\/figure>\n\n\n\n<figure class=\"wp-block-image size-large\"><a href=\"https:\/\/www.cchla.ufpb.br\/inelc\/wp-content\/uploads\/sites\/122\/sites\/260\/2025\/02\/programa-do-curso-de-lingua-inglesa-do-inelc_2024_2.pdf\"><img loading=\"lazy\" decoding=\"async\" width=\"1024\" height=\"1024\" src=\"http:\/\/www.cchla.ufpb.br\/inelc2\/wp-content\/uploads\/sites\/122\/sites\/260\/2025\/05\/INGLES-1024x1024.jpg\" alt=\"\" class=\"wp-image-264\" srcset=\"https:\/\/www.cchla.ufpb.br\/inelc\/wp-content\/uploads\/sites\/122\/sites\/260\/2025\/05\/INGLES-1024x1024.jpg 1024w, https:\/\/www.cchla.ufpb.br\/inelc\/wp-content\/uploads\/sites\/122\/sites\/260\/2025\/05\/INGLES-300x300.jpg 300w, https:\/\/www.cchla.ufpb.br\/inelc\/wp-content\/uploads\/sites\/122\/sites\/260\/2025\/05\/INGLES-150x150.jpg 150w, https:\/\/www.cchla.ufpb.br\/inelc\/wp-content\/uploads\/sites\/122\/sites\/260\/2025\/05\/INGLES-768x768.jpg 768w, https:\/\/www.cchla.ufpb.br\/inelc\/wp-content\/uploads\/sites\/122\/sites\/260\/2025\/05\/INGLES.jpg 1080w\" sizes=\"auto, (max-width: 1024px) 100vw, 1024px\" \/><\/a><\/figure>\n\n\n\n<figure class=\"wp-block-image size-large\"><a href=\"https:\/\/www.cchla.ufpb.br\/inelc\/wp-content\/uploads\/sites\/122\/sites\/260\/2025\/02\/programa-do-curso-de-libras_01.pdf\"><img loading=\"lazy\" decoding=\"async\" width=\"1024\" height=\"1024\" src=\"http:\/\/www.cchla.ufpb.br\/inelc2\/wp-content\/uploads\/sites\/122\/sites\/260\/2025\/05\/LIBRAS-1024x1024.jpg\" alt=\"\" class=\"wp-image-263\" srcset=\"https:\/\/www.cchla.ufpb.br\/inelc\/wp-content\/uploads\/sites\/122\/sites\/260\/2025\/05\/LIBRAS-1024x1024.jpg 1024w, https:\/\/www.cchla.ufpb.br\/inelc\/wp-content\/uploads\/sites\/122\/sites\/260\/2025\/05\/LIBRAS-300x300.jpg 300w, https:\/\/www.cchla.ufpb.br\/inelc\/wp-content\/uploads\/sites\/122\/sites\/260\/2025\/05\/LIBRAS-150x150.jpg 150w, https:\/\/www.cchla.ufpb.br\/inelc\/wp-content\/uploads\/sites\/122\/sites\/260\/2025\/05\/LIBRAS-768x768.jpg 768w, https:\/\/www.cchla.ufpb.br\/inelc\/wp-content\/uploads\/sites\/122\/sites\/260\/2025\/05\/LIBRAS.jpg 1080w\" sizes=\"auto, (max-width: 1024px) 100vw, 1024px\" \/><\/a><\/figure>\n\n\n\n<p class=\" \"><\/p>\n<\/div>\n\n\n\n<p class=\" \"><\/p>\n\n\n\n<p><\/p>\n\n\n\n<div class=\"wp-block-group is-layout-grid wp-container-core-group-is-layout-9649a0d9 wp-block-group-is-layout-grid\">\n<p class=\" \"><\/p>\n<\/div>\n\n\n\n<p><\/p>\n","protected":false},"excerpt":{"rendered":"<p>SOBRE OS CURSOS OFERTADOS DO InELC Os cursos de\u00a0coreano,\u00a0espanhol, franc\u00eas, ingl\u00eas, LIBRAS, todos a partir [&hellip;]<\/p>\n","protected":false},"author":63,"featured_media":0,"parent":0,"menu_order":0,"comment_status":"closed","ping_status":"closed","template":"","meta":{"footnotes":""},"class_list":["post-36","page","type-page","status-publish","hentry"],"_links":{"self":[{"href":"https:\/\/www.cchla.ufpb.br\/inelc\/wp-json\/wp\/v2\/pages\/36","targetHints":{"allow":["GET"]}}],"collection":[{"href":"https:\/\/www.cchla.ufpb.br\/inelc\/wp-json\/wp\/v2\/pages"}],"about":[{"href":"https:\/\/www.cchla.ufpb.br\/inelc\/wp-json\/wp\/v2\/types\/page"}],"author":[{"embeddable":true,"href":"https:\/\/www.cchla.ufpb.br\/inelc\/wp-json\/wp\/v2\/users\/63"}],"replies":[{"embeddable":true,"href":"https:\/\/www.cchla.ufpb.br\/inelc\/wp-json\/wp\/v2\/comments?post=36"}],"version-history":[{"count":55,"href":"https:\/\/www.cchla.ufpb.br\/inelc\/wp-json\/wp\/v2\/pages\/36\/revisions"}],"predecessor-version":[{"id":1014,"href":"https:\/\/www.cchla.ufpb.br\/inelc\/wp-json\/wp\/v2\/pages\/36\/revisions\/1014"}],"wp:attachment":[{"href":"https:\/\/www.cchla.ufpb.br\/inelc\/wp-json\/wp\/v2\/media?parent=36"}],"curies":[{"name":"wp","href":"https:\/\/api.w.org\/{rel}","templated":true}]}}