{"id":142,"date":"2025-05-28T13:30:25","date_gmt":"2025-05-28T16:30:25","guid":{"rendered":"https:\/\/www.cchla.ufpb.br\/ingles\/?page_id=142"},"modified":"2025-05-28T13:30:25","modified_gmt":"2025-05-28T16:30:25","slug":"graduate-program-in-linguistics-proling","status":"publish","type":"page","link":"https:\/\/www.cchla.ufpb.br\/ingles\/graduate-program-in-linguistics-proling\/","title":{"rendered":"Graduate Program in Linguistics (PROLING)"},"content":{"rendered":"\n<h2 class=\"wp-block-heading\"><div class=\"linha-header\">Overview:<\/div><\/h2>\n\n\n\n<p>The Graduate Program in Linguistics at UFPB aims to train qualified professionals to teaching, research and extension activities in the field of Linguistics at the Master&#8217;s and Doctorate levels. Therefore, it aims to train Master&#8217;s and PhD in Linguistics who specialize in one of the concentration areas, with a base of linguistic knowledge of excellence that qualifies them to act in education, with research, &nbsp;extension and exercise in the classroom at all levels (from basic to higher education), and in other fields of linguist activity.<\/p>\n\n\n\n<p>The Master&#8217;s degree equips its students in one of the research lines of the Program, aiming to enable them to carry out scientific research. In the case of a PhD, the Program offers an opportunity for deepening academic knowledge and to carry out independent, advanced and original research, focused on the current theoretical trends in the various areas of Linguistics.<\/p>\n\n\n\n<h2 class=\"wp-block-heading\"><div class=\"linha-header\">Areas of Concentration and Research Lines &#8211; PhD and Master&#8217;s Degree<\/div><\/h2>\n\n\n\n<p class=\"has-medium-font-size\"><strong>AREA OF CONCENTRATION 1:\u00a0THEORY AND LINGUISTIC ANALYSIS<\/strong><a href=\"https:\/\/www.cchla.ufpb.br\/proling\/areas-de-concentracao-e-linhas-de-pesquisa\/\"><\/a><\/p>\n\n\n\n<p class=\"has-medium-font-size\"><strong>Research Lines:<\/strong><\/p>\n\n\n\n<p><strong>1. LANGUAGE ACQUISITION AND LINGUISTIC PROCESSING<\/strong><\/p>\n\n\n\n<p>This line brings together research on two interconnected fields: Language Acquisition and Linguistic Processing. In the first, from an interactionist perspective, it is interesting to observe the acquisition and development of language and initial literacy processes. In addition, there are also acquisition studies conducted from an innatist perspective. In the second area, from the standpoint of Experimental Psycholinguistics, research on Linguistic Processing\u2014focused on language comprehension, production, and their various interfaces\u2014provides valuable insights.Both fields engage with studies in neurotypical and neurodivergent contexts, as well as in bilingualism settings.<\/p>\n\n\n\n<p><strong>2. DIVERSITY AND LINGUISTIC CHANGE<\/strong><\/p>\n\n\n\n<p>In this research line, linguistic variation and regularity, in the most diverse contexts of use, are studied under the synchronic and diachronic perspectives. Phonetic-phonological, morphological, syntactic-semantic, discursive and lexical aspects are evaluated under formalist and functionalist approaches, contributing to the understanding of both variation and change mechanisms.<\/p>\n\n\n\n<p><strong>3. SEMANTICS, GRAMMAR AND COGNITION<\/strong><\/p>\n\n\n\n<p>The aim of thisresearch line is to investigate the production and comprehension of the meaning of linguistic constructions (at the lexical, grammatical, pragmatic-discursive and cognitive level) in oral, written or gestural modalities, based on different theoretical-methodological conceptions of Semantics, grammatical studies and Cognitive Sciences.<\/p>\n\n\n\n<p><strong>AREA OF CONCENTRATION 2: LINGUISTICS AND SOCIAL PRACTICES<\/strong><a href=\"https:\/\/www.cchla.ufpb.br\/proling\/areas-de-concentracao-e-linhas-de-pesquisa\/\"><\/a><\/p>\n\n\n\n<p class=\"has-medium-font-size\"><strong>Research Lines:<\/strong><\/p>\n\n\n\n<p><strong>1. DISCOURSE AND SOCIETY<\/strong><\/p>\n\n\n\n<p>This research line brings together studies that investigate the socio-historical relationship between discourse, subject and meaning from the following theoretical-methodological perspectives: French Discourse Analysis, Dialogical Discourse Analysis, Foucauldian Discursive Studies and French Semiotics.<\/p>\n\n\n\n<p><strong>2. APPLIED LINGUISTICS<\/strong><\/p>\n\n\n\n<p>This line brings together studies that investigate language teaching-learning processes, (multi) literacy practices, work and socioprofessional training, identity experiences, language policies, as well as the impact of the historiography of linguistics on language teaching.<\/p>\n\n\n\n<p>More information at: <a href=\"https:\/\/www.cchla.ufpb.br\/proling\/apresentacao-do-programa\/\">https:\/\/www.cchla.ufpb.br\/proling\/apresentacao-do-programa\/<\/a><\/p>\n\n\n\n<p><strong><a href=\"https:\/\/www.instagram.com\/plantao.tradufpb\/\">Translation: Projeto InELC-Plant\u00e3o de Tradu\u00e7\u00e3o<\/a><\/strong><\/p>\n\n\n\n<p><\/p>\n","protected":false},"excerpt":{"rendered":"<p>Overview: The Graduate Program in Linguistics at UFPB aims to train qualified professionals to teaching, [&hellip;]<\/p>\n","protected":false},"author":260,"featured_media":0,"parent":0,"menu_order":0,"comment_status":"closed","ping_status":"closed","template":"","meta":{"footnotes":""},"class_list":["post-142","page","type-page","status-publish","hentry"],"_links":{"self":[{"href":"https:\/\/www.cchla.ufpb.br\/ingles\/wp-json\/wp\/v2\/pages\/142","targetHints":{"allow":["GET"]}}],"collection":[{"href":"https:\/\/www.cchla.ufpb.br\/ingles\/wp-json\/wp\/v2\/pages"}],"about":[{"href":"https:\/\/www.cchla.ufpb.br\/ingles\/wp-json\/wp\/v2\/types\/page"}],"author":[{"embeddable":true,"href":"https:\/\/www.cchla.ufpb.br\/ingles\/wp-json\/wp\/v2\/users\/260"}],"replies":[{"embeddable":true,"href":"https:\/\/www.cchla.ufpb.br\/ingles\/wp-json\/wp\/v2\/comments?post=142"}],"version-history":[{"count":1,"href":"https:\/\/www.cchla.ufpb.br\/ingles\/wp-json\/wp\/v2\/pages\/142\/revisions"}],"predecessor-version":[{"id":143,"href":"https:\/\/www.cchla.ufpb.br\/ingles\/wp-json\/wp\/v2\/pages\/142\/revisions\/143"}],"wp:attachment":[{"href":"https:\/\/www.cchla.ufpb.br\/ingles\/wp-json\/wp\/v2\/media?parent=142"}],"curies":[{"name":"wp","href":"https:\/\/api.w.org\/{rel}","templated":true}]}}