{"id":20,"date":"2024-06-12T14:37:50","date_gmt":"2024-06-12T14:37:50","guid":{"rendered":"https:\/\/www.cchla.ufpb.br\/ingles\/?page_id=20"},"modified":"2024-06-26T16:51:30","modified_gmt":"2024-06-26T16:51:30","slug":"undergraduate-courses-at-ufpb","status":"publish","type":"page","link":"https:\/\/www.cchla.ufpb.br\/ingles\/undergraduate-courses-at-ufpb\/","title":{"rendered":"Undergraduate Courses at UFPB"},"content":{"rendered":"\n<p class=\"has-medium-font-size\"><a href=\"https:\/\/www.cchla.ufpb.br\/ingles\/social-sciences\/\" data-type=\"page\" data-id=\"42\">Social Sciences<\/a><\/p>\n\n\n\n<p class=\"has-medium-font-size\"><a href=\"https:\/\/www.cchla.ufpb.br\/ingles\/communication-in-digital-media\/\" data-type=\"page\" data-id=\"44\">Communication in Digital Media<\/a><\/p>\n\n\n\n<p class=\"has-medium-font-size\"><a href=\"https:\/\/www.cchla.ufpb.br\/ingles\/philosophy\/\" data-type=\"page\" data-id=\"46\">Philosophy<\/a><\/p>\n\n\n\n<p class=\"has-medium-font-size\"><a href=\"https:\/\/www.cchla.ufpb.br\/ingles\/history-2\/\" data-type=\"page\" data-id=\"48\">History<\/a><\/p>\n\n\n\n<p class=\"has-medium-font-size\"><a href=\"https:\/\/www.cchla.ufpb.br\/ingles\/letters-classical-studies\/\" data-type=\"page\" data-id=\"50\">Letters &#8211; Classical Studies<\/a><\/p>\n\n\n\n<div style=\"height:0px\" aria-hidden=\"true\" class=\"wp-block-spacer\"><\/div>\n\n\n\n<p class=\"has-medium-font-size\"><a href=\"https:\/\/www.cchla.ufpb.br\/ingles\/letters-portuguese\/\" data-type=\"page\" data-id=\"52\">Letters \u2013 Portuguese<\/a><\/p>\n\n\n\n<p class=\"has-medium-font-size\"><a href=\"https:\/\/www.cchla.ufpb.br\/ingles\/letters-english\/\" data-type=\"page\" data-id=\"54\">Letters \u2013 English<\/a><\/p>\n\n\n\n<p class=\"has-medium-font-size\"><a href=\"https:\/\/www.cchla.ufpb.br\/ingles\/letters-spanish\/\" data-type=\"page\" data-id=\"56\">Letters \u2013 Spanish<\/a><\/p>\n\n\n\n<p class=\"has-medium-font-size\"><a href=\"https:\/\/www.cchla.ufpb.br\/ingles\/letters-french\/\" data-type=\"page\" data-id=\"58\">Letters \u2013 French<\/a><\/p>\n\n\n\n<p class=\"has-medium-font-size\"><a href=\"https:\/\/www.cchla.ufpb.br\/ingles\/foreign-languages-applied-to-international-negotiations\/\" data-type=\"page\" data-id=\"60\">Foreign Languages Applied to International Negotiations<\/a><\/p>\n\n\n\n<p class=\"has-medium-font-size\"><a href=\"https:\/\/www.cchla.ufpb.br\/ingles\/psychology\/\" data-type=\"page\" data-id=\"62\">Psychology<\/a><\/p>\n\n\n\n<p class=\"has-medium-font-size\"><a href=\"https:\/\/www.cchla.ufpb.br\/ingles\/social-work\/\" data-type=\"page\" data-id=\"64\">Social Work<\/a><\/p>\n\n\n\n<p class=\"has-medium-font-size\"><a href=\"https:\/\/www.cchla.ufpb.br\/ingles\/translation\/\" data-type=\"page\" data-id=\"66\">Translation<\/a><\/p>\n\n\n\n<div style=\"height:25px\" aria-hidden=\"true\" class=\"wp-block-spacer\"><\/div>\n\n\n\n<p class=\"has-small-font-size\"><strong><a href=\"https:\/\/www.instagram.com\/plantao.tradufpb\/\">Translation:  Projeto InELC-Plant\u00e3o de Tradu\u00e7\u00e3o<\/a><\/strong><\/p>\n","protected":false},"excerpt":{"rendered":"<p>Social Sciences Communication in Digital Media Philosophy History Letters &#8211; Classical Studies Letters \u2013 Portuguese [&hellip;]<\/p>\n","protected":false},"author":63,"featured_media":0,"parent":0,"menu_order":0,"comment_status":"closed","ping_status":"closed","template":"","meta":{"footnotes":""},"class_list":["post-20","page","type-page","status-publish","hentry"],"_links":{"self":[{"href":"https:\/\/www.cchla.ufpb.br\/ingles\/wp-json\/wp\/v2\/pages\/20","targetHints":{"allow":["GET"]}}],"collection":[{"href":"https:\/\/www.cchla.ufpb.br\/ingles\/wp-json\/wp\/v2\/pages"}],"about":[{"href":"https:\/\/www.cchla.ufpb.br\/ingles\/wp-json\/wp\/v2\/types\/page"}],"author":[{"embeddable":true,"href":"https:\/\/www.cchla.ufpb.br\/ingles\/wp-json\/wp\/v2\/users\/63"}],"replies":[{"embeddable":true,"href":"https:\/\/www.cchla.ufpb.br\/ingles\/wp-json\/wp\/v2\/comments?post=20"}],"version-history":[{"count":18,"href":"https:\/\/www.cchla.ufpb.br\/ingles\/wp-json\/wp\/v2\/pages\/20\/revisions"}],"predecessor-version":[{"id":109,"href":"https:\/\/www.cchla.ufpb.br\/ingles\/wp-json\/wp\/v2\/pages\/20\/revisions\/109"}],"wp:attachment":[{"href":"https:\/\/www.cchla.ufpb.br\/ingles\/wp-json\/wp\/v2\/media?parent=20"}],"curies":[{"name":"wp","href":"https:\/\/api.w.org\/{rel}","templated":true}]}}