{"id":50,"date":"2024-06-26T12:26:50","date_gmt":"2024-06-26T12:26:50","guid":{"rendered":"https:\/\/www.cchla.ufpb.br\/ingles\/?page_id=50"},"modified":"2024-06-26T16:49:16","modified_gmt":"2024-06-26T16:49:16","slug":"letters-classical-studies","status":"publish","type":"page","link":"https:\/\/www.cchla.ufpb.br\/ingles\/letters-classical-studies\/","title":{"rendered":"Letters &#8211; Classical Studies"},"content":{"rendered":"\n<p>The Undergraduate Course in Letters &#8211; Classical Studies (Greek and Latin) at the Federal University of Para\u00edba began in 2009, offering a degree in this field. It trains professionals toteach Greek and Latin languages and literatures. The curriculum is delivered entirely in-person, with classes held only at night, and the program spans five years.<\/p>\n\n\n\n<p>More information at: <a href=\"http:\/\/www.cchla.ufpb.br\/clc\">http:\/\/www.cchla.ufpb.br\/clc<\/a><\/p>\n\n\n\n<div style=\"height:25px\" aria-hidden=\"true\" class=\"wp-block-spacer\"><\/div>\n\n\n\n<p class=\"has-small-font-size\"><strong><a href=\"https:\/\/www.instagram.com\/plantao.tradufpb\/\">Translation:  Projeto InELC-Plant\u00e3o de Tradu\u00e7\u00e3o<\/a><\/strong><\/p>\n","protected":false},"excerpt":{"rendered":"<p>The Undergraduate Course in Letters &#8211; Classical Studies (Greek and Latin) at the Federal University [&hellip;]<\/p>\n","protected":false},"author":63,"featured_media":0,"parent":0,"menu_order":0,"comment_status":"closed","ping_status":"closed","template":"","meta":{"footnotes":""},"class_list":["post-50","page","type-page","status-publish","hentry"],"_links":{"self":[{"href":"https:\/\/www.cchla.ufpb.br\/ingles\/wp-json\/wp\/v2\/pages\/50","targetHints":{"allow":["GET"]}}],"collection":[{"href":"https:\/\/www.cchla.ufpb.br\/ingles\/wp-json\/wp\/v2\/pages"}],"about":[{"href":"https:\/\/www.cchla.ufpb.br\/ingles\/wp-json\/wp\/v2\/types\/page"}],"author":[{"embeddable":true,"href":"https:\/\/www.cchla.ufpb.br\/ingles\/wp-json\/wp\/v2\/users\/63"}],"replies":[{"embeddable":true,"href":"https:\/\/www.cchla.ufpb.br\/ingles\/wp-json\/wp\/v2\/comments?post=50"}],"version-history":[{"count":3,"href":"https:\/\/www.cchla.ufpb.br\/ingles\/wp-json\/wp\/v2\/pages\/50\/revisions"}],"predecessor-version":[{"id":99,"href":"https:\/\/www.cchla.ufpb.br\/ingles\/wp-json\/wp\/v2\/pages\/50\/revisions\/99"}],"wp:attachment":[{"href":"https:\/\/www.cchla.ufpb.br\/ingles\/wp-json\/wp\/v2\/media?parent=50"}],"curies":[{"name":"wp","href":"https:\/\/api.w.org\/{rel}","templated":true}]}}