{"id":64,"date":"2024-06-26T12:29:03","date_gmt":"2024-06-26T12:29:03","guid":{"rendered":"https:\/\/www.cchla.ufpb.br\/ingles\/?page_id=64"},"modified":"2024-06-26T16:51:06","modified_gmt":"2024-06-26T16:51:06","slug":"social-work","status":"publish","type":"page","link":"https:\/\/www.cchla.ufpb.br\/ingles\/social-work\/","title":{"rendered":"Social Work"},"content":{"rendered":"\n<p>The Bachelor in Social Work is a professional dedicated to addressing social issues by crafting and executing proposals through various avenues such as public social policies, corporate endeavors, civil society organizations, and social movements. They possess a well-rounded intellectual and cultural education, along with expertise in their field, allowing them to adeptly integrate into broader social contexts and the job market. Guided by ethical values, principles, and a commitment to human rights, they uphold the Ethical-Political Project of the profession in their actions.<\/p>\n\n\n\n<p>More information at: <a href=\"https:\/\/sigaa.ufpb.br\/sigaa\/public\/curso\/ppp.jsf?lc=en_US&amp;id=1626882\">https:\/\/sigaa.ufpb.br\/sigaa\/public\/curso\/ppp.jsf?lc=en_US&amp;id=1626882<\/a><\/p>\n\n\n\n<div style=\"height:25px\" aria-hidden=\"true\" class=\"wp-block-spacer\"><\/div>\n\n\n\n<p class=\"has-small-font-size\"><strong><a href=\"https:\/\/www.instagram.com\/plantao.tradufpb\/\">Translation:  Projeto InELC-Plant\u00e3o de Tradu\u00e7\u00e3o<\/a><\/strong><\/p>\n","protected":false},"excerpt":{"rendered":"<p>The Bachelor in Social Work is a professional dedicated to addressing social issues by crafting [&hellip;]<\/p>\n","protected":false},"author":63,"featured_media":0,"parent":0,"menu_order":0,"comment_status":"closed","ping_status":"closed","template":"","meta":{"footnotes":""},"class_list":["post-64","page","type-page","status-publish","hentry"],"_links":{"self":[{"href":"https:\/\/www.cchla.ufpb.br\/ingles\/wp-json\/wp\/v2\/pages\/64","targetHints":{"allow":["GET"]}}],"collection":[{"href":"https:\/\/www.cchla.ufpb.br\/ingles\/wp-json\/wp\/v2\/pages"}],"about":[{"href":"https:\/\/www.cchla.ufpb.br\/ingles\/wp-json\/wp\/v2\/types\/page"}],"author":[{"embeddable":true,"href":"https:\/\/www.cchla.ufpb.br\/ingles\/wp-json\/wp\/v2\/users\/63"}],"replies":[{"embeddable":true,"href":"https:\/\/www.cchla.ufpb.br\/ingles\/wp-json\/wp\/v2\/comments?post=64"}],"version-history":[{"count":3,"href":"https:\/\/www.cchla.ufpb.br\/ingles\/wp-json\/wp\/v2\/pages\/64\/revisions"}],"predecessor-version":[{"id":107,"href":"https:\/\/www.cchla.ufpb.br\/ingles\/wp-json\/wp\/v2\/pages\/64\/revisions\/107"}],"wp:attachment":[{"href":"https:\/\/www.cchla.ufpb.br\/ingles\/wp-json\/wp\/v2\/media?parent=64"}],"curies":[{"name":"wp","href":"https:\/\/api.w.org\/{rel}","templated":true}]}}