{"id":21,"date":"2024-09-02T14:26:25","date_gmt":"2024-09-02T14:26:25","guid":{"rendered":"https:\/\/www.cchla.ufpb.br\/labfictio\/?page_id=21"},"modified":"2025-03-08T10:24:15","modified_gmt":"2025-03-08T10:24:15","slug":"pesquisadores-as","status":"publish","type":"page","link":"https:\/\/www.cchla.ufpb.br\/labfictio\/pesquisadores-as\/","title":{"rendered":"Pesquisadore(a)s"},"content":{"rendered":"\n<p><strong>COORDENA\u00c7\u00c3O<\/strong><\/p>\n\n\n\n<p><a href=\"http:\/\/lattes.cnpq.br\/7598406431888290\" target=\"_blank\" rel=\"noreferrer noopener\">Profa. Dra. Carmen Sevilla Gon\u00e7alves dos Santos<\/a><a href=\"http:\/\/lattes.cnpq.br\/0909855420577555\" target=\"_blank\" rel=\"noreferrer noopener\">&nbsp;<\/a>(Fundadora e Consultora)<\/p>\n\n\n\n<p><a href=\"http:\/\/lattes.cnpq.br\/0909855420577555\" target=\"_blank\" rel=\"noreferrer noopener\">Profa. Dra. Fabiana Ferreira da Costa<\/a>&nbsp;(L\u00edder)<\/p>\n\n\n\n<p><a href=\"http:\/\/lattes.cnpq.br\/9073127804535466\" target=\"_blank\" rel=\"noreferrer noopener\">Profa. Dra. Larissa Brito dos Santos<\/a>\u00a0(Vice-l\u00edder)<\/p>\n\n\n\n<p><a href=\"http:\/\/lattes.cnpq.br\/8342553810836387\" target=\"_blank\" rel=\"noreferrer noopener\">Prof. Dr. Fernando C\u00e9zar Bezerra de Andrade<\/a>&nbsp;(Professor orientador)<\/p>\n\n\n\n<p><a href=\"http:\/\/lattes.cnpq.br\/4999161297381210\" target=\"_blank\" rel=\"noreferrer noopener\">Profa. Dra. Rinah de Ara\u00fajo Souto<\/a>&nbsp;(Professora orientadora)<\/p>\n\n\n\n<p><strong>INTEGRANTES<\/strong><\/p>\n\n\n\n<p><a href=\"http:\/\/lattes.cnpq.br\/8490725141573170\" target=\"_blank\" rel=\"noreferrer noopener\">Adaylson Wagner Sousa de Vasconcelos<\/a><\/p>\n\n\n\n<p><a href=\"http:\/\/lattes.cnpq.br\/3386156440270522\" target=\"_blank\" rel=\"noreferrer noopener\">Alexia Eloar F\u00e9lix Cavalcante<\/a><\/p>\n\n\n\n<p><a href=\"http:\/\/lattes.cnpq.br\/0405511538102414\" target=\"_blank\" rel=\"noreferrer noopener\">Aline dos Santos Gouveia<\/a><\/p>\n\n\n\n<p><a href=\"http:\/\/lattes.cnpq.br\/7087081782128791\" target=\"_blank\" rel=\"noreferrer noopener\">Alinne de Morais Oliveira Cordeiro<\/a><\/p>\n\n\n\n<p><a href=\"http:\/\/lattes.cnpq.br\/6109330509226376\">Carolaine Marinho da Silva<\/a><\/p>\n\n\n\n<p><a href=\"http:\/\/lattes.cnpq.br\/8014620369854909\" target=\"_blank\" rel=\"noreferrer noopener\">Cristina Rothier Duarte&nbsp;<\/a><\/p>\n\n\n\n<p>Fernando Gabriel Sales Fernandes<\/p>\n\n\n\n<p><a href=\"http:\/\/lattes.cnpq.br\/0633376359054073\" target=\"_blank\" rel=\"noreferrer noopener\">Irene Maria Dias Bandeira<\/a><\/p>\n\n\n\n<p><a href=\"http:\/\/lattes.cnpq.br\/5719423515992084\" target=\"_blank\" rel=\"noreferrer noopener\">Isaque da Silva Moraes<\/a><\/p>\n\n\n\n<p><a href=\"http:\/\/lattes.cnpq.br\/6838823382939211\" target=\"_blank\" rel=\"noreferrer noopener\">J\u00e9ssica de Oliveira Grandino&nbsp;&nbsp;<\/a><\/p>\n\n\n\n<p><a href=\"http:\/\/lattes.cnpq.br\/4858656564529555\" target=\"_blank\" rel=\"noreferrer noopener\">Jos\u00e9 Etham de L. Barbosa Filho<\/a><\/p>\n\n\n\n<p><a href=\"http:\/\/lattes.cnpq.br\/2632203386848366\" target=\"_blank\" rel=\"noreferrer noopener\">Josuel Belarmino de Oliveira<\/a><\/p>\n\n\n\n<p><a href=\"http:\/\/lattes.cnpq.br\/0435686092024043\">Kimberlly Iohhana da Silva<\/a><\/p>\n\n\n\n<p><a href=\"http:\/\/lattes.cnpq.br\/6915017300521222\" target=\"_blank\" rel=\"noreferrer noopener\">L\u00edvia Maria Bezerra Santos<\/a><\/p>\n\n\n\n<p><a href=\"http:\/\/lattes.cnpq.br\/4708661871985280\" target=\"_blank\" rel=\"noreferrer noopener\">Maria J\u00falia Tavares Ramalho<\/a><\/p>\n\n\n\n<p><a href=\"http:\/\/lattes.cnpq.br\/1837604687710851\" target=\"_blank\" rel=\"noreferrer noopener\">Matheus Marques de Medeiros<\/a><\/p>\n\n\n\n<p><a href=\"http:\/\/lattes.cnpq.br\/7648677368408330\">Maycon da Silva Tannis<\/a><\/p>\n\n\n\n<p><a href=\"http:\/\/lattes.cnpq.br\/8532295788013636\" target=\"_blank\" rel=\"noreferrer noopener\">Nathaly Cristhine Ramos da Silva<\/a><\/p>\n\n\n\n<p><a href=\"http:\/\/lattes.cnpq.br\/0199901869215280\" target=\"_blank\" rel=\"noreferrer noopener\">Priscilla Marques Lima Dantas Carneiro<\/a><\/p>\n\n\n\n<p><a href=\"http:\/\/lattes.cnpq.br\/8770192222153454\">Rafaela Correia Costa<\/a><\/p>\n\n\n\n<p><a href=\"http:\/\/lattes.cnpq.br\/7872766997990875\">Rebecca Lu\u00edza de Figueiredo L\u00f4bo<\/a><\/p>\n\n\n\n<p><a href=\"http:\/\/lattes.cnpq.br\/0339588536687265\" target=\"_blank\" rel=\"noreferrer noopener\">Rebeca Monteiro Ayres de Sousa<\/a><\/p>\n\n\n\n<p><a href=\"http:\/\/lattes.cnpq.br\/4612794304956206\" target=\"_blank\" rel=\"noreferrer noopener\">Rita de C\u00e1ssia Fernandes Monteiro<\/a><\/p>\n\n\n\n<p><a href=\"http:\/\/lattes.cnpq.br\/2650621908824319\" target=\"_blank\" rel=\"noreferrer noopener\">Sarah Karoline Alves Pereira da Silva<\/a><\/p>\n\n\n\n<p><a href=\"http:\/\/lattes.cnpq.br\/2527005901011847\">Stella Maria Palitot Dias de Lacerda<\/a><\/p>\n\n\n\n<p><a href=\"http:\/\/lattes.cnpq.br\/8426415110114774\" target=\"_blank\" rel=\"noreferrer noopener\">Tain\u00e1 Santos de Farias<\/a><\/p>\n\n\n\n<p><a href=\"http:\/\/lattes.cnpq.br\/0004611923358602\" target=\"_blank\" rel=\"noreferrer noopener\">Valdirene dos Santos Lima&nbsp; &nbsp;&nbsp;<\/a><\/p>\n\n\n\n<p><a href=\"http:\/\/lattes.cnpq.br\/0161317602358850\">Valmir Lu\u00eds Saldanha da Silva<\/a><\/p>\n","protected":false},"excerpt":{"rendered":"<p>COORDENA\u00c7\u00c3O Profa. Dra. Carmen Sevilla Gon\u00e7alves dos Santos&nbsp;(Fundadora e Consultora) Profa. Dra. Fabiana Ferreira da Costa&nbsp;(L\u00edder) Profa. Dra. Larissa Brito dos Santos\u00a0(Vice-l\u00edder) Prof. Dr. Fernando C\u00e9zar Bezerra de Andrade&nbsp;(Professor orientador) Profa. Dra. Rinah de Ara\u00fajo Souto&nbsp;(Professora orientadora) INTEGRANTES Adaylson Wagner Sousa de Vasconcelos Alexia Eloar F\u00e9lix Cavalcante Aline dos Santos Gouveia Alinne de Morais Oliveira [&hellip;]<\/p>\n","protected":false},"author":47,"featured_media":0,"parent":0,"menu_order":0,"comment_status":"closed","ping_status":"closed","template":"","meta":{"footnotes":""},"class_list":["post-21","page","type-page","status-publish","hentry"],"_links":{"self":[{"href":"https:\/\/www.cchla.ufpb.br\/labfictio\/wp-json\/wp\/v2\/pages\/21","targetHints":{"allow":["GET"]}}],"collection":[{"href":"https:\/\/www.cchla.ufpb.br\/labfictio\/wp-json\/wp\/v2\/pages"}],"about":[{"href":"https:\/\/www.cchla.ufpb.br\/labfictio\/wp-json\/wp\/v2\/types\/page"}],"author":[{"embeddable":true,"href":"https:\/\/www.cchla.ufpb.br\/labfictio\/wp-json\/wp\/v2\/users\/47"}],"replies":[{"embeddable":true,"href":"https:\/\/www.cchla.ufpb.br\/labfictio\/wp-json\/wp\/v2\/comments?post=21"}],"version-history":[{"count":5,"href":"https:\/\/www.cchla.ufpb.br\/labfictio\/wp-json\/wp\/v2\/pages\/21\/revisions"}],"predecessor-version":[{"id":80,"href":"https:\/\/www.cchla.ufpb.br\/labfictio\/wp-json\/wp\/v2\/pages\/21\/revisions\/80"}],"wp:attachment":[{"href":"https:\/\/www.cchla.ufpb.br\/labfictio\/wp-json\/wp\/v2\/media?parent=21"}],"curies":[{"name":"wp","href":"https:\/\/api.w.org\/{rel}","templated":true}]}}