{"id":18,"date":"2014-08-26T14:01:12","date_gmt":"2014-08-26T14:01:12","guid":{"rendered":"http:\/\/www.cchla.ufpb.br\/laept\/?page_id=18"},"modified":"2022-07-29T13:02:13","modified_gmt":"2022-07-29T13:02:13","slug":"publicacoes","status":"publish","type":"page","link":"https:\/\/www.cchla.ufpb.br\/laept\/?page_id=18","title":{"rendered":"Publica\u00e7\u00f5es"},"content":{"rendered":"<div>\n<h3 align=\"justify\"><span style=\"font-family: Calibri, sans-serif;\"><span style=\"font-size: small;\"><a href=\"http:\/\/www.cchla.ufpb.br\/laept\/wp-content\/uploads\/2018\/07\/Livro-Suape-Capa.png\"><img loading=\"lazy\" class=\"alignleft size-medium wp-image-455\" src=\"http:\/\/www.cchla.ufpb.br\/laept\/wp-content\/uploads\/2018\/07\/Livro-Suape-Capa-210x300.png\" alt=\"\" width=\"210\" height=\"300\" srcset=\"https:\/\/www.cchla.ufpb.br\/laept\/wp-content\/uploads\/2018\/07\/Livro-Suape-Capa-210x300.png 210w, https:\/\/www.cchla.ufpb.br\/laept\/wp-content\/uploads\/2018\/07\/Livro-Suape-Capa.png 519w\" sizes=\"(max-width: 210px) 100vw, 210px\" \/><\/a><\/span><\/span><\/h3>\n<p align=\"justify\"><span style=\"font-family: Arial, sans-serif;\"><span style=\"font-size: small;\">CAVALCANTI, Helenilda; SOUZA, Maria \u00c2ngela de Almeida; V\u00c9RAS DE OLIVEIRA, Roberto Veras (Org.) <b>Suape <\/b><b>D<\/b><b>esenvolvimento em <\/b><b>Q<\/b><b>uest\u00e3o. <\/b><b>I<\/b><b>mpactos do Complexo Industrial Portu\u00e1rio de Suape (CIPS)<\/b>: migra\u00e7\u00e3o, trabalho, condi\u00e7\u00f5es de moradia, identidade e novas territorialidades. Recife: Funda\u00e7\u00e3o Joaquim Nabuco, Editora Massangana, 2018. (<a href=\"http:\/\/www.cchla.ufpb.br\/laept\/wp-content\/uploads\/2018\/07\/Cavalcanti-Souza-V\u00e9ras-de-Oliveira-Suape-Desenvolvimento-em-Quest\u00e3o.pdf\" target=\"_blank\" rel=\"noopener\">Dispon\u00edvel Download<\/a>)<\/span><\/span><\/p>\n<p align=\"justify\"><span style=\"font-family: Arial, sans-serif;\"><span style=\"font-size: small;\">Este livro tem como objetivo apresentar os resultados de um estudo que se at\u00e9m aos impactos do Complexo Industrial Portu\u00e1rio de Suape (CIPS) sobre o territ\u00f3rio de sua influ\u00eancia, e trata dos seguintes temas: migra\u00e7\u00e3o, novas territorialidades, trabalho, condi\u00e7\u00f5es de moradia, viol\u00eancia, identidade e bem-estar social, realizado no per\u00edodo de 2013 a 2015. O estudo analisa, de modo mais aprofundado, os impactos do CIPS nos dois munic\u00edpios sobre os quais exerceram influ\u00eancia direta: Cabo de Santo Agostinho e Ipojuca, na perspectiva de dois eixos tem\u00e1ticos: de um lado, os processos migrat\u00f3rios no contexto do acelerado crescimento econ\u00f4mico ocorrido no Territ\u00f3rio Estrat\u00e9gico de Suape (TES), no per\u00edodo de 2005 a 2010; e, de outro, as rela\u00e7\u00f5es de trabalho e as condi\u00e7\u00f5es de moradia na Regi\u00e3o, que rebatem sobre as identidades dos migrantes, o bem-estar social, as formas de viol\u00eancia e as novas territorialidades, que naquele territ\u00f3rio foram sendo institu\u00eddas ao longo desse processo. Para esse prop\u00f3sito, constru\u00edmos uma metodologia de car\u00e1ter quantitativo e qualitativo composta por um sistema de coleta de informa\u00e7\u00f5es formado por tr\u00eas principais etapas: uma pesquisa qualitativa de observa\u00e7\u00e3o antropol\u00f3gica (2013); uma pesquisa de \u201csondagem\u201d dos domic\u00edlios com pelo menos um migrante (2014), aplicada a uma amostra de 5.000 domic\u00edlios urbanos nos munic\u00edpios da \u00e1rea de influ\u00eancia direta do CIPS, tendo como base de dados para a defini\u00e7\u00e3o da amostra o Censo Demogr\u00e1fico de 2010; e uma pesquisa de campo amostral nos domic\u00edlios urbanos com migrantes (2014), tendo como refer\u00eancia esses domic\u00edlios identificados pela \u201csondagem\u201d, da qual foi extra\u00edda uma amostra de 804 domic\u00edlios assim distribu\u00eddos: 385 domic\u00edlios com migrantes para o Cabo de Santo Agostinho e 419 para o munic\u00edpio de Ipojuca. A investiga\u00e7\u00e3o foi o fruto e uma coopera\u00e7\u00e3o bem edificada entre pesquisadores e professores de diversas \u00e1reas do conhecimento da Funda\u00e7\u00e3o Joaquim Nabuco, Universidade Federal de Pernambuco\/ Observat\u00f3rio de Pol\u00edticas P\u00fablicas e Pr\u00e1ticas Socioambientais, Universidade Federal da Para\u00edba\/ Laborat\u00f3rio de Estudos e Pesquisas sobre Trabalho e Pol\u00edticas P\u00fablicas, como ainda de alunos de gradua\u00e7\u00e3o e de programas de p\u00f3s-gradua\u00e7\u00e3o dos programas de mestrado e doutorado em geografia, sociologia e economia, que desenvolvem temas afins sobre a problem\u00e1tica urbana e o desenvolvimento, inclu\u00eddos nas redes interna e externa da pesquisa.<\/span><\/span><\/p>\n<\/div>\n<div><\/div>\n<div>\n<hr \/>\n<\/div>\n<div class=\"layout-cell layout-cell-11\">\n<div class=\"layout-cell-pad-5\" style=\"text-align: justify;\"><span style=\"color: #000000;\"><span style=\"color: #000000;\">\u00a0<b><span style=\"color: #000000;\"><img loading=\"lazy\" class=\"alignleft size-medium wp-image-158\" src=\"http:\/\/www.cchla.ufpb.br\/laept\/wp-content\/uploads\/2014\/08\/img-livro-01-223x300.jpg\" alt=\"img - livro 01\" width=\"223\" height=\"300\" srcset=\"https:\/\/www.cchla.ufpb.br\/laept\/wp-content\/uploads\/2014\/08\/img-livro-01-223x300.jpg 223w, https:\/\/www.cchla.ufpb.br\/laept\/wp-content\/uploads\/2014\/08\/img-livro-01-763x1024.jpg 763w, https:\/\/www.cchla.ufpb.br\/laept\/wp-content\/uploads\/2014\/08\/img-livro-01.jpg 1997w\" sizes=\"(max-width: 223px) 100vw, 223px\" \/><\/span><a class=\"tooltip\" tabindex=\"161\" href=\"http:\/\/lattes.cnpq.br\/1513772085737367\" target=\"_blank\" rel=\"noopener\"><span style=\"color: #000000;\">FARIA, Maur\u00edcio Sard\u00e1 de<\/span><\/a><\/b> .<strong> <a href=\"http:\/\/www.cchla.ufpb.br\/laept\/wp-content\/uploads\/2014\/08\/Maur\u00edcio-Sard\u00e1-Autogest\u00e3o-Cooperativa-e-Economia-Solid\u00e1ria.pdf\" target=\"_blank\" rel=\"noopener\">Autogest\u00e3o, Cooperativa, Economia Solid\u00e1ria: avatares do trabalho e do capital<\/a>.<\/strong> Florian\u00f3polis\/SC: Em Debate &#8211; UFSC, 2011. v. 1. 589p.\u00a0<\/span><\/span>(<a href=\"http:\/\/www.cchla.ufpb.br\/laept\/wp-content\/uploads\/2014\/08\/Maur\u00edcio-Sard\u00e1-Autogest\u00e3o-Cooperativa-e-Economia-Solid\u00e1ria.pdf\" target=\"_blank\" rel=\"noopener\">Dispon\u00edvel Download<\/a>)<\/div>\n<div><\/div>\n<div class=\"layout-cell-pad-5\">\n<div class=\"layout-cell layout-cell-11\">\n<div class=\"layout-cell-pad-5\" style=\"text-align: justify;\">Se o sistema de explora\u00e7\u00e3o na forma efetiva de capital, a forma salarial, est\u00e1 parcialmente em ru\u00ednas, n\u00e3o significa o mesmo da centralidade do trabalho, como vaticinaram te\u00f3ricos e ide\u00f3logos p\u00f3s-modernos \u2013 embora agora silenciem face o quase consenso em torno da busca de pol\u00edticas por mais empregos precarizados, como proposi\u00e7\u00f5es que ganham praticamente todos os governos do capitalismo tardio e dependente. Quase consenso porque os autores mais cr\u00edticos e criteriosos, e as pr\u00e1ticas experimentadas por incont\u00e1veis trabalhadores em diferentes partes do mundo, lembram que a possibilidade de auto-organiza\u00e7\u00e3o dos trabalhadores persiste como renovada. Este \u00e9 um dos m\u00e9ritos do livro do professor Maur\u00edcio Sard\u00e1 de Faria: coloca na ordem do dia a autogest\u00e3o, o cooperativismo e outras formas de solidariedade, por dentro e para al\u00e9m do capital.<\/div>\n<div class=\"layout-cell-pad-5\" style=\"text-align: justify;\"><\/div>\n<div class=\"layout-cell-pad-5\" style=\"text-align: justify;\"><\/div>\n<div class=\"layout-cell-pad-5\" style=\"text-align: justify;\">\n<hr \/>\n<\/div>\n<div class=\"layout-cell-pad-5\" style=\"text-align: justify;\">\n<div lang=\"pt\">\n<div class=\"layout-cell layout-cell-11\">\n<div class=\"layout-cell-pad-5\"><span style=\"color: #000000;\"><img loading=\"lazy\" class=\"alignleft wp-image-166 size-medium\" src=\"http:\/\/www.cchla.ufpb.br\/laept\/wp-content\/uploads\/2014\/08\/img-livro-02-200x300.jpg\" alt=\"img - livro 02\" width=\"200\" height=\"300\" srcset=\"https:\/\/www.cchla.ufpb.br\/laept\/wp-content\/uploads\/2014\/08\/img-livro-02-200x300.jpg 200w, https:\/\/www.cchla.ufpb.br\/laept\/wp-content\/uploads\/2014\/08\/img-livro-02-682x1024.jpg 682w, https:\/\/www.cchla.ufpb.br\/laept\/wp-content\/uploads\/2014\/08\/img-livro-02.jpg 1067w\" sizes=\"(max-width: 200px) 100vw, 200px\" \/>BENINI, E. A.; <b><a class=\"tooltip\" tabindex=\"159\" href=\"http:\/\/lattes.cnpq.br\/1513772085737367\" target=\"_blank\" rel=\"noopener\"><span style=\"color: #000000;\">FARIA, Maur\u00edcio Sard\u00e1 de<\/span><\/a><\/b>; <a class=\"tooltip\" tabindex=\"160\" href=\"http:\/\/lattes.cnpq.br\/5282506732444510\" target=\"_blank\" rel=\"noopener\"><span style=\"color: #000000;\">NOVAES, Henrique Tahan<\/span><\/a>; DAGNINO, R. P. (org.). <a href=\"http:\/\/cirandas.net\/articles\/0010\/1179\/Livro_Gestao_Publica_Sociedade.pdf\" target=\"_blank\" rel=\"noopener\"><strong>Gest\u00e3o P\u00fablica e Sociedade: fundamentos e pol\u00edticas p\u00fablicas de economia solid\u00e1ria<\/strong><\/a>. S\u00e3o Paulo: Outras Express\u00f5es, 2011. v. 1. 480p.\u00a0(<a href=\"http:\/\/cirandas.net\/articles\/0010\/1179\/Livro_Gestao_Publica_Sociedade.pdf\" target=\"_blank\" rel=\"noopener\">Dispon\u00edvel Download<\/a>)<\/span><\/div>\n<div class=\"layout-cell-pad-5\"><\/div>\n<p class=\"layout-cell-pad-5\">Na \u00faltima d\u00e9cada, o campo da Economia Solid\u00e1ria conquistou um importante espa\u00e7o social no Brasil, que vem se materializando no crescimento do n\u00famero de empreendimentos econ\u00f4micos solid\u00e1rios nos mais diversos setores da produ\u00e7\u00e3o, comercializa\u00e7\u00e3o, consumo e finan\u00e7as baseados na autogest\u00e3o, na coopera\u00e7\u00e3o e na solidariedade. Esta colet\u00e2nea de artigos \u00e9 a primeira de um conjunto de dois volumes que comp\u00f5em parte do material did\u00e1tico utilizado na terceira edi\u00e7\u00e3o do curso de especializa\u00e7\u00e3o Gest\u00e3o P\u00fablica e Sociedade, lan\u00e7ado em parceria com a Secretaria Nacional de Economia Solid\u00e1ria (Senaes), do Minist\u00e9rio do Trabalho e Emprego (MTE), atrav\u00e9s de Edital P\u00fablico do ano de 2010. Voltado \u00e0 forma\u00e7\u00e3o de servidores ou gestores p\u00fablicos e representantes dos movimentos sociais que atuam ou pretendem atuar nas pol\u00edticas de Economia Solid\u00e1ria, autogest\u00e3o e cooperativismo, o curso \u00e9 fruto de uma articula\u00e7\u00e3o entre professores da UFT (Universidade Federal do Tocantins) e do Grupo de An\u00e1lise de Pol\u00edticas de Inova\u00e7\u00e3o da Universidade Estadual de Campinas (Gapi\/Unicamp), visando apoiar e fortalecer as a\u00e7\u00f5es no campo das pol\u00edticas p\u00fablicas de Economia Solid\u00e1ria, autogest\u00e3o e cooperativismo.<\/p>\n<div class=\"layout-cell-pad-5\">\n<hr \/>\n<\/div>\n<\/div>\n<div class=\"layout-cell layout-cell-11\">\n<div class=\"layout-cell-pad-5\"><\/div>\n<div class=\"layout-cell-pad-5\"><span style=\"color: #000000;\"><img loading=\"lazy\" class=\"alignleft wp-image-168 size-medium\" src=\"http:\/\/www.cchla.ufpb.br\/laept\/wp-content\/uploads\/2014\/08\/img-livro-03-204x300.jpg\" alt=\"\" width=\"204\" height=\"300\" srcset=\"https:\/\/www.cchla.ufpb.br\/laept\/wp-content\/uploads\/2014\/08\/img-livro-03-204x300.jpg 204w, https:\/\/www.cchla.ufpb.br\/laept\/wp-content\/uploads\/2014\/08\/img-livro-03.jpg 436w\" sizes=\"(max-width: 204px) 100vw, 204px\" \/>RUGGERI, A. (Org.) ; NOVAES, H. T. (Org.) ; <b><a class=\"tooltip\" tabindex=\"153\" href=\"http:\/\/lattes.cnpq.br\/1513772085737367\" target=\"_blank\" rel=\"noopener\"><span style=\"color: #000000;\">FARIA, Maur\u00edcio Sard\u00e1 de<\/span><\/a><\/b> (Org.) . <strong>Crisis y Autogestion en el Siglo XXI<\/strong>. Buenos Aires \/ AR: CONTINENTE, 2014. v. 1. 159p.\u00a0(<a href=\"http:\/\/www.edicontinente.com.ar\/tpl_libro_item_detail.php?id=ECO288\" target=\"_blank\" rel=\"noopener\">+ Info Site da Editora<\/a>)<\/span><\/div>\n<div class=\"layout-cell-pad-5\"><\/div>\n<\/div>\n<\/div>\n<div class=\"layout-cell-pad-5\">Este libro y el que lo contin\u00faa (Trabajo precario e informal) contienen una selecci\u00f3n de trabajos expuestos en el IV Encuentro Internacional &#8220;La Econom\u00eda de los trabajadores&#8221;, un espacio de debate entre trabajadores, cooperativistas, movimientos sociales e intelectuales. En dicho Encuentro se debatieron cerca de 100 trabajos provenientes de m\u00e1s de 15 pa\u00edses de Am\u00e9rica, frica y Europa, algunos de los cuales hemos seleccionado para integrar estos dos libros. Los trabajos reunidos en este volumen tratan de los problemas te\u00f3ricos y pr\u00e1cticos de la autogesti\u00f3n a nivel global y en los pa\u00edses latinoamericanos, especialmente aquellos donde se han desarrollado las empresas recuperadas o autogestionadas por sus trabajadores.<\/div>\n<\/div>\n<\/div>\n<\/div>\n<\/div>\n","protected":false},"excerpt":{"rendered":"<p>CAVALCANTI, Helenilda; SOUZA, Maria \u00c2ngela de Almeida; V\u00c9RAS DE OLIVEIRA, Roberto Veras (Org.) Suape Desenvolvimento em Quest\u00e3o. Impactos do Complexo Industrial Portu\u00e1rio de Suape (CIPS): migra\u00e7\u00e3o, trabalho, condi\u00e7\u00f5es de moradia, identidade e novas territorialidades. Recife: Funda\u00e7\u00e3o Joaquim Nabuco, Editora Massangana, 2018. (Dispon\u00edvel Download) Este livro tem como objetivo apresentar os resultados de um estudo que [&hellip;]<\/p>\n","protected":false},"author":5,"featured_media":0,"parent":0,"menu_order":0,"comment_status":"closed","ping_status":"open","template":"","meta":[],"_links":{"self":[{"href":"https:\/\/www.cchla.ufpb.br\/laept\/index.php?rest_route=\/wp\/v2\/pages\/18"}],"collection":[{"href":"https:\/\/www.cchla.ufpb.br\/laept\/index.php?rest_route=\/wp\/v2\/pages"}],"about":[{"href":"https:\/\/www.cchla.ufpb.br\/laept\/index.php?rest_route=\/wp\/v2\/types\/page"}],"author":[{"embeddable":true,"href":"https:\/\/www.cchla.ufpb.br\/laept\/index.php?rest_route=\/wp\/v2\/users\/5"}],"replies":[{"embeddable":true,"href":"https:\/\/www.cchla.ufpb.br\/laept\/index.php?rest_route=%2Fwp%2Fv2%2Fcomments&post=18"}],"version-history":[{"count":24,"href":"https:\/\/www.cchla.ufpb.br\/laept\/index.php?rest_route=\/wp\/v2\/pages\/18\/revisions"}],"predecessor-version":[{"id":460,"href":"https:\/\/www.cchla.ufpb.br\/laept\/index.php?rest_route=\/wp\/v2\/pages\/18\/revisions\/460"}],"wp:attachment":[{"href":"https:\/\/www.cchla.ufpb.br\/laept\/index.php?rest_route=%2Fwp%2Fv2%2Fmedia&parent=18"}],"curies":[{"name":"wp","href":"https:\/\/api.w.org\/{rel}","templated":true}]}}