{"id":53,"date":"2014-06-13T12:02:32","date_gmt":"2014-06-13T12:02:32","guid":{"rendered":"http:\/\/www.cchla.ufpb.br\/laprol2\/?page_id=53"},"modified":"2014-06-13T12:02:32","modified_gmt":"2014-06-13T12:02:32","slug":"publications","status":"publish","type":"page","link":"https:\/\/www.cchla.ufpb.br\/laprol\/?page_id=53","title":{"rendered":"Publications"},"content":{"rendered":"<p>ALVES, A., LEIT\u00c3O, M. &amp; MELO, M. de F. 2008. Processamento morfol\u00f3gico em adultos e crian\u00e7as com e sem dificuldades de Leitura e Escrita. Veredas on-line, V. 02. Juiz de Fora: UFJF. (ISSN 1982 2243).<br \/>\nQUEIROZ, K. &amp; LEIT\u00c3O, M. M. 2008. Processamento do sujeito anaf\u00f3rico em postugu\u00eas brasileiro. Veredas on-line, V. 02. Juiz de Fora: UFJF. (ISSN 1982 2243).<br \/>\nLEIT\u00c3O, M. M., PEIXOTO, P. &amp; SANTOS, S. 2008. Processamento da co-refer\u00eancia intra-sentencial em portugu\u00eas brasileiro. Veredas on-line, V. 02. Juiz de Fora: UFJF. (ISSN 1982 2243).<br \/>\nLEIT\u00c3O, M. M. 2008. Psicolingu\u00edstica Experimental: focalizando o processamento da linguagem. In: MARTELLOTA, Mario et alii (Orgs.) Manual de Lingu\u00edstica. S\u00e3o Paulo: Editora Contexto. (ISBN 978-85-7244-386-9). p. 217-234.<br \/>\nLEIT\u00c3O, M. M. 2005. Processamento coreferencial de nomes e pronomes em portugu\u00eas brasileiro. Revista Ling\u00fc\u00edstica do Programa de P\u00f3s-gradua\u00e7\u00e3o em Lingu\u00edstica da UFRJ. Vol. 1. No 2. (ISSN 1808-835x). p. 235-258.<br \/>\nLEIT\u00c3O, M. M. 2005. O Processamento do Objeto Direto Anaf\u00f3rico em Portugu\u00eas Brasileiro. Tese de doutorado em Lingu\u00edstica. Faculdade de Letras\/ UFRJ.<\/p>\n","protected":false},"excerpt":{"rendered":"<p>ALVES, A., LEIT\u00c3O, M. &amp; MELO, M. de F. 2008. Processamento morfol\u00f3gico em adultos e crian\u00e7as com e sem dificuldades de Leitura e Escrita. Veredas on-line, V. 02. Juiz de Fora: UFJF. (ISSN 1982 2243). QUEIROZ, K. &amp; LEIT\u00c3O, M. M. 2008. Processamento do sujeito anaf\u00f3rico em postugu\u00eas brasileiro. Veredas on-line, V. 02. Juiz de [&hellip;]<\/p>\n","protected":false},"author":2,"featured_media":0,"parent":0,"menu_order":0,"comment_status":"closed","ping_status":"open","template":"","meta":[],"_links":{"self":[{"href":"https:\/\/www.cchla.ufpb.br\/laprol\/index.php?rest_route=\/wp\/v2\/pages\/53"}],"collection":[{"href":"https:\/\/www.cchla.ufpb.br\/laprol\/index.php?rest_route=\/wp\/v2\/pages"}],"about":[{"href":"https:\/\/www.cchla.ufpb.br\/laprol\/index.php?rest_route=\/wp\/v2\/types\/page"}],"author":[{"embeddable":true,"href":"https:\/\/www.cchla.ufpb.br\/laprol\/index.php?rest_route=\/wp\/v2\/users\/2"}],"replies":[{"embeddable":true,"href":"https:\/\/www.cchla.ufpb.br\/laprol\/index.php?rest_route=%2Fwp%2Fv2%2Fcomments&post=53"}],"version-history":[{"count":1,"href":"https:\/\/www.cchla.ufpb.br\/laprol\/index.php?rest_route=\/wp\/v2\/pages\/53\/revisions"}],"predecessor-version":[{"id":55,"href":"https:\/\/www.cchla.ufpb.br\/laprol\/index.php?rest_route=\/wp\/v2\/pages\/53\/revisions\/55"}],"wp:attachment":[{"href":"https:\/\/www.cchla.ufpb.br\/laprol\/index.php?rest_route=%2Fwp%2Fv2%2Fmedia&parent=53"}],"curies":[{"name":"wp","href":"https:\/\/api.w.org\/{rel}","templated":true}]}}

<p>ALVES, A., LEITÃO, M. &amp; MELO, M. de F. 2008. Processamento morfológico em adultos e crianças com e sem dificuldades de Leitura e Escrita. Veredas on-line, V. 02. Juiz de Fora: UFJF. (ISSN 1982 2243).<br />
QUEIROZ, K. &amp; LEITÃO, M. M. 2008. Processamento do sujeito anafórico em postuguês brasileiro. Veredas on-line, V. 02. Juiz de Fora: UFJF. (ISSN 1982 2243).<br />
LEITÃO, M. M., PEIXOTO, P. &amp; SANTOS, S. 2008. Processamento da co-referência intra-sentencial em português brasileiro. Veredas on-line, V. 02. Juiz de Fora: UFJF. (ISSN 1982 2243).<br />
LEITÃO, M. M. 2008. Psicolinguística Experimental: focalizando o processamento da linguagem. In: MARTELLOTA, Mario et alii (Orgs.) Manual de Linguística. São Paulo: Editora Contexto. (ISBN 978-85-7244-386-9). p. 217-234.<br />
LEITÃO, M. M. 2005. Processamento coreferencial de nomes e pronomes em português brasileiro. Revista Lingüística do Programa de Pós-graduação em Linguística da UFRJ. Vol. 1. No 2. (ISSN 1808-835x). p. 235-258.<br />
LEITÃO, M. M. 2005. O Processamento do Objeto Direto Anafórico em Português Brasileiro. Tese de doutorado em Linguística. Faculdade de Letras/ UFRJ.</p>

<p>ALVES, A., LEITÃO, M. &amp; MELO, M. de F. 2008. Processamento morfológico em adultos e crianças com e sem dificuldades de Leitura e Escrita. Veredas on-line, V. 02. Juiz de Fora: UFJF. (ISSN 1982 2243). QUEIROZ, K. &amp; LEITÃO, M. M. 2008. Processamento do sujeito anafórico em postuguês brasileiro. Veredas on-line, V. 02. Juiz de [&hellip;]</p>
