{"id":29,"date":"2024-03-11T12:53:28","date_gmt":"2024-03-11T12:53:28","guid":{"rendered":"https:\/\/www.cchla.ufpb.br\/leani\/?page_id=29"},"modified":"2024-11-28T22:23:42","modified_gmt":"2024-11-29T01:23:42","slug":"ingresso","status":"publish","type":"page","link":"https:\/\/www.cchla.ufpb.br\/leani\/institucional\/ingresso\/","title":{"rendered":"Ingresso"},"content":{"rendered":"\n<p><strong><a href=\"http:\/\/www.prg.ufpb.br\/prg\/codesc\/capa-codesc\" target=\"_blank\" rel=\"noreferrer noopener\">Editais de gradua\u00e7\u00e3o<\/a><\/strong><\/p>\n\n\n\n<p><strong><a href=\"http:\/\/www.cchla.ufpb.br\/siagcchla\/contents\/paginas\/pasta-de-paginas-area-discente\/ingresso-de-graduados\" target=\"_blank\" rel=\"noreferrer noopener\">Ingresso de graduados<\/a><\/strong><\/p>\n\n\n\n<p><strong><a href=\"http:\/\/www.cchla.ufpb.br\/leani\/wp-content\/uploads\/sites\/122\/sites\/156\/2024\/05\/reingresso.pdf\" target=\"_blank\" rel=\"noreferrer noopener\">Reingresso<\/a><\/strong><\/p>\n\n\n\n<p><strong><a href=\"http:\/\/www.cchla.ufpb.br\/siagcchla\/contents\/paginas\/pasta-de-paginas-area-discente\/reopcao-de-curso\" target=\"_blank\" rel=\"noreferrer noopener\">Reop\u00e7\u00e3o de curso<\/a><\/strong><\/p>\n","protected":false},"excerpt":{"rendered":"<p>Editais de gradua\u00e7\u00e3o Ingresso de graduados Reingresso Reop\u00e7\u00e3o de curso<\/p>\n","protected":false},"author":47,"featured_media":0,"parent":23,"menu_order":0,"comment_status":"closed","ping_status":"closed","template":"","meta":{"footnotes":""},"class_list":["post-29","page","type-page","status-publish","hentry"],"_links":{"self":[{"href":"https:\/\/www.cchla.ufpb.br\/leani\/wp-json\/wp\/v2\/pages\/29","targetHints":{"allow":["GET"]}}],"collection":[{"href":"https:\/\/www.cchla.ufpb.br\/leani\/wp-json\/wp\/v2\/pages"}],"about":[{"href":"https:\/\/www.cchla.ufpb.br\/leani\/wp-json\/wp\/v2\/types\/page"}],"author":[{"embeddable":true,"href":"https:\/\/www.cchla.ufpb.br\/leani\/wp-json\/wp\/v2\/users\/47"}],"replies":[{"embeddable":true,"href":"https:\/\/www.cchla.ufpb.br\/leani\/wp-json\/wp\/v2\/comments?post=29"}],"version-history":[{"count":3,"href":"https:\/\/www.cchla.ufpb.br\/leani\/wp-json\/wp\/v2\/pages\/29\/revisions"}],"predecessor-version":[{"id":153,"href":"https:\/\/www.cchla.ufpb.br\/leani\/wp-json\/wp\/v2\/pages\/29\/revisions\/153"}],"up":[{"embeddable":true,"href":"https:\/\/www.cchla.ufpb.br\/leani\/wp-json\/wp\/v2\/pages\/23"}],"wp:attachment":[{"href":"https:\/\/www.cchla.ufpb.br\/leani\/wp-json\/wp\/v2\/media?parent=29"}],"curies":[{"name":"wp","href":"https:\/\/api.w.org\/{rel}","templated":true}]}}