{"id":50,"date":"2024-03-11T13:14:23","date_gmt":"2024-03-11T13:14:23","guid":{"rendered":"https:\/\/www.cchla.ufpb.br\/leani\/?page_id=50"},"modified":"2024-11-28T22:23:54","modified_gmt":"2024-11-29T01:23:54","slug":"extensao","status":"publish","type":"page","link":"https:\/\/www.cchla.ufpb.br\/leani\/atividades\/extensao\/","title":{"rendered":"Extens\u00e3o"},"content":{"rendered":"\n<h2 class=\"wp-block-heading\">Projetos de extens\u00e3o coordenados por docentes do nosso curso:<\/h2>\n\n\n\n<p><\/p>\n\n\n\n<p>UFPB no seu munic\u00edpio:<strong> InterA\u00e7\u00f5es: capacitando os colaboradores do Shopping Rural\u00a0@docestambaba\u00a0, no Conde-PB<\/strong><\/p>\n\n\n\n<p>Coord.: Profa. Dra. Ana Carolina Vieira Bastos<\/p>\n\n\n\n<p><\/p>\n\n\n\n<p><\/p>\n\n\n\n<p>Extens\u00e3o: <strong>MOBILANG: mobilidade, cidadania e plurilinguismo<\/strong><\/p>\n\n\n\n<p>Coordenadora: Prof<sup>a<\/sup>. Dr<sup>a<\/sup>. Maria Rennally Soares da Silva<br>Coordenadora adjunta: Prof<sup>a<\/sup>. Dr<sup>a<\/sup>. \u00c1ngela Mar\u00eda Erazo Mu\u00f1oz<\/p>\n\n\n\n<p><\/p>\n\n\n\n<p><\/p>\n\n\n\n<p>Extens\u00e3o FLUEX: <strong>Media\u00e7\u00e3o intercultural e sustentabilidade: preparando profissionais do turismo para a COP 30<\/strong><\/p>\n\n\n\n<p>Coordenadora: Prof<sup>a<\/sup>. Maria Rennally Soares da Silva<br>Coord. adjunta: Prof<sup>a<\/sup>. K\u00e1ria Fraga <br>Colaborador: Prof. Samuel Rufino <br>Colaboradora: Prof<sup>a<\/sup>. Gilmara Castor<br>Colaboradora: Profa. Sandra Gurgel <br>Colaboradora: Prof<sup>a<\/sup>. Josilene Pinheiro-Mariz<\/p>\n\n\n\n<p><\/p>\n\n\n\n<h2 class=\"wp-block-heading\">Outros projetos que costumam contar com a colabora\u00e7\u00e3o dos nossos docentes e discentes:<\/h2>\n\n\n\n<p>PROBEX COMEX UFPB<strong> -PROJETO DE EXTENS\u00c3O EM COM\u00c9RCIO EXTERIOR DA UNIVERSIDADE FEDERAL DA PARA\u00cdBA\u00a0<\/strong><\/p>\n\n\n\n<p>Coordenadora: M\u00e1rcia Cristina Silva Paix\u00e3o<\/p>\n\n\n\n<p>O&nbsp;projetotem por objetivos proporcionar e democratizar conhecimentos de Com\u00e9rcio Exterior no estado da Para\u00edba, desenvolver vis\u00e3o estrat\u00e9gica para atua\u00e7\u00e3o profissional e empreendedora na \u00e1rea e, em especial, fomentar o com\u00e9rcio exterior no Estado.<\/p>\n\n\n\n<p>Redes sociais: Instagram: @probexcomex \/ Facebook:&nbsp;facebook.com\/probexcomexufpb\/<\/p>\n\n\n\n<p><\/p>\n","protected":false},"excerpt":{"rendered":"<p>Projetos de extens\u00e3o coordenados por docentes do nosso curso: UFPB no seu munic\u00edpio: InterA\u00e7\u00f5es: capacitando os colaboradores do Shopping Rural\u00a0@docestambaba\u00a0, no Conde-PB Coord.: Profa. Dra. Ana Carolina Vieira Bastos Extens\u00e3o: MOBILANG: mobilidade, cidadania e plurilinguismo Coordenadora: Profa. Dra. Maria Rennally Soares da SilvaCoordenadora adjunta: Profa. Dra. \u00c1ngela Mar\u00eda Erazo Mu\u00f1oz Extens\u00e3o FLUEX: Media\u00e7\u00e3o intercultural e [&hellip;]<\/p>\n","protected":false},"author":47,"featured_media":0,"parent":25,"menu_order":0,"comment_status":"closed","ping_status":"closed","template":"","meta":{"footnotes":""},"class_list":["post-50","page","type-page","status-publish","hentry"],"_links":{"self":[{"href":"https:\/\/www.cchla.ufpb.br\/leani\/wp-json\/wp\/v2\/pages\/50","targetHints":{"allow":["GET"]}}],"collection":[{"href":"https:\/\/www.cchla.ufpb.br\/leani\/wp-json\/wp\/v2\/pages"}],"about":[{"href":"https:\/\/www.cchla.ufpb.br\/leani\/wp-json\/wp\/v2\/types\/page"}],"author":[{"embeddable":true,"href":"https:\/\/www.cchla.ufpb.br\/leani\/wp-json\/wp\/v2\/users\/47"}],"replies":[{"embeddable":true,"href":"https:\/\/www.cchla.ufpb.br\/leani\/wp-json\/wp\/v2\/comments?post=50"}],"version-history":[{"count":12,"href":"https:\/\/www.cchla.ufpb.br\/leani\/wp-json\/wp\/v2\/pages\/50\/revisions"}],"predecessor-version":[{"id":181,"href":"https:\/\/www.cchla.ufpb.br\/leani\/wp-json\/wp\/v2\/pages\/50\/revisions\/181"}],"up":[{"embeddable":true,"href":"https:\/\/www.cchla.ufpb.br\/leani\/wp-json\/wp\/v2\/pages\/25"}],"wp:attachment":[{"href":"https:\/\/www.cchla.ufpb.br\/leani\/wp-json\/wp\/v2\/media?parent=50"}],"curies":[{"name":"wp","href":"https:\/\/api.w.org\/{rel}","templated":true}]}}