{"id":462,"date":"2022-04-11T11:07:46","date_gmt":"2022-04-11T14:07:46","guid":{"rendered":"http:\/\/www.cchla.ufpb.br\/libras\/?page_id=462"},"modified":"2022-07-11T10:10:51","modified_gmt":"2022-07-11T13:10:51","slug":"trabalho-de-conclusao-de-curso","status":"publish","type":"page","link":"https:\/\/www.cchla.ufpb.br\/libras\/trabalho-de-conclusao-de-curso\/","title":{"rendered":"Trabalho de Conclus\u00e3o de Curso"},"content":{"rendered":"\n<p>O Trabalho de Conclus\u00e3o de Curso \u00e9 requisito obrigat\u00f3rio para a obten\u00e7\u00e3o do t\u00edtulo de Licenciatura em Letras Libras. O TCC \u00e9 regido pela <a href=\"https:\/\/www.cchla.ufpb.br\/libras\/wp-content\/uploads\/2022\/07\/Resolucao-01_2022CLL-TCC.pdf\" target=\"_blank\" rel=\"noreferrer noopener\">Resolu\u00e7\u00e3o n\u00ba 1\/2022 &#8211; CLL.<\/a><\/p>\n\n\n\n<p><\/p>\n\n\n\n<p><a rel=\"noreferrer noopener\" href=\"https:\/\/www.cchla.ufpb.br\/libras\/wp-content\/uploads\/2022\/04\/MODELO-AtadedefesaTCC-Letras_Libras.docx\" target=\"_blank\">MODELO &#8211; Ata de defesa do Trabalho de Conclus\u00e3o de Curso &#8211; Letras Libras EAD<\/a><\/p>\n\n\n\n<p><a rel=\"noreferrer noopener\" href=\"https:\/\/www.cchla.ufpb.br\/libras\/wp-content\/uploads\/2022\/06\/Orientacoes-para-confeccao-de-ficha-catalografica-do-TCC.pdf\" target=\"_blank\">Orienta\u00e7\u00f5es para confec\u00e7\u00e3o de ficha catalogr\u00e1fica (apenas na vers\u00e3o final)<\/a><\/p>\n\n\n\n<p><\/p>\n\n\n\n<p><\/p>\n","protected":false},"excerpt":{"rendered":"<p>O Trabalho de Conclus\u00e3o de Curso \u00e9 requisito obrigat\u00f3rio para a obten\u00e7\u00e3o do t\u00edtulo de Licenciatura em Letras Libras. O TCC \u00e9 regido pela Resolu\u00e7\u00e3o n\u00ba 1\/2022 &#8211; CLL. MODELO &#8211; Ata de defesa do Trabalho de Conclus\u00e3o de Curso &#8211; Letras Libras EAD Orienta\u00e7\u00f5es para confec\u00e7\u00e3o de ficha catalogr\u00e1fica (apenas na vers\u00e3o final)<\/p>\n","protected":false},"author":4,"featured_media":0,"parent":0,"menu_order":0,"comment_status":"closed","ping_status":"closed","template":"","meta":{"footnotes":""},"class_list":["post-462","page","type-page","status-publish","hentry"],"_links":{"self":[{"href":"https:\/\/www.cchla.ufpb.br\/libras\/wp-json\/wp\/v2\/pages\/462"}],"collection":[{"href":"https:\/\/www.cchla.ufpb.br\/libras\/wp-json\/wp\/v2\/pages"}],"about":[{"href":"https:\/\/www.cchla.ufpb.br\/libras\/wp-json\/wp\/v2\/types\/page"}],"author":[{"embeddable":true,"href":"https:\/\/www.cchla.ufpb.br\/libras\/wp-json\/wp\/v2\/users\/4"}],"replies":[{"embeddable":true,"href":"https:\/\/www.cchla.ufpb.br\/libras\/wp-json\/wp\/v2\/comments?post=462"}],"version-history":[{"count":9,"href":"https:\/\/www.cchla.ufpb.br\/libras\/wp-json\/wp\/v2\/pages\/462\/revisions"}],"predecessor-version":[{"id":582,"href":"https:\/\/www.cchla.ufpb.br\/libras\/wp-json\/wp\/v2\/pages\/462\/revisions\/582"}],"wp:attachment":[{"href":"https:\/\/www.cchla.ufpb.br\/libras\/wp-json\/wp\/v2\/media?parent=462"}],"curies":[{"name":"wp","href":"https:\/\/api.w.org\/{rel}","templated":true}]}}