{"id":25,"date":"2025-03-14T18:52:31","date_gmt":"2025-03-14T18:52:31","guid":{"rendered":"https:\/\/www.cchla.ufpb.br\/memorial\/?page_id=25"},"modified":"2025-11-19T13:09:37","modified_gmt":"2025-11-19T13:09:37","slug":"livro-50-anos-do-cchla","status":"publish","type":"page","link":"https:\/\/www.cchla.ufpb.br\/memorial\/livro-50-anos-do-cchla\/","title":{"rendered":"Livro 50 anos do CCHLA"},"content":{"rendered":"\n<div data-wp-interactive=\"core\/file\" class=\"wp-block-file\"><object data-wp-bind--hidden=\"!state.hasPdfPreview\" hidden class=\"wp-block-file__embed\" data=\"https:\/\/www.cchla.ufpb.br\/memorial\/wp-content\/uploads\/sites\/122\/sites\/244\/2025\/11\/livro-16x22_merged.pdf\" type=\"application\/pdf\" style=\"width:100%;height:200px\" aria-label=\"Incorporado de livro 16x22_merged.\"><\/object><a id=\"wp-block-file--media-8cc906d6-92f2-4181-9ac0-41431319c149\" href=\"https:\/\/www.cchla.ufpb.br\/memorial\/wp-content\/uploads\/sites\/122\/sites\/244\/2025\/11\/livro-16x22_merged.pdf\">livro 16x22_merged<\/a><a href=\"https:\/\/www.cchla.ufpb.br\/memorial\/wp-content\/uploads\/sites\/122\/sites\/244\/2025\/11\/livro-16x22_merged.pdf\" class=\"wp-block-file__button wp-element-button\" download aria-describedby=\"wp-block-file--media-8cc906d6-92f2-4181-9ac0-41431319c149\">Baixar<\/a><\/div>\n\n\n\n<p>Os 50 anos do Centro de Ci\u00eancias Humanas, Letras e Artes (CCHLA) da UFPB, completados neste ano de 2024, foi celebrado com muito entusiasmo por sua comunidade.<br>Entre os dias 26 e 30 de agosto, foi realizada a XII edi\u00e7\u00e3o do \u201cCCHLA CONHECIMENTO EM DEBATE\u201d, tradicional evento que, neste ano, teve como tema \u201cUNIVERSIDADE E CONSTRU\u00c7\u00c3O DA DEMOCRACIA: A SOMA DE TODOS OS TEMPOS\u201d, pois, afinal, a democracia e a luta pela sua conquista e preserva\u00e7\u00e3o sempre foram pontos nodais deste Centro. A cerim\u00f4nia de abertura, realizada na noite do dia 26 de agosto, iniciou com uma apresenta\u00e7\u00e3o do grupo de maracatu \u201cQuilombo Nag\u00f4\u201d em plena Pra\u00e7a da Alegria, que se seguiu de uma confer\u00eancia ministrada pelo cientista pol\u00edtico Luis Felipe Miguel (UNB), que lotou nossos audit\u00f3rios 411 e 412. Durante toda a semana, foram realizadas dezenas de atividades, que inclu\u00edram palestras, minicursos, mesas redondas, sess\u00f5es tem\u00e1ticas, lan\u00e7amentos de livros e apresenta\u00e7\u00f5es culturais, todas com amplo envolvimento da comunidade do Centro, com especial destaque para a relevante participa\u00e7\u00e3o estudantil. Encerrando o evento, na manh\u00e3 do dia 30 de agosto, foi realizada uma sess\u00e3o solene, que contou com a presen\u00e7a da maior parte dos ex-diretores e ex-vice-diretores do CCHLA, representados pelo discurso proferido pela ex-diretora M\u00f4nica N\u00f3brega, \u00e0 \u00e9poca, vice-reitora eleita da UFPB. O sucesso do XII CCHLA CONHECIMENTO EM DEBATE foi uma prova da vitalidade do CCHLA, na ocasi\u00e3o dos seus 50 anos.<br>O livro que temos em m\u00e3os \u00e9 parte importante da comemora\u00e7\u00e3o desses 50 anos do CCHLA. Com sua comiss\u00e3o organizadora aprovada pelo Conselho do CCHLA e formada pela professora Monique Cittadino e pelos professores \u00c2ngelo Em\u00edlio Pessoa, Paulo Giovani Nunes e Rodrigo Freire, trata-se de uma obra coletiva e escrita a muitas m\u00e3os. O engajamento de tantas pessoas na produ\u00e7\u00e3o desse livro tamb\u00e9m expressa a apropria\u00e7\u00e3o que a comunidade do CCHLA faz da sua pr\u00f3pria hist\u00f3ria, no marco dos seus 50 anos.<\/p>\n","protected":false},"excerpt":{"rendered":"<p>Os 50 anos do Centro de Ci\u00eancias Humanas, Letras e Artes (CCHLA) da UFPB, completados neste ano de 2024, foi celebrado com muito entusiasmo por sua comunidade.Entre os dias 26 e 30 de agosto, foi realizada a XII edi\u00e7\u00e3o do \u201cCCHLA CONHECIMENTO EM DEBATE\u201d, tradicional evento que, neste ano, teve como tema \u201cUNIVERSIDADE E CONSTRU\u00c7\u00c3O [&hellip;]<\/p>\n","protected":false},"author":47,"featured_media":60,"parent":0,"menu_order":0,"comment_status":"closed","ping_status":"closed","template":"","meta":{"footnotes":""},"class_list":["post-25","page","type-page","status-publish","has-post-thumbnail","hentry"],"_links":{"self":[{"href":"https:\/\/www.cchla.ufpb.br\/memorial\/wp-json\/wp\/v2\/pages\/25","targetHints":{"allow":["GET"]}}],"collection":[{"href":"https:\/\/www.cchla.ufpb.br\/memorial\/wp-json\/wp\/v2\/pages"}],"about":[{"href":"https:\/\/www.cchla.ufpb.br\/memorial\/wp-json\/wp\/v2\/types\/page"}],"author":[{"embeddable":true,"href":"https:\/\/www.cchla.ufpb.br\/memorial\/wp-json\/wp\/v2\/users\/47"}],"replies":[{"embeddable":true,"href":"https:\/\/www.cchla.ufpb.br\/memorial\/wp-json\/wp\/v2\/comments?post=25"}],"version-history":[{"count":4,"href":"https:\/\/www.cchla.ufpb.br\/memorial\/wp-json\/wp\/v2\/pages\/25\/revisions"}],"predecessor-version":[{"id":61,"href":"https:\/\/www.cchla.ufpb.br\/memorial\/wp-json\/wp\/v2\/pages\/25\/revisions\/61"}],"wp:featuredmedia":[{"embeddable":true,"href":"https:\/\/www.cchla.ufpb.br\/memorial\/wp-json\/wp\/v2\/media\/60"}],"wp:attachment":[{"href":"https:\/\/www.cchla.ufpb.br\/memorial\/wp-json\/wp\/v2\/media?parent=25"}],"curies":[{"name":"wp","href":"https:\/\/api.w.org\/{rel}","templated":true}]}}

<div data-wp-interactive="core/file" class="wp-block-file"><object data-wp-bind--hidden="!state.hasPdfPreview" hidden class="wp-block-file__embed" data="https://www.cchla.ufpb.br/memorial/wp-content/uploads/sites/122/sites/244/2025/11/livro-16x22_merged.pdf" type="application/pdf" style="width:100%;height:200px" aria-label="Incorporado de livro 16x22_merged."></object><a id="wp-block-file--media-8cc906d6-92f2-4181-9ac0-41431319c149" href="https://www.cchla.ufpb.br/memorial/wp-content/uploads/sites/122/sites/244/2025/11/livro-16x22_merged.pdf">livro 16x22_merged</a><a href="https://www.cchla.ufpb.br/memorial/wp-content/uploads/sites/122/sites/244/2025/11/livro-16x22_merged.pdf" class="wp-block-file__button wp-element-button" download aria-describedby="wp-block-file--media-8cc906d6-92f2-4181-9ac0-41431319c149">Baixar</a></div>



<p>Os 50 anos do Centro de Ciências Humanas, Letras e Artes (CCHLA) da UFPB, completados neste ano de 2024, foi celebrado com muito entusiasmo por sua comunidade.<br>Entre os dias 26 e 30 de agosto, foi realizada a XII edição do “CCHLA CONHECIMENTO EM DEBATE”, tradicional evento que, neste ano, teve como tema “UNIVERSIDADE E CONSTRUÇÃO DA DEMOCRACIA: A SOMA DE TODOS OS TEMPOS”, pois, afinal, a democracia e a luta pela sua conquista e preservação sempre foram pontos nodais deste Centro. A cerimônia de abertura, realizada na noite do dia 26 de agosto, iniciou com uma apresentação do grupo de maracatu “Quilombo Nagô” em plena Praça da Alegria, que se seguiu de uma conferência ministrada pelo cientista político Luis Felipe Miguel (UNB), que lotou nossos auditórios 411 e 412. Durante toda a semana, foram realizadas dezenas de atividades, que incluíram palestras, minicursos, mesas redondas, sessões temáticas, lançamentos de livros e apresentações culturais, todas com amplo envolvimento da comunidade do Centro, com especial destaque para a relevante participação estudantil. Encerrando o evento, na manhã do dia 30 de agosto, foi realizada uma sessão solene, que contou com a presença da maior parte dos ex-diretores e ex-vice-diretores do CCHLA, representados pelo discurso proferido pela ex-diretora Mônica Nóbrega, à época, vice-reitora eleita da UFPB. O sucesso do XII CCHLA CONHECIMENTO EM DEBATE foi uma prova da vitalidade do CCHLA, na ocasião dos seus 50 anos.<br>O livro que temos em mãos é parte importante da comemoração desses 50 anos do CCHLA. Com sua comissão organizadora aprovada pelo Conselho do CCHLA e formada pela professora Monique Cittadino e pelos professores Ângelo Emílio Pessoa, Paulo Giovani Nunes e Rodrigo Freire, trata-se de uma obra coletiva e escrita a muitas mãos. O engajamento de tantas pessoas na produção desse livro também expressa a apropriação que a comunidade do CCHLA faz da sua própria história, no marco dos seus 50 anos.</p>

<p>Os 50 anos do Centro de Ciências Humanas, Letras e Artes (CCHLA) da UFPB, completados neste ano de 2024, foi celebrado com muito entusiasmo por sua comunidade.Entre os dias 26 e 30 de agosto, foi realizada a XII edição do “CCHLA CONHECIMENTO EM DEBATE”, tradicional evento que, neste ano, teve como tema “UNIVERSIDADE E CONSTRUÇÃO [&hellip;]</p>
