{"id":29,"date":"2025-02-05T19:52:23","date_gmt":"2025-02-05T19:52:23","guid":{"rendered":"https:\/\/www.cchla.ufpb.br\/plei2\/?page_id=29"},"modified":"2025-11-18T22:55:37","modified_gmt":"2025-11-18T22:55:37","slug":"certificados","status":"publish","type":"page","link":"https:\/\/www.cchla.ufpb.br\/plei\/certificados\/","title":{"rendered":"Projetos"},"content":{"rendered":"\n<h2 class=\"wp-block-heading\">Pesquisa<\/h2>\n\n\n\n<p>CONTRIBUI\u00c7\u00d5ES DA SEM\u00c2NTICA PARA O ENSINO DE PORTUGU\u00caS PARA ESTRANGEIROS (sob a coordena\u00e7\u00e3o do Prof. Dr. Jos\u00e9 Wellisten Abreu de Souza)<\/p>\n\n\n\n<h2 class=\"wp-block-heading\">Extens\u00e3o<\/h2>\n\n\n\n<p>INTERNACIONALIZA\u00c7\u00c3O ATRAV\u00c9S DA EXTENS\u00c3O: a\u00e7\u00f5es do PLEI-UFPB no acolhimento de estudantes estrangeiros e na forma\u00e7\u00e3o de estudantes de Letras (sob a coordena\u00e7\u00e3o do Prof. Dr. Jos\u00e9 Wellisten Abreu de Souza)<\/p>\n\n\n\n<p>PRODU\u00c7\u00c3O DE MULTIMEIOS: colaborando com o PLEI no acolhimento e forma\u00e7\u00e3o dos estudantes estrangeiros (sob a coordena\u00e7\u00e3o da Profa. Dra. Carolina Coelho Aragon)<\/p>\n","protected":false},"excerpt":{"rendered":"<p>Pesquisa CONTRIBUI\u00c7\u00d5ES DA SEM\u00c2NTICA PARA O ENSINO DE PORTUGU\u00caS PARA ESTRANGEIROS (sob a coordena\u00e7\u00e3o do Prof. Dr. Jos\u00e9 Wellisten Abreu de Souza) Extens\u00e3o INTERNACIONALIZA\u00c7\u00c3O ATRAV\u00c9S DA EXTENS\u00c3O: a\u00e7\u00f5es do PLEI-UFPB no acolhimento de estudantes estrangeiros e na forma\u00e7\u00e3o de estudantes de Letras (sob a coordena\u00e7\u00e3o do Prof. Dr. Jos\u00e9 Wellisten Abreu de Souza) PRODU\u00c7\u00c3O DE [&hellip;]<\/p>\n","protected":false},"author":47,"featured_media":0,"parent":0,"menu_order":0,"comment_status":"closed","ping_status":"closed","template":"","meta":{"footnotes":""},"class_list":["post-29","page","type-page","status-publish","hentry"],"_links":{"self":[{"href":"https:\/\/www.cchla.ufpb.br\/plei\/wp-json\/wp\/v2\/pages\/29","targetHints":{"allow":["GET"]}}],"collection":[{"href":"https:\/\/www.cchla.ufpb.br\/plei\/wp-json\/wp\/v2\/pages"}],"about":[{"href":"https:\/\/www.cchla.ufpb.br\/plei\/wp-json\/wp\/v2\/types\/page"}],"author":[{"embeddable":true,"href":"https:\/\/www.cchla.ufpb.br\/plei\/wp-json\/wp\/v2\/users\/47"}],"replies":[{"embeddable":true,"href":"https:\/\/www.cchla.ufpb.br\/plei\/wp-json\/wp\/v2\/comments?post=29"}],"version-history":[{"count":5,"href":"https:\/\/www.cchla.ufpb.br\/plei\/wp-json\/wp\/v2\/pages\/29\/revisions"}],"predecessor-version":[{"id":203,"href":"https:\/\/www.cchla.ufpb.br\/plei\/wp-json\/wp\/v2\/pages\/29\/revisions\/203"}],"wp:attachment":[{"href":"https:\/\/www.cchla.ufpb.br\/plei\/wp-json\/wp\/v2\/media?parent=29"}],"curies":[{"name":"wp","href":"https:\/\/api.w.org\/{rel}","templated":true}]}}