{"id":35,"date":"2025-02-05T20:04:10","date_gmt":"2025-02-05T20:04:10","guid":{"rendered":"https:\/\/www.cchla.ufpb.br\/plei2\/?page_id=35"},"modified":"2025-02-24T19:46:10","modified_gmt":"2025-02-24T19:46:10","slug":"artigos","status":"publish","type":"page","link":"https:\/\/www.cchla.ufpb.br\/plei\/publicacoes\/artigos\/","title":{"rendered":"Artigos"},"content":{"rendered":"\n<p><strong>2022<\/strong><\/p>\n\n\n\n<p>CORDEIRO, Rebecka Diniz; SOUZA, Jos\u00e9 Wellisten Abreu de. O conhecimento em sem\u00e2ntica e o exame Celpe-bras: elementos provocadores em foco. In: REPLI &#8211; Revista de Estudos de Portugu\u00eas L\u00edngua Internacional. Vol. 2, N. 1 (jan.\/abr.), p. 116-131, 2022. Dispon\u00edvel em:<a href=\"https:\/\/%20https\/\/www.e-publicacoes.uerj.br\/index.php\/repli\/article\/view\/63688\/42971\" target=\"_blank\" rel=\"noreferrer noopener\">&nbsp;https:\/\/www.e-publicacoes.uerj.br\/index.php\/repli\/article\/view\/63688\/42971<\/a>, acesso em 15 ago. 2022.<\/p>\n\n\n\n<p class=\" \">&nbsp;<\/p>\n\n\n\n<hr class=\"wp-block-separator has-alpha-channel-opacity\" \/>\n\n\n\n<p><strong>2021<\/strong><\/p>\n\n\n\n<p>Rafaela de Souza Viana<br>Jos\u00e9 Wellisten Abreu de Souza<\/p>\n\n\n\n<p class=\" \"><a href=\"https:\/\/revistas.ifg.edu.br\/rec\/article\/view\/1014\" target=\"_blank\" rel=\"noreferrer noopener\">O ensino de PLE na plataforma virtual Google Sala de Aula<\/a><\/p>\n\n\n\n<p class=\" \">&nbsp;<\/p>\n\n\n\n<hr class=\"wp-block-separator has-alpha-channel-opacity\" \/>\n\n\n\n<p><strong>2020<\/strong><\/p>\n\n\n\n<p>Jessye Kessiade Carvalho Pereira<br>Oriana de Nadai Fulaneti<br><\/p>\n\n\n\n<p><a href=\"https:\/\/periodicos.ufpb.br\/ojs\/index.php\/prolingua\/article\/view\/52218\/31826\" target=\"_blank\" rel=\"noreferrer noopener\">O CORPO EM EXPOSI\u00c7\u00c3O: AN\u00c1LISE SEMI\u00d3TICA DO PADR\u00c3O DE BELEZA&nbsp;FEMININA&nbsp;NA PROVA ORAL DO CELPE-BRAS<\/a><\/p>\n\n\n\n<p><\/p>\n\n\n\n<hr class=\"wp-block-separator has-alpha-channel-opacity\" \/>\n\n\n\n<p><strong>2019<\/strong><\/p>\n\n\n\n<p>Gesil\u00e2ndia Evelyn de Oliveira Melo<br>Jos\u00e9 Wellisten Abreu de Souza<\/p>\n\n\n\n<p><a href=\"https:\/\/periodicos.ufac.br\/index.php\/mui\/article\/view\/2780\/2039\" target=\"_blank\" rel=\"noreferrer noopener\">ABORDAGEM COMUNICATIVA: ELO ENTRE O LIVRO \u201cBEM-VINDO!\u201d&nbsp;E O EXAME CELPE-BRAS<\/a><\/p>\n","protected":false},"excerpt":{"rendered":"<p>2022 CORDEIRO, Rebecka Diniz; SOUZA, Jos\u00e9 Wellisten Abreu de. O conhecimento em sem\u00e2ntica e o exame Celpe-bras: elementos provocadores em foco. In: REPLI &#8211; Revista de Estudos de Portugu\u00eas L\u00edngua Internacional. Vol. 2, N. 1 (jan.\/abr.), p. 116-131, 2022. Dispon\u00edvel em:&nbsp;https:\/\/www.e-publicacoes.uerj.br\/index.php\/repli\/article\/view\/63688\/42971, acesso em 15 ago. 2022. &nbsp; 2021 Rafaela de Souza VianaJos\u00e9 Wellisten Abreu de [&hellip;]<\/p>\n","protected":false},"author":47,"featured_media":0,"parent":49,"menu_order":0,"comment_status":"closed","ping_status":"closed","template":"","meta":{"footnotes":""},"class_list":["post-35","page","type-page","status-publish","hentry"],"_links":{"self":[{"href":"https:\/\/www.cchla.ufpb.br\/plei\/wp-json\/wp\/v2\/pages\/35","targetHints":{"allow":["GET"]}}],"collection":[{"href":"https:\/\/www.cchla.ufpb.br\/plei\/wp-json\/wp\/v2\/pages"}],"about":[{"href":"https:\/\/www.cchla.ufpb.br\/plei\/wp-json\/wp\/v2\/types\/page"}],"author":[{"embeddable":true,"href":"https:\/\/www.cchla.ufpb.br\/plei\/wp-json\/wp\/v2\/users\/47"}],"replies":[{"embeddable":true,"href":"https:\/\/www.cchla.ufpb.br\/plei\/wp-json\/wp\/v2\/comments?post=35"}],"version-history":[{"count":3,"href":"https:\/\/www.cchla.ufpb.br\/plei\/wp-json\/wp\/v2\/pages\/35\/revisions"}],"predecessor-version":[{"id":134,"href":"https:\/\/www.cchla.ufpb.br\/plei\/wp-json\/wp\/v2\/pages\/35\/revisions\/134"}],"up":[{"embeddable":true,"href":"https:\/\/www.cchla.ufpb.br\/plei\/wp-json\/wp\/v2\/pages\/49"}],"wp:attachment":[{"href":"https:\/\/www.cchla.ufpb.br\/plei\/wp-json\/wp\/v2\/media?parent=35"}],"curies":[{"name":"wp","href":"https:\/\/api.w.org\/{rel}","templated":true}]}}