{"id":1307,"date":"2018-07-18T13:38:07","date_gmt":"2018-07-18T13:38:07","guid":{"rendered":"http:\/\/www.cchla.ufpb.br\/ppgnec\/?page_id=1307"},"modified":"2018-07-18T13:42:00","modified_gmt":"2018-07-18T13:42:00","slug":"research-lines","status":"publish","type":"page","link":"https:\/\/www.cchla.ufpb.br\/ppgnec\/en\/research-lines\/","title":{"rendered":"Research Lines"},"content":{"rendered":"<p><span style=\"font-weight: 400;\">The Program of Cognitive Neuroscience and Behavior is structured in two lines of research: (1) Psychobiology, Neuropsychology and Basic Psychological Processes and (2) Preclinical and Clinical Cognitive Neuroscience. The research lines of the program bring together the scientific and technological knowledge of the specialties and incorporate in depth some of the most challenging themes of the concentration area.<\/span><\/p>\n<p>&nbsp;<\/p>\n<p><span style=\"font-weight: 400;\"><strong>1.<\/strong> Line of research <strong>Psychobiology: Basic Psychological Processes and Neuropsychology<\/strong><\/span><\/p>\n<p><span style=\"font-weight: 400;\">This line of research brings together the study of behavior and neuropsychophysiological basis of cognition and basic psychological processes, aiming to characterize, evaluate and understand the neural mechanisms underlying development, maturation, plasticity, adaptation to the physical and social environment. This line will aggregate studies on perception, memory, learning, emotion, language and psychopharmacology in normal and pathological conditions, through the use of psychophysical, behavioral, electrophysiological and neuropsychological methods in humans and animals. The line of research is to understand how behavior and the nervous system are associated and how they are influenced by the physical and social environment. The understanding of the bases that compose the cognition and the animal and human behavior establishes an integrative conceptual vision between the neurosciences and the psychology.<\/span><\/p>\n<p><span style=\"font-weight: 400;\"><strong>Professors:<\/strong> Carla Alexandra da Silva Moita Minervino, Fl\u00e1vio Freitas Barbosa; Marine Raquel Diniz da Rosa; Natanael Ant\u00f4nio dos Santos; Nelson Torro Alves<\/span><\/p>\n<p>&nbsp;<\/p>\n<p><span style=\"font-weight: 400;\"><strong>2.<\/strong> Research Line <strong>Preclinical and Clinical Cognitive Neuroscience<\/strong><\/span><\/p>\n<p><span style=\"font-weight: 400;\">It congregates the study of the psychophysiological and psychopharmacological foundations of behavior, cognition and basic psychological processes under the conditions of clinical and preclinical evaluation in humans and animal models. In this line, the focus is preclinical studies with animals and clinical studies with patients with mental and neurological disorders or undergoing pharmacological treatments stand out in this line. The studies aim to determine the potential effects and, mainly, the risks for the human being.<\/span><\/p>\n<p><span style=\"font-weight: 400;\"><strong>Professors:<\/strong> Anna Alice Figueir\u00eado De Almeida; Liana Cl\u00e9bia Soares Lima de Morais; Margareth de F\u00e1tima Formiga Melo Diniz; Marine Raquel Diniz da Rosa; Melyssa K. Cavalcanti Galdino; Natanael Antonio dos Santos; Reinaldo N\u00f3brega Almeida.<\/span><\/p>\n","protected":false},"excerpt":{"rendered":"<p>The Program of Cognitive Neuroscience and Behavior is structured in two lines of research: (1) Psychobiology, Neuropsychology and Basic Psychological Processes and (2) Preclinical and Clinical Cognitive Neuroscience. The research lines of the program bring together the scientific and technological knowledge of the specialties and incorporate in depth some of the most challenging themes of &#8230; <a title=\"Research Lines\" class=\"read-more\" href=\"https:\/\/www.cchla.ufpb.br\/ppgnec\/en\/research-lines\/\" aria-label=\"More on Research Lines\">Ler mais<\/a><\/p>\n","protected":false},"author":13,"featured_media":0,"parent":0,"menu_order":0,"comment_status":"closed","ping_status":"closed","template":"","meta":[],"_links":{"self":[{"href":"https:\/\/www.cchla.ufpb.br\/ppgnec\/wp-json\/wp\/v2\/pages\/1307"}],"collection":[{"href":"https:\/\/www.cchla.ufpb.br\/ppgnec\/wp-json\/wp\/v2\/pages"}],"about":[{"href":"https:\/\/www.cchla.ufpb.br\/ppgnec\/wp-json\/wp\/v2\/types\/page"}],"author":[{"embeddable":true,"href":"https:\/\/www.cchla.ufpb.br\/ppgnec\/wp-json\/wp\/v2\/users\/13"}],"replies":[{"embeddable":true,"href":"https:\/\/www.cchla.ufpb.br\/ppgnec\/wp-json\/wp\/v2\/comments?post=1307"}],"version-history":[{"count":3,"href":"https:\/\/www.cchla.ufpb.br\/ppgnec\/wp-json\/wp\/v2\/pages\/1307\/revisions"}],"predecessor-version":[{"id":1312,"href":"https:\/\/www.cchla.ufpb.br\/ppgnec\/wp-json\/wp\/v2\/pages\/1307\/revisions\/1312"}],"wp:attachment":[{"href":"https:\/\/www.cchla.ufpb.br\/ppgnec\/wp-json\/wp\/v2\/media?parent=1307"}],"curies":[{"name":"wp","href":"https:\/\/api.w.org\/{rel}","templated":true}]}}