{"id":155,"date":"2014-02-03T14:36:43","date_gmt":"2014-02-03T14:36:43","guid":{"rendered":"http:\/\/www.cchla.ufpb.br\/ppgnec\/?page_id=155"},"modified":"2018-07-18T12:32:16","modified_gmt":"2018-07-18T12:32:16","slug":"o-programa","status":"publish","type":"page","link":"https:\/\/www.cchla.ufpb.br\/ppgnec\/o-programa\/","title":{"rendered":"O Programa"},"content":{"rendered":"<p><b>Nome do Programa: <\/b>Neuroci\u00eancia Cognitiva e Comportamento<\/p>\n<p><b>\u00c1rea B\u00e1sica: <\/b>PSICOBIOLOGIA<\/p>\n<p><b>\u00c1rea Avalia\u00e7\u00e3o: <\/b>PSICOLOGIA<\/p>\n<p><b>HIST\u00d3RICO<\/b><\/p>\n<p style=\"text-align: justify;\"><b><\/b>O Programa de P\u00f3s-gradua\u00e7\u00e3o, Mestrado Acad\u00eamico em Neuroci\u00eancia Cognitiva e Comportamento (PPgNeC), est\u00e1 sediado no Departamento de Psicologia do Centro de Ci\u00eancias Humanas, Letras e Arte da UFPB. O Curso foi criado pela Resolu\u00e7\u00e3o 26\/2012 do Conselho Superior de Ensino, Pesquisa e Extens\u00e3o (CONSEPE) da Universidade Federal da Para\u00edba, Jo\u00e3o Pessoa, em 26 de junho de 2012. O Curso de Mestrado foi recomendado pela CAPES (Coordenadoria de Aperfei\u00e7oamento de Pessoal de N\u00edvel Superior do Minist\u00e9rio da Educa\u00e7\u00e3o) em Fevereiro de 2013 e implantado no primeiro semestre de 2013.<\/p>\n<p><b>OBJETIVOS<\/b><\/p>\n<p style=\"text-align: justify;\">Os objetivos gerais do Programa de P\u00f3s-Gradua\u00e7\u00e3o s\u00e3o:<\/p>\n<p style=\"text-align: justify;\">1. Capacitar docentes para o ensino superior nas \u00e1reas que integram as Neuroci\u00eancias Cognitivas e Psicobiologia;<\/p>\n<p style=\"text-align: justify;\">2. Formar pesquisadores e desenvolver atividades de pesquisa, bem como estudos avan\u00e7ados que atendam \u00e0s necessidades regional e nacional;<\/p>\n<p style=\"text-align: justify;\">3. Qualificar recursos humanos com amplo dom\u00ednio no campo emergente das neuroci\u00eancias cognitivas que possam atuar nas \u00e1reas da psicobiologia: processos psicol\u00f3gicos b\u00e1sicos, neuropsicologia e psicofarmacologia;<\/p>\n<p style=\"text-align: justify;\">4. Promover a difus\u00e3o e a divulga\u00e7\u00e3o da produ\u00e7\u00e3o cient\u00edfica dos professores e alunos;<\/p>\n<p style=\"text-align: justify;\">5. Promover a inova\u00e7\u00e3o e a inser\u00e7\u00e3o social, fortalecendo o elo entre a pesquisa b\u00e1sica e aplicada;<\/p>\n<p style=\"text-align: justify;\">6. Produzir conhecimento e formar recursos humanos voltados para a integra\u00e7\u00e3o de profissionais de diferentes \u00e1reas. O programa pretende contribuir com a forma\u00e7\u00e3o de recursos humanos de diferentes \u00e1reas, incluindo: Psicologia, Pedagogia, Letras, Fonoaudiologia, Fisioterapia, Farm\u00e1cia, Nutri\u00e7\u00e3o, Enfermagem, Biologia, dentre outras que t\u00eam interesse pelo estudo do comportamento e cogni\u00e7\u00e3o;<\/p>\n<p style=\"text-align: justify;\">7. Integrar a p\u00f3s-gradua\u00e7\u00e3o com a gradua\u00e7\u00e3o dos diferentes cursos e em especial a Psicologia.<\/p>\n","protected":false},"excerpt":{"rendered":"<p>Nome do Programa: Neuroci\u00eancia Cognitiva e Comportamento \u00c1rea B\u00e1sica: PSICOBIOLOGIA \u00c1rea Avalia\u00e7\u00e3o: PSICOLOGIA HIST\u00d3RICO O Programa de P\u00f3s-gradua\u00e7\u00e3o, Mestrado Acad\u00eamico em Neuroci\u00eancia Cognitiva e Comportamento (PPgNeC), est\u00e1 sediado no Departamento de Psicologia do Centro de Ci\u00eancias Humanas, Letras e Arte da UFPB. O Curso foi criado pela Resolu\u00e7\u00e3o 26\/2012 do Conselho Superior de Ensino, Pesquisa &#8230; <a title=\"O Programa\" class=\"read-more\" href=\"https:\/\/www.cchla.ufpb.br\/ppgnec\/o-programa\/\" aria-label=\"More on O Programa\">Ler mais<\/a><\/p>\n","protected":false},"author":13,"featured_media":0,"parent":0,"menu_order":0,"comment_status":"closed","ping_status":"closed","template":"","meta":[],"_links":{"self":[{"href":"https:\/\/www.cchla.ufpb.br\/ppgnec\/wp-json\/wp\/v2\/pages\/155"}],"collection":[{"href":"https:\/\/www.cchla.ufpb.br\/ppgnec\/wp-json\/wp\/v2\/pages"}],"about":[{"href":"https:\/\/www.cchla.ufpb.br\/ppgnec\/wp-json\/wp\/v2\/types\/page"}],"author":[{"embeddable":true,"href":"https:\/\/www.cchla.ufpb.br\/ppgnec\/wp-json\/wp\/v2\/users\/13"}],"replies":[{"embeddable":true,"href":"https:\/\/www.cchla.ufpb.br\/ppgnec\/wp-json\/wp\/v2\/comments?post=155"}],"version-history":[{"count":6,"href":"https:\/\/www.cchla.ufpb.br\/ppgnec\/wp-json\/wp\/v2\/pages\/155\/revisions"}],"predecessor-version":[{"id":1302,"href":"https:\/\/www.cchla.ufpb.br\/ppgnec\/wp-json\/wp\/v2\/pages\/155\/revisions\/1302"}],"wp:attachment":[{"href":"https:\/\/www.cchla.ufpb.br\/ppgnec\/wp-json\/wp\/v2\/media?parent=155"}],"curies":[{"name":"wp","href":"https:\/\/api.w.org\/{rel}","templated":true}]}}