{"id":1749,"date":"2019-06-26T14:08:08","date_gmt":"2019-06-26T14:08:08","guid":{"rendered":"http:\/\/www.cchla.ufpb.br\/ppgnec\/?page_id=1749"},"modified":"2025-07-16T15:32:54","modified_gmt":"2025-07-16T15:32:54","slug":"bolsas","status":"publish","type":"page","link":"https:\/\/www.cchla.ufpb.br\/ppgnec\/bolsas\/","title":{"rendered":"Bolsas"},"content":{"rendered":"<p><strong>RELAT\u00d3RIO DE ATIVIDADES DO MESTRADO E DOUTORADO<\/strong><\/p>\n<p>Todos os alunos, bolsistas ou n\u00e3o bolsistas, dever\u00e3o entregar o relat\u00f3rio semestral de atividades. O relat\u00f3rio dever\u00e1 ser entregue at\u00e9 o primeiro dia \u00fatil do sexto m\u00eas contato a partir do m\u00eas de matr\u00edcula, em vers\u00e3o impressa na coordena\u00e7\u00e3o e vers\u00e3o digital encaminhada para o e-mail do PPGNEC. Assim, por exemplo, os alunos que ingressaram em mar\u00e7o de 2018 (ou 2017) dever\u00e3o entregar o relat\u00f3rio de atividades semestral at\u00e9 o dia 03\/09\/18.<\/p>\n<p><strong>No relat\u00f3rio, dever\u00e3o constar os seguintes itens: <\/strong><\/p>\n<ol>\n<li>Descri\u00e7\u00e3o geral do andamento do projeto;<\/li>\n<li>\u00daltima vers\u00e3o do projeto, disserta\u00e7\u00e3o ou tese;<\/li>\n<li>Cumprimento do cronograma;<\/li>\n<li>Cronograma de atividades para o pr\u00f3ximo per\u00edodo;<\/li>\n<li>Rela\u00e7\u00e3o dos artigos publicados ou submetidos, assim como resumos anais de eventos, cap\u00edtulos, apresenta\u00e7\u00f5es e participa\u00e7\u00f5es em eventos (colocar os comprovantes em anexo). Incluir tamb\u00e9m o comprovante de participa\u00e7\u00e3o no CCNEC, se for o caso.<\/li>\n<li>Hist\u00f3rico do Curso;<\/li>\n<li>Termo de aceite ou de submiss\u00e3o do projeto de pesquisa ao Comit\u00ea de \u00c9tica. Justificar se ainda n\u00e3o possuir o documento.<\/li>\n<li>Parecer do orientador aprovando ou n\u00e3o o relat\u00f3rio. Para os bolsistas, o parecer <strong><strong>do orientador deve recomendar ou n\u00e3o a renova\u00e7\u00e3o da bolsa.<\/strong><\/strong><br \/>\n<hr \/>\n<\/li>\n<\/ol>\n<p><strong>CRIT\u00c9RIOS GERAIS DE BOLSAS\u00a0<\/strong><\/p>\n<p>&#8211; A distribui\u00e7\u00e3o de novas cotas de bolsas ocorrer\u00e1 conforme Edital de Bolsas.<\/p>\n<p><a href=\"https:\/\/www.cchla.ufpb.br\/ppgnec\/wp-content\/uploads\/2019\/06\/CRIT\u00c9RIOS-PARA-MANUTEN\u00c7\u00c3O-DAS-BOLSAS-MESTRADO.pdf\" target=\"_blank\" rel=\"noopener\">CRIT\u00c9RIOS PARA MANUTEN\u00c7\u00c3O DAS BOLSAS &#8211; MESTRADO<\/a><\/p>\n<p><a href=\"https:\/\/www.cchla.ufpb.br\/ppgnec\/wp-content\/uploads\/2019\/06\/CRIT\u00c9RIOS-PARA-MANUTEN\u00c7\u00c3O-DAS-BOLSAS-DOUTORADO.pdf\" target=\"_blank\" rel=\"noopener\">CRIT\u00c9RIOS PARA MANUTEN\u00c7\u00c3O DAS BOLSAS &#8211; DOUTORADO<\/a><\/p>\n<hr \/>\n<p><strong>ATUAL LISTA DE BOLSISTAS (MESTRADO E DOUTORADO)<\/strong><\/p>\n<p><a href=\"https:\/\/www.cchla.ufpb.br\/ppgnec\/wp-content\/uploads\/2025\/05\/LISTA-DE-BOLSISTAS.pdf\" target=\"_blank\" rel=\"noopener\">LISTA DE BOLSISTAS<\/a><\/p>\n","protected":false},"excerpt":{"rendered":"<p>RELAT\u00d3RIO DE ATIVIDADES DO MESTRADO E DOUTORADO Todos os alunos, bolsistas ou n\u00e3o bolsistas, dever\u00e3o entregar o relat\u00f3rio semestral de atividades. O relat\u00f3rio dever\u00e1 ser entregue at\u00e9 o primeiro dia \u00fatil do sexto m\u00eas contato a partir do m\u00eas de matr\u00edcula, em vers\u00e3o impressa na coordena\u00e7\u00e3o e vers\u00e3o digital encaminhada para o e-mail do PPGNEC. &#8230; <a title=\"Bolsas\" class=\"read-more\" href=\"https:\/\/www.cchla.ufpb.br\/ppgnec\/bolsas\/\" aria-label=\"More on Bolsas\">Ler mais<\/a><\/p>\n","protected":false},"author":13,"featured_media":0,"parent":0,"menu_order":0,"comment_status":"closed","ping_status":"closed","template":"","meta":[],"_links":{"self":[{"href":"https:\/\/www.cchla.ufpb.br\/ppgnec\/wp-json\/wp\/v2\/pages\/1749"}],"collection":[{"href":"https:\/\/www.cchla.ufpb.br\/ppgnec\/wp-json\/wp\/v2\/pages"}],"about":[{"href":"https:\/\/www.cchla.ufpb.br\/ppgnec\/wp-json\/wp\/v2\/types\/page"}],"author":[{"embeddable":true,"href":"https:\/\/www.cchla.ufpb.br\/ppgnec\/wp-json\/wp\/v2\/users\/13"}],"replies":[{"embeddable":true,"href":"https:\/\/www.cchla.ufpb.br\/ppgnec\/wp-json\/wp\/v2\/comments?post=1749"}],"version-history":[{"count":6,"href":"https:\/\/www.cchla.ufpb.br\/ppgnec\/wp-json\/wp\/v2\/pages\/1749\/revisions"}],"predecessor-version":[{"id":3718,"href":"https:\/\/www.cchla.ufpb.br\/ppgnec\/wp-json\/wp\/v2\/pages\/1749\/revisions\/3718"}],"wp:attachment":[{"href":"https:\/\/www.cchla.ufpb.br\/ppgnec\/wp-json\/wp\/v2\/media?parent=1749"}],"curies":[{"name":"wp","href":"https:\/\/api.w.org\/{rel}","templated":true}]}}