{"id":1973,"date":"2019-11-18T17:39:14","date_gmt":"2019-11-18T17:39:14","guid":{"rendered":"http:\/\/www.cchla.ufpb.br\/ppgnec\/?page_id=1973"},"modified":"2020-04-01T00:50:42","modified_gmt":"2020-04-01T00:50:42","slug":"selecao-de-mestrado-2020","status":"publish","type":"page","link":"https:\/\/www.cchla.ufpb.br\/ppgnec\/selecao-de-mestrado-2020\/","title":{"rendered":"Sele\u00e7\u00e3o de mestrado 2020"},"content":{"rendered":"\n<p>PROCESSO DE SELE\u00c7\u00c3O PARA O CURSO DE MESTRADO<\/p>\n\n\n\n<p> A Coordena\u00e7\u00e3o do Programa de P\u00f3s-Gradua\u00e7\u00e3o em Neuroci\u00eancia Cognitiva e Comportamento (PPGNeC) da Universidade Federal da Para\u00edba, no uso de suas atribui\u00e7\u00f5es, torna p\u00fablico o presente edital que regula as condi\u00e7\u00f5es de ingresso, por via de <strong>EXAME DE SELE\u00c7\u00c3O<\/strong>, no referido programa, ano letivo 2020. <\/p>\n\n\n\n\n\n<div class=\"wp-block-file\"><a href=\"https:\/\/www.cchla.ufpb.br\/ppgnec\/wp-content\/uploads\/2019\/11\/Edital_Mestrado_2020_vers\u00e3o_final.pdf\">Edital<\/a><a href=\"https:\/\/www.cchla.ufpb.br\/ppgnec\/wp-content\/uploads\/2019\/11\/Edital_Mestrado_2020_vers\u00e3o_final.pdf\" class=\"wp-block-file__button\" download>Baixar<\/a><\/div>\n\n\n\n<div class=\"wp-block-file\"><a href=\"https:\/\/www.cchla.ufpb.br\/ppgnec\/wp-content\/uploads\/2019\/12\/Edital_Mestrado_2020_-Retificado.pdf\">Edital Retificado<\/a><a href=\"https:\/\/www.cchla.ufpb.br\/ppgnec\/wp-content\/uploads\/2019\/12\/Edital_Mestrado_2020_-Retificado.pdf\" class=\"wp-block-file__button\" download>Baixar<\/a><\/div>\n\n\n\n<p><a rel=\"noreferrer noopener\" aria-label=\"Divulga\u00e7\u00e3o da rela\u00e7\u00e3o dos isentos  (abre numa nova aba)\" href=\"https:\/\/www.cchla.ufpb.br\/ppgnec\/wp-content\/uploads\/2019\/12\/DIVULGA\u00c7\u00c3O-DA-RELA\u00c7\u00c3O-DOS-ISENTOS-1.pdf\" target=\"_blank\">Divulga\u00e7\u00e3o da rela\u00e7\u00e3o dos isentos <\/a><\/p>\n\n\n\n<p><a rel=\"noreferrer noopener\" aria-label=\"Homologa\u00e7\u00e3o das inscri\u00e7\u00f5es  (abre numa nova aba)\" href=\"https:\/\/www.cchla.ufpb.br\/ppgnec\/wp-content\/uploads\/2020\/02\/HOMOLOGA\u00c7\u00c3O-DAS-INSCRI\u00c7\u00d5ES-SELE\u00c7\u00c3O-DE-MESTRADO-2020.pdf\" target=\"_blank\">Homologa\u00e7\u00e3o das inscri\u00e7\u00f5es <\/a><\/p>\n\n\n\n<p><a rel=\"noreferrer noopener\" aria-label=\"Respostas aos pedidos de reconsidera\u00e7\u00e3o das inscri\u00e7\u00f5es  (abre numa nova aba)\" href=\"https:\/\/www.cchla.ufpb.br\/ppgnec\/wp-content\/uploads\/2020\/02\/RESPOSTAS-AOS-PEDIDOS-DE-RECONSIDERA\u00c7\u00c3O-SELE\u00c7\u00c3O-DE-MESTRADO-2020.pdf\" target=\"_blank\">Respostas aos pedidos de reconsidera\u00e7\u00e3o das inscri\u00e7\u00f5es <\/a><\/p>\n\n\n\n<p><a rel=\"noreferrer noopener\" href=\"https:\/\/www.cchla.ufpb.br\/ppgnec\/wp-content\/uploads\/2020\/02\/LISTA-DE-ALUNOS-APTOS-SELE%C3%87%C3%83O-DE-MESTRADO-2020.pdf\" target=\"_blank\">Lista de candidatos aptos a realizarem a prova escrita \u2013 Sele\u00e7\u00e3o de mestrado 2020<\/a><\/p>\n\n\n\n<p><a rel=\"noreferrer noopener\" aria-label=\"Gabarito (abre numa nova aba)\" href=\"https:\/\/www.cchla.ufpb.br\/ppgnec\/wp-content\/uploads\/2020\/02\/GABARITO.pdf\" target=\"_blank\">Gabarito<\/a><\/p>\n\n\n\n<p><a rel=\"noreferrer noopener\" aria-label=\"Resultado da prova de conhecimentos  (abre numa nova aba)\" href=\"https:\/\/www.cchla.ufpb.br\/ppgnec\/wp-content\/uploads\/2020\/02\/aprovados-por-codigo.pdf\" target=\"_blank\">Resultado da prova de conhecimentos <\/a><\/p>\n\n\n\n<p><a rel=\"noreferrer noopener\" aria-label=\"Lista de documentos comprobat\u00f3rios  (abre numa nova aba)\" href=\"https:\/\/www.cchla.ufpb.br\/ppgnec\/wp-content\/uploads\/2020\/02\/Documentos-comprobat\u00f3rios-Sele\u00e7\u00e3o-de-mestrado-2020.pdf\" target=\"_blank\">Lista de documentos comprobat\u00f3rios <\/a><\/p>\n\n\n\n<p><a href=\"https:\/\/www.cchla.ufpb.br\/ppgnec\/wp-content\/uploads\/2020\/02\/HOR\u00c1RIOS-PR\u00c9-PROJETOS-.pdf\">Hor\u00e1rios de apresenta\u00e7\u00f5es dos pr\u00e9-projetos <\/a><\/p>\n\n\n\n<p><a rel=\"noreferrer noopener\" aria-label=\"Resultado da etapa de pr\u00e9-projetos (sele\u00e7\u00e3o mestrado 2020.1) (abre numa nova aba)\" href=\"https:\/\/www.cchla.ufpb.br\/ppgnec\/wp-content\/uploads\/2020\/02\/NOTAS_2_ETAPA_PPGNEC.pdf\" target=\"_blank\">Resultado da etapa de pr\u00e9-projetos (sele\u00e7\u00e3o mestrado 2020.1)<\/a><\/p>\n\n\n\n<p><a rel=\"noreferrer noopener\" aria-label=\"Resultado da avalia\u00e7\u00e3o curricular  (abre numa nova aba)\" href=\"https:\/\/www.cchla.ufpb.br\/ppgnec\/wp-content\/uploads\/2020\/03\/NOTAS-CV-SELEC\u0327A\u0303O-DE-MESTRADO-2020.pdf\" target=\"_blank\">Resultado da avalia\u00e7\u00e3o curricular <\/a><\/p>\n\n\n\n<p><a href=\"https:\/\/www.cchla.ufpb.br\/ppgnec\/wp-content\/uploads\/2020\/03\/NOTAS-CV-SELE\u00c7\u00c3O-DE-MESTRADO-2020-P\u00d3S-RECURSO-2-1.pdf\">Resultado da avalia\u00e7\u00e3o curricular (p\u00f3s-recurso)<\/a><\/p>\n\n\n\n<p><a href=\"https:\/\/www.cchla.ufpb.br\/ppgnec\/wp-content\/uploads\/2020\/03\/RESULTADO_FINAL.pdf\">Resultado final (sele\u00e7\u00e3o de mestrado)<\/a><\/p>\n\n\n\n<p><a href=\"https:\/\/www.cchla.ufpb.br\/ppgnec\/wp-content\/uploads\/2020\/04\/RESULTADO_FINAL_AP\u00d3S_RECURSOS-1.pdf\" target=\"_blank\" rel=\"noreferrer noopener\" aria-label=\"Resultado final (ap\u00f3s prazo final para recursos) (abre numa nova aba)\">Resultado final (ap\u00f3s prazo final para recursos)<\/a><\/p>\n","protected":false},"excerpt":{"rendered":"<p>PROCESSO DE SELE\u00c7\u00c3O PARA O CURSO DE MESTRADO A Coordena\u00e7\u00e3o do Programa de P\u00f3s-Gradua\u00e7\u00e3o em Neuroci\u00eancia Cognitiva e Comportamento (PPGNeC) da Universidade Federal da Para\u00edba, no uso de suas atribui\u00e7\u00f5es, torna p\u00fablico o presente edital que regula as condi\u00e7\u00f5es de ingresso, por via de EXAME DE SELE\u00c7\u00c3O, no referido programa, ano letivo 2020. Divulga\u00e7\u00e3o da &#8230; <a title=\"Sele\u00e7\u00e3o de mestrado 2020\" class=\"read-more\" href=\"https:\/\/www.cchla.ufpb.br\/ppgnec\/selecao-de-mestrado-2020\/\" aria-label=\"More on Sele\u00e7\u00e3o de mestrado 2020\">Ler mais<\/a><\/p>\n","protected":false},"author":13,"featured_media":0,"parent":0,"menu_order":0,"comment_status":"closed","ping_status":"closed","template":"","meta":[],"_links":{"self":[{"href":"https:\/\/www.cchla.ufpb.br\/ppgnec\/wp-json\/wp\/v2\/pages\/1973"}],"collection":[{"href":"https:\/\/www.cchla.ufpb.br\/ppgnec\/wp-json\/wp\/v2\/pages"}],"about":[{"href":"https:\/\/www.cchla.ufpb.br\/ppgnec\/wp-json\/wp\/v2\/types\/page"}],"author":[{"embeddable":true,"href":"https:\/\/www.cchla.ufpb.br\/ppgnec\/wp-json\/wp\/v2\/users\/13"}],"replies":[{"embeddable":true,"href":"https:\/\/www.cchla.ufpb.br\/ppgnec\/wp-json\/wp\/v2\/comments?post=1973"}],"version-history":[{"count":21,"href":"https:\/\/www.cchla.ufpb.br\/ppgnec\/wp-json\/wp\/v2\/pages\/1973\/revisions"}],"predecessor-version":[{"id":2229,"href":"https:\/\/www.cchla.ufpb.br\/ppgnec\/wp-json\/wp\/v2\/pages\/1973\/revisions\/2229"}],"wp:attachment":[{"href":"https:\/\/www.cchla.ufpb.br\/ppgnec\/wp-json\/wp\/v2\/media?parent=1973"}],"curies":[{"name":"wp","href":"https:\/\/api.w.org\/{rel}","templated":true}]}}