{"id":2918,"date":"2022-08-01T12:58:07","date_gmt":"2022-08-01T12:58:07","guid":{"rendered":"https:\/\/www.cchla.ufpb.br\/ppgnec\/?page_id=2918"},"modified":"2022-12-06T12:35:41","modified_gmt":"2022-12-06T12:35:41","slug":"selecao-de-doutorado-2022","status":"publish","type":"page","link":"https:\/\/www.cchla.ufpb.br\/ppgnec\/selecao-de-doutorado-2022\/","title":{"rendered":"Sele\u00e7\u00e3o de Doutorado 2022"},"content":{"rendered":"\n<p><a rel=\"noreferrer noopener\" href=\"https:\/\/www.cchla.ufpb.br\/ppgnec\/wp-content\/uploads\/2022\/08\/Edital_Doutorado.2022_Comissao-de-Selecao_05.07.2022-OK.pdf\" target=\"_blank\">EDITAL DE PROCESSO SELETIVO DE DOUTORADO 2022<\/a><\/p>\n\n\n\n<p><a rel=\"noreferrer noopener\" href=\"https:\/\/www.cchla.ufpb.br\/ppgnec\/wp-content\/uploads\/2022\/08\/Resultado_Pedidos_de_Isencao.pdf\" target=\"_blank\">DIVULGA\u00c7\u00c3O DA RELA\u00c7\u00c3O DOS ISENTOS<\/a><\/p>\n\n\n\n<p><a rel=\"noreferrer noopener\" href=\"https:\/\/www.cchla.ufpb.br\/ppgnec\/wp-content\/uploads\/2022\/08\/Edital_Doutorado.2022_Comissao-de-Selecao_25.07.2022_Retificado-OK-29.07.pdf\" target=\"_blank\">EDITAL DE PROCESSO SELETIVO DE DOUTORADO 2022 &#8211; RETIFICADO<\/a><\/p>\n\n\n\n<p><a rel=\"noreferrer noopener\" href=\"https:\/\/www.cchla.ufpb.br\/ppgnec\/wp-content\/uploads\/2022\/08\/Edital_Doutorado.2022_Comissao-de-Selecao_15.08.2022_Retificado-OK-16.08.pdf\" target=\"_blank\">EDITAL DE PROCESSO SELETIVO DE DOUTORADO 2022 \u2013 SEGUNDA RETIFICA\u00c7\u00c3O <\/a><\/p>\n\n\n\n<p><a rel=\"noreferrer noopener\" href=\"https:\/\/www.cchla.ufpb.br\/ppgnec\/wp-content\/uploads\/2022\/09\/Homologacao-Inscricao_2022-1.pdf\" target=\"_blank\">HOMOLOGA\u00c7\u00c3O DAS INSCRI\u00c7\u00d5ES NO PROCESSO DE SELE\u00c7\u00c3O 2022<\/a><\/p>\n\n\n\n<p><a href=\"https:\/\/www.cchla.ufpb.br\/ppgnec\/wp-content\/uploads\/2022\/09\/Homologacao-Inscricao_2022-apos-prazo-para-reconsideracao.pdf\">HOMOLOGA\u00c7\u00c3O DAS INSCRI\u00c7\u00d5ES AP\u00d3S PEDIDOS DE RECONSIDERA\u00c7\u00c3O NO PROCESSO DE SELE\u00c7\u00c3O DE DOUTORADO 2022<\/a><\/p>\n\n\n\n<p><a rel=\"noreferrer noopener\" href=\"https:\/\/www.cchla.ufpb.br\/ppgnec\/wp-content\/uploads\/2022\/09\/Analise-preliminar-do-projeto-de-pesquisa.pdf\" target=\"_blank\">Primeira etapa &#8211; An\u00e1lise preliminar do projeto de pesquisa<\/a><\/p>\n\n\n\n<p><a href=\"https:\/\/www.cchla.ufpb.br\/ppgnec\/wp-content\/uploads\/2022\/10\/Resultacao-da-segunda-etapa-Analise-da-proposta-escrita..pdf\" target=\"_blank\" rel=\"noreferrer noopener\">Resultado da segunda etapa &#8211; An\u00e1lise da proposta escrita PROCESSO DE SELE\u00c7\u00c3O DE DOUTORADO 2022<\/a><\/p>\n\n\n\n<p> <a href=\"https:\/\/sigaa.ufpb.br\/sigaa\/public\/programa\/portal.jsf?lc=pt_BR&amp;id=2621\" data-type=\"URL\" data-id=\"https:\/\/sigaa.ufpb.br\/sigaa\/public\/programa\/portal.jsf?lc=pt_BR&amp;id=2621\" target=\"_blank\" rel=\"noreferrer noopener\">Cronograma da defesa de projeto<\/a><\/p>\n\n\n\n<p><a rel=\"noreferrer noopener\" href=\"https:\/\/sigaa.ufpb.br\/sigaa\/public\/programa\/noticias_desc.jsf?lc=pt_BR&amp;id=2621&amp;noticia=282442641\" data-type=\"URL\" data-id=\"https:\/\/sigaa.ufpb.br\/sigaa\/public\/programa\/noticias_desc.jsf?lc=pt_BR&amp;id=2621&amp;noticia=282442641\" target=\"_blank\">RESULTADO DEFESA DO PROJETO NO PROCESSO DE SELE\u00c7\u00c3O 2022<\/a><\/p>\n\n\n\n<p><a href=\"https:\/\/www.cchla.ufpb.br\/ppgnec\/wp-content\/uploads\/2022\/11\/Resultado-da-etapa-de-analise-curricular.pdf\" target=\"_blank\" rel=\"noreferrer noopener\">DIVULGA\u00c7\u00c3O DO RESULTADO DA QUARTA ETAPA &#8211; PROCESSO DE SELE\u00c7\u00c3O 2022<\/a><\/p>\n\n\n\n<p><a rel=\"noreferrer noopener\" href=\"https:\/\/sig-arq.ufpb.br\/arquivos\/20220061825249474929959e4955781ed\/Resultado_Final.pdf\" data-type=\"URL\" data-id=\"https:\/\/sig-arq.ufpb.br\/arquivos\/20220061825249474929959e4955781ed\/Resultado_Final.pdf\" target=\"_blank\">Resultado Final<\/a><\/p>\n\n\n\n<p>R<a href=\"https:\/\/www.cchla.ufpb.br\/ppgnec\/wp-content\/uploads\/2022\/12\/RESULTADO-FINAL-\u2013-APOS-PRAZO-PARA-INTERPOSICAO-DE-RECURSOS.pdf\" target=\"_blank\" rel=\"noreferrer noopener\">ESULTADO FINAL DO PROCESSO SELETIVO DE DOUTORADO 2022 \u0096 AP\u00d3S PRAZO PARA INTERPOSI\u00c7\u00c3O DE RECURSOS<\/a><\/p>\n\n\n\n<p><\/p>\n","protected":false},"excerpt":{"rendered":"<p>EDITAL DE PROCESSO SELETIVO DE DOUTORADO 2022 DIVULGA\u00c7\u00c3O DA RELA\u00c7\u00c3O DOS ISENTOS EDITAL DE PROCESSO SELETIVO DE DOUTORADO 2022 &#8211; RETIFICADO EDITAL DE PROCESSO SELETIVO DE DOUTORADO 2022 \u2013 SEGUNDA RETIFICA\u00c7\u00c3O HOMOLOGA\u00c7\u00c3O DAS INSCRI\u00c7\u00d5ES NO PROCESSO DE SELE\u00c7\u00c3O 2022 HOMOLOGA\u00c7\u00c3O DAS INSCRI\u00c7\u00d5ES AP\u00d3S PEDIDOS DE RECONSIDERA\u00c7\u00c3O NO PROCESSO DE SELE\u00c7\u00c3O DE DOUTORADO 2022 Primeira etapa &#8230; <a title=\"Sele\u00e7\u00e3o de Doutorado 2022\" class=\"read-more\" href=\"https:\/\/www.cchla.ufpb.br\/ppgnec\/selecao-de-doutorado-2022\/\" aria-label=\"More on Sele\u00e7\u00e3o de Doutorado 2022\">Ler mais<\/a><\/p>\n","protected":false},"author":13,"featured_media":0,"parent":0,"menu_order":0,"comment_status":"closed","ping_status":"closed","template":"","meta":[],"_links":{"self":[{"href":"https:\/\/www.cchla.ufpb.br\/ppgnec\/wp-json\/wp\/v2\/pages\/2918"}],"collection":[{"href":"https:\/\/www.cchla.ufpb.br\/ppgnec\/wp-json\/wp\/v2\/pages"}],"about":[{"href":"https:\/\/www.cchla.ufpb.br\/ppgnec\/wp-json\/wp\/v2\/types\/page"}],"author":[{"embeddable":true,"href":"https:\/\/www.cchla.ufpb.br\/ppgnec\/wp-json\/wp\/v2\/users\/13"}],"replies":[{"embeddable":true,"href":"https:\/\/www.cchla.ufpb.br\/ppgnec\/wp-json\/wp\/v2\/comments?post=2918"}],"version-history":[{"count":14,"href":"https:\/\/www.cchla.ufpb.br\/ppgnec\/wp-json\/wp\/v2\/pages\/2918\/revisions"}],"predecessor-version":[{"id":3027,"href":"https:\/\/www.cchla.ufpb.br\/ppgnec\/wp-json\/wp\/v2\/pages\/2918\/revisions\/3027"}],"wp:attachment":[{"href":"https:\/\/www.cchla.ufpb.br\/ppgnec\/wp-json\/wp\/v2\/media?parent=2918"}],"curies":[{"name":"wp","href":"https:\/\/api.w.org\/{rel}","templated":true}]}}