{"id":3416,"date":"2024-04-18T16:34:48","date_gmt":"2024-04-18T16:34:48","guid":{"rendered":"https:\/\/www.cchla.ufpb.br\/ppgnec\/?page_id=3416"},"modified":"2024-07-22T16:39:04","modified_gmt":"2024-07-22T16:39:04","slug":"selecao-de-doutorado-2024","status":"publish","type":"page","link":"https:\/\/www.cchla.ufpb.br\/ppgnec\/selecao-de-doutorado-2024\/","title":{"rendered":"Sele\u00e7\u00e3o de Doutorado 2024"},"content":{"rendered":"\n<p><a href=\"https:\/\/www.cchla.ufpb.br\/ppgnec\/wp-content\/uploads\/2024\/04\/Edital_Doutorado_2024_retificado-15.04.pdf\">EDITAL DE DOUTORADO 2024 RETIFICADO <\/a><\/p>\n\n\n\n<p><a href=\"https:\/\/www.cchla.ufpb.br\/ppgnec\/wp-content\/uploads\/2024\/05\/Edital_Doutorado_2024_retificado2.pdf\">EDITAL DE DOUTORADO (SEGUNDA RETIFICA\u00c7\u00c3O)<\/a><\/p>\n\n\n\n<p><a href=\"https:\/\/www.cchla.ufpb.br\/ppgnec\/wp-content\/uploads\/2024\/05\/resultado_Iseno_Doutorado_2024.pdf\">Resultado da solicita\u00e7\u00e3o de isen\u00e7\u00e3o do pagamento de inscri\u00e7\u00e3o<\/a><\/p>\n\n\n\n<p><a href=\"https:\/\/www.cchla.ufpb.br\/ppgnec\/wp-content\/uploads\/2024\/05\/Resultado_Inscries-Doutorado_2024.pdf\">INSCRI\u00c7\u00d5ES DOS CANDIDATOS (PROCESSO DE SELE\u00c7\u00c3O DE DOUTORADO 2024)<\/a><\/p>\n\n\n\n<p><a href=\"https:\/\/www.cchla.ufpb.br\/ppgnec\/wp-content\/uploads\/2024\/05\/Resultadopreliminar_projeto_doutorado_2024.pdf\">Resultado da avalia\u00e7\u00e3o preliminar do projeto &#8211; SELE\u00c7\u00c3O DOUTORADO 2024<\/a><\/p>\n\n\n\n<p><a href=\"https:\/\/www.cchla.ufpb.br\/ppgnec\/wp-content\/uploads\/2024\/06\/resultado_dos_pedidos_de_considerao_relativo_a_Anlise_Preliminar_do_Projeto_d.pdf\">Resultado dos pedidos de reconsidera\u00e7\u00e3o relativo a An\u00e1lise Preliminar do Projeto- Doutorado2024<\/a><\/p>\n\n\n\n<p><a href=\"https:\/\/www.cchla.ufpb.br\/ppgnec\/wp-content\/uploads\/2024\/06\/resultado_seleo_projetos.pdf\">https:\/\/www.cchla.ufpb.br\/ppgnec\/wp-content\/uploads\/2024\/06\/resultado_seleo_projetos.pdf<\/a> (RESULTADO DA AVALIA\u00c7\u00c3O PRELIMINAR DO PROJETO PROCESSO DE SELE\u00c7\u00c3O 2024 &#8211; DOUTORAD0)<\/p>\n\n\n\n<p><a href=\"https:\/\/www.cchla.ufpb.br\/ppgnec\/wp-content\/uploads\/2024\/06\/Horrios_Projetos_2024.pdf\">https:\/\/www.cchla.ufpb.br\/ppgnec\/wp-content\/uploads\/2024\/06\/Horrios_Projetos_2024.pdf (HOR\u00c1RIOS DAS DEFESAS)<\/a><\/p>\n\n\n\n<p><a href=\"https:\/\/www.cchla.ufpb.br\/ppgnec\/wp-content\/uploads\/2024\/07\/Resultado_Avaliacao_-Projeto.pdf\">https:\/\/www.cchla.ufpb.br\/ppgnec\/wp-content\/uploads\/2024\/07\/Resultado_Avaliacao_-Projeto.pdf<\/a> (RESULTADO DA AVALIA\u00c7\u00c3O DA DEFESA DO PROJETO)<\/p>\n\n\n\n<p><a href=\"https:\/\/www.cchla.ufpb.br\/ppgnec\/wp-content\/uploads\/2024\/07\/Resultado_Avaliao_CV.pdf\">https:\/\/www.cchla.ufpb.br\/ppgnec\/wp-content\/uploads\/2024\/07\/Resultado_Avaliao_CV.pdf<\/a> (RESULTADO DA AVALIA\u00c7\u00c3O DOS CURR\u00cdCULOS)<\/p>\n\n\n\n<p><a href=\"https:\/\/www.cchla.ufpb.br\/ppgnec\/wp-content\/uploads\/2024\/07\/Resultado_Final_Selecao_Doutorado_2024_Apos_Recursos.pdf\">https:\/\/www.cchla.ufpb.br\/ppgnec\/wp-content\/uploads\/2024\/07\/Resultado_Final_Selecao_Doutorado_2024_Apos_Recursos.pdf<\/a> (RESULTADO FINAL AP\u00d3S RECURSOS)<\/p>\n\n\n\n<p><\/p>\n\n\n\n<p><\/p>\n\n\n\n<p><\/p>\n","protected":false},"excerpt":{"rendered":"<p>EDITAL DE DOUTORADO 2024 RETIFICADO EDITAL DE DOUTORADO (SEGUNDA RETIFICA\u00c7\u00c3O) Resultado da solicita\u00e7\u00e3o de isen\u00e7\u00e3o do pagamento de inscri\u00e7\u00e3o INSCRI\u00c7\u00d5ES DOS CANDIDATOS (PROCESSO DE SELE\u00c7\u00c3O DE DOUTORADO 2024) Resultado da avalia\u00e7\u00e3o preliminar do projeto &#8211; SELE\u00c7\u00c3O DOUTORADO 2024 Resultado dos pedidos de reconsidera\u00e7\u00e3o relativo a An\u00e1lise Preliminar do Projeto- Doutorado2024 https:\/\/www.cchla.ufpb.br\/ppgnec\/wp-content\/uploads\/2024\/06\/resultado_seleo_projetos.pdf (RESULTADO DA AVALIA\u00c7\u00c3O PRELIMINAR &#8230; <a title=\"Sele\u00e7\u00e3o de Doutorado 2024\" class=\"read-more\" href=\"https:\/\/www.cchla.ufpb.br\/ppgnec\/selecao-de-doutorado-2024\/\" aria-label=\"More on Sele\u00e7\u00e3o de Doutorado 2024\">Ler mais<\/a><\/p>\n","protected":false},"author":13,"featured_media":0,"parent":0,"menu_order":0,"comment_status":"closed","ping_status":"closed","template":"","meta":[],"_links":{"self":[{"href":"https:\/\/www.cchla.ufpb.br\/ppgnec\/wp-json\/wp\/v2\/pages\/3416"}],"collection":[{"href":"https:\/\/www.cchla.ufpb.br\/ppgnec\/wp-json\/wp\/v2\/pages"}],"about":[{"href":"https:\/\/www.cchla.ufpb.br\/ppgnec\/wp-json\/wp\/v2\/types\/page"}],"author":[{"embeddable":true,"href":"https:\/\/www.cchla.ufpb.br\/ppgnec\/wp-json\/wp\/v2\/users\/13"}],"replies":[{"embeddable":true,"href":"https:\/\/www.cchla.ufpb.br\/ppgnec\/wp-json\/wp\/v2\/comments?post=3416"}],"version-history":[{"count":14,"href":"https:\/\/www.cchla.ufpb.br\/ppgnec\/wp-json\/wp\/v2\/pages\/3416\/revisions"}],"predecessor-version":[{"id":3531,"href":"https:\/\/www.cchla.ufpb.br\/ppgnec\/wp-json\/wp\/v2\/pages\/3416\/revisions\/3531"}],"wp:attachment":[{"href":"https:\/\/www.cchla.ufpb.br\/ppgnec\/wp-json\/wp\/v2\/media?parent=3416"}],"curies":[{"name":"wp","href":"https:\/\/api.w.org\/{rel}","templated":true}]}}