{"id":2015,"date":"2025-03-06T14:46:41","date_gmt":"2025-03-06T17:46:41","guid":{"rendered":"https:\/\/www.cchla.ufpb.br\/proling\/?page_id=2015"},"modified":"2025-03-06T15:10:17","modified_gmt":"2025-03-06T18:10:17","slug":"gp-mobilang","status":"publish","type":"page","link":"https:\/\/www.cchla.ufpb.br\/proling\/grupos-de-pesquisa\/gp-mobilang\/","title":{"rendered":"MOBILANG: Mobilidades, contatos de l\u00ednguas, pol\u00edticas e direitos lingu\u00edsticos"},"content":{"rendered":"\n\n<div class=\"wp-block-image\">\n<figure class=\"alignright size-medium is-resized\"><img loading=\"lazy\" decoding=\"async\" width=\"300\" height=\"143\" src=\"https:\/\/www.cchla.ufpb.br\/proling\/wp-content\/uploads\/2025\/03\/mobilang-300x143.jpg\" alt=\"\" class=\"wp-image-1957\" style=\"width:150px\" srcset=\"https:\/\/www.cchla.ufpb.br\/proling\/wp-content\/uploads\/2025\/03\/mobilang-300x143.jpg 300w, https:\/\/www.cchla.ufpb.br\/proling\/wp-content\/uploads\/2025\/03\/mobilang.jpg 687w\" sizes=\"auto, (max-width: 300px) 100vw, 300px\" \/><\/figure>\n<\/div>\n\n\n<p>O grupo MOBILANG tem como objeto as mobilidades de popula\u00e7\u00e3o e os decorrentes contatos de l\u00ednguas, que acarretam formas m\u00faltiplas de plurilinguismo cujos efeitos sociais e culturais devem ser analisados. O projeto de pesquisa tem tamb\u00e9m como objetivo questionar a no\u00e7\u00e3o de fronteira, de espa\u00e7os transfronteiri\u00e7os e de mobilidade, assim como seus desdobramentos em termos de integra\u00e7\u00e3o lingu\u00edstica e social. Assim, fen\u00f4menos variados de mudan\u00e7a e de mistura de l\u00ednguas s\u00e3o identificados e descritos, assim como suas implica\u00e7\u00f5es no \u00e2mbito individual e coletivo. Busca-se assim privilegiar a quest\u00e3o das pr\u00e1ticas lingu\u00edsticas como objeto atrav\u00e9s do qual \u00e9 poss\u00edvel ilustrar e explicitar os processos de mobilidades e de adapta\u00e7\u00e3o.<\/p>\n\n\n\n<p><strong>\u00c1rea ou Linha<\/strong><br>Lingu\u00edstica e Pr\u00e1ticas Sociais\/Lingu\u00edstica Aplicada<\/p>\n\n\n\n<p><strong>Pesquisadores<\/strong><br>Pesquisadores\/as: 50 doutorado \/ mestrado<br>L\u00edder do grupo: prof\u00aa. Sabine Gorovitz<\/p>\n\n\n<div style=\"gap: 20px;margin-top: var(--wp--preset--spacing--50); margin-bottom: var(--wp--preset--spacing--50); \" class=\"align-button-left ub-buttons orientation-button-row ub-flex-wrap wp-block-ub-button\" id=\"ub-button-a208a754-2a16-447e-8b74-bed0a99d6e43\"><div class=\"ub-button-container\">\n\t\t\t<a href=\"http:\/\/dgp.cnpq.br\/dgp\/espelhogrupo\/41675#recursosHumanos\" target=\"_blank\" rel=\"noopener noreferrer\" class=\"ub-button-block-main   ub-button-flex\" role=\"button\" style=\"--ub-button-background-color: #999999; --ub-button-color: #000000; --ub-button-border: none; --ub-button-hover-background-color: #313131; --ub-button-hover-color: #ffffff; --ub-button-hover-border: none; padding-top: 10px; padding-right: 10px; padding-bottom: 10px; padding-left: 10px; border-radius: 10px; \">\n\t\t\t\t<div class=\"ub-button-content-holder\" style=\"flex-direction: row\">\n\t\t\t\t\t<span class=\"ub-button-icon-holder\">\n\t\t\t\t<svg xmlns=\"http:\/\/www.w3.org\/2000\/svg\" height=\"25\" width=\"25\" viewbox=\"0 0 640 512\">\n\t\t\t\t\t<path fill=\"currentColor\" d=\"M72 88a56 56 0 1 1 112 0A56 56 0 1 1 72 88zM64 245.7C54 256.9 48 271.8 48 288s6 31.1 16 42.3V245.7zm144.4-49.3C178.7 222.7 160 261.2 160 304c0 34.3 12 65.8 32 90.5V416c0 17.7-14.3 32-32 32H96c-17.7 0-32-14.3-32-32V389.2C26.2 371.2 0 332.7 0 288c0-61.9 50.1-112 112-112h32c24 0 46.2 7.5 64.4 20.3zM448 416V394.5c20-24.7 32-56.2 32-90.5c0-42.8-18.7-81.3-48.4-107.7C449.8 183.5 472 176 496 176h32c61.9 0 112 50.1 112 112c0 44.7-26.2 83.2-64 101.2V416c0 17.7-14.3 32-32 32H480c-17.7 0-32-14.3-32-32zm8-328a56 56 0 1 1 112 0A56 56 0 1 1 456 88zM576 245.7v84.7c10-11.3 16-26.1 16-42.3s-6-31.1-16-42.3zM320 32a64 64 0 1 1 0 128 64 64 0 1 1 0-128zM240 304c0 16.2 6 31 16 42.3V261.7c-10 11.3-16 26.1-16 42.3zm144-42.3v84.7c10-11.3 16-26.1 16-42.3s-6-31.1-16-42.3zM448 304c0 44.7-26.2 83.2-64 101.2V448c0 17.7-14.3 32-32 32H288c-17.7 0-32-14.3-32-32V405.2c-37.8-18-64-56.5-64-101.2c0-61.9 50.1-112 112-112h32c61.9 0 112 50.1 112 112z\">\n\t\t\t\t<\/path><\/svg>\n\t\t\t<\/span><span class=\"ub-button-block-btn\">Pesquisadores e Estudantes<\/span>\n\t\t\t\t<\/div>\n\t\t\t<\/a>\n\t\t<\/div><\/div>\n\n\n<p><strong>Link do DGP junto ao CNPq<\/strong><br><a href=\"http:\/\/dgp.cnpq.br\/dgp\/espelhogrupo\/41675\" target=\"_blank\" rel=\"noreferrer noopener\">http:\/\/dgp.cnpq.br\/dgp\/espelhogrupo\/41675<\/a><\/p>\n\n\n\n<p><strong>Site do grupo<\/strong><br><a href=\"http:\/\/mobilang.unb.br\/\" target=\"_blank\" rel=\"noreferrer noopener\">http:\/\/mobilang.unb.br\/<\/a><\/p>\n\n\n\n<p><strong>Mobilang nas Redes<\/strong><br>Instagram: @projetomobilang<\/p>\n\n\n\n<p><strong>Principais publica\u00e7\u00f5es<\/strong><br>LYRA JUBILUT, Liliana et al. Direitos Humanos e Vulnerabilidade e Migra\u00e7\u00f5es For\u00e7adas. 1. ed. Roraima, 2022. Dispon\u00edvel em: https:\/\/ufrr.br\/editora\/ebook-menu<\/p>\n\n\n\n<p>BALESTRO, A. C. ; GOROVITZ, S. Direitos lingu\u00edsticos de solicitantes de ref\u00fagio no Brasil: a presen\u00e7a do mediador lingu\u00edstico na entrevista de solicita\u00e7\u00e3o e ref\u00fagio como garantia de direitos humanos. Revista Gragoat\u00e1 (UFF), v. 26, p. 355-379, 2021.<\/p>\n\n\n\n<p>GOROVITZ, S.; UNTERNBAUMEN, E. H. (Org.) POL\u00cdTICAS E TEND\u00caNCIAS DE INTERNACIONALIZA\u00c7\u00c3O DO ENSINO SUPERIOR NO BRASIL. 1. ed. Bras\u00edlia: Editora da Universidade de Bras\u00edlia, 2021. v. 1. 283p.<\/p>\n\n\n\n<p>JESUS, P. C. S. G. ; ERAZO MUNOZ, A. ; GOROVITZ, S. A diversidade lingu\u00edstica como condi\u00e7\u00e3o da diversidade do conhecimento cient\u00edfico. REVISTA DE ESTUDOS DE GEST\u00c3O, INFORMA\u00c7\u00c3O E TECNOLOGIA, v. 1, p. 74-78, 2020.<\/p>\n\n\n\n<p><strong>Parcerias interinstitucionais ou internacionais<\/strong><br>DEFENSORIA PUBLICA DA UNIAO<br>Centre National de la Recherche Scientifique<br>Institut de Recherche pour le D\u00e9veloppement<br>Minist\u00e9rio da Justi\u00e7a<br>Instituto de Investiga\u00e7\u00e3o e Desenvolvimento em Pol\u00edtica Ling\u00fc\u00edstica<br>Instituto Caro y Cuervo<br>UFPB<br>UFPEL<br>UNICAMP<br>UFSC<br>UNILA<br>UFBA<br>UnB<\/p>\n","protected":false},"excerpt":{"rendered":"<p>O grupo MOBILANG tem como objeto as mobilidades de popula\u00e7\u00e3o e os decorrentes contatos de l\u00ednguas, que acarretam formas m\u00faltiplas de plurilinguismo cujos efeitos sociais e culturais devem ser analisados. O projeto de pesquisa tem tamb\u00e9m como objetivo questionar a no\u00e7\u00e3o de fronteira, de espa\u00e7os transfronteiri\u00e7os e de mobilidade, assim como seus desdobramentos em termos&hellip;&nbsp;<a href=\"https:\/\/www.cchla.ufpb.br\/proling\/grupos-de-pesquisa\/gp-mobilang\/\" rel=\"bookmark\">Continue a ler &raquo;<span class=\"screen-reader-text\">MOBILANG: Mobilidades, contatos de l\u00ednguas, pol\u00edticas e direitos lingu\u00edsticos<\/span><\/a><\/p>\n","protected":false},"author":3,"featured_media":0,"parent":1772,"menu_order":0,"comment_status":"closed","ping_status":"closed","template":"","meta":{"neve_meta_sidebar":"","neve_meta_container":"","neve_meta_enable_content_width":"","neve_meta_content_width":0,"neve_meta_title_alignment":"","neve_meta_author_avatar":"","neve_post_elements_order":"","neve_meta_disable_header":"","neve_meta_disable_footer":"","neve_meta_disable_title":"","footnotes":""},"class_list":["post-2015","page","type-page","status-publish","hentry"],"featured_image_src":null,"_links":{"self":[{"href":"https:\/\/www.cchla.ufpb.br\/proling\/wp-json\/wp\/v2\/pages\/2015","targetHints":{"allow":["GET"]}}],"collection":[{"href":"https:\/\/www.cchla.ufpb.br\/proling\/wp-json\/wp\/v2\/pages"}],"about":[{"href":"https:\/\/www.cchla.ufpb.br\/proling\/wp-json\/wp\/v2\/types\/page"}],"author":[{"embeddable":true,"href":"https:\/\/www.cchla.ufpb.br\/proling\/wp-json\/wp\/v2\/users\/3"}],"replies":[{"embeddable":true,"href":"https:\/\/www.cchla.ufpb.br\/proling\/wp-json\/wp\/v2\/comments?post=2015"}],"version-history":[{"count":5,"href":"https:\/\/www.cchla.ufpb.br\/proling\/wp-json\/wp\/v2\/pages\/2015\/revisions"}],"predecessor-version":[{"id":2024,"href":"https:\/\/www.cchla.ufpb.br\/proling\/wp-json\/wp\/v2\/pages\/2015\/revisions\/2024"}],"up":[{"embeddable":true,"href":"https:\/\/www.cchla.ufpb.br\/proling\/wp-json\/wp\/v2\/pages\/1772"}],"wp:attachment":[{"href":"https:\/\/www.cchla.ufpb.br\/proling\/wp-json\/wp\/v2\/media?parent=2015"}],"curies":[{"name":"wp","href":"https:\/\/api.w.org\/{rel}","templated":true}]}}

MOBILANG: Mobilidades, contatos de línguas, políticas e direitos linguísticos

<div class="wp-block-image">
<figure class="alignright size-medium is-resized"><img loading="lazy" decoding="async" width="300" height="143" src="https://www.cchla.ufpb.br/proling/wp-content/uploads/2025/03/mobilang-300x143.jpg" alt="" class="wp-image-1957" style="width:150px" srcset="https://www.cchla.ufpb.br/proling/wp-content/uploads/2025/03/mobilang-300x143.jpg 300w, https://www.cchla.ufpb.br/proling/wp-content/uploads/2025/03/mobilang.jpg 687w" sizes="auto, (max-width: 300px) 100vw, 300px" /></figure>
</div>


<p>O grupo MOBILANG tem como objeto as mobilidades de população e os decorrentes contatos de línguas, que acarretam formas múltiplas de plurilinguismo cujos efeitos sociais e culturais devem ser analisados. O projeto de pesquisa tem também como objetivo questionar a noção de fronteira, de espaços transfronteiriços e de mobilidade, assim como seus desdobramentos em termos de integração linguística e social. Assim, fenômenos variados de mudança e de mistura de línguas são identificados e descritos, assim como suas implicações no âmbito individual e coletivo. Busca-se assim privilegiar a questão das práticas linguísticas como objeto através do qual é possível ilustrar e explicitar os processos de mobilidades e de adaptação.</p>



<p><strong>Área ou Linha</strong><br>Linguística e Práticas Sociais/Linguística Aplicada</p>



<p><strong>Pesquisadores</strong><br>Pesquisadores/as: 50 doutorado / mestrado<br>Líder do grupo: profª. Sabine Gorovitz</p>


<div style="gap: 20px;margin-top: var(--wp--preset--spacing--50); margin-bottom: var(--wp--preset--spacing--50); " class="align-button-left ub-buttons orientation-button-row ub-flex-wrap wp-block-ub-button" id="ub-button-a208a754-2a16-447e-8b74-bed0a99d6e43"><div class="ub-button-container">
			<a href="http://dgp.cnpq.br/dgp/espelhogrupo/41675#recursosHumanos" target="_blank" rel="noopener noreferrer" class="ub-button-block-main   ub-button-flex" role="button" style="--ub-button-background-color: #999999; --ub-button-color: #000000; --ub-button-border: none; --ub-button-hover-background-color: #313131; --ub-button-hover-color: #ffffff; --ub-button-hover-border: none; padding-top: 10px; padding-right: 10px; padding-bottom: 10px; padding-left: 10px; border-radius: 10px; ">
				<div class="ub-button-content-holder" style="flex-direction: row">
					<span class="ub-button-icon-holder">
				<svg xmlns="http://www.w3.org/2000/svg" height="25" width="25" viewbox="0 0 640 512">
					<path fill="currentColor" d="M72 88a56 56 0 1 1 112 0A56 56 0 1 1 72 88zM64 245.7C54 256.9 48 271.8 48 288s6 31.1 16 42.3V245.7zm144.4-49.3C178.7 222.7 160 261.2 160 304c0 34.3 12 65.8 32 90.5V416c0 17.7-14.3 32-32 32H96c-17.7 0-32-14.3-32-32V389.2C26.2 371.2 0 332.7 0 288c0-61.9 50.1-112 112-112h32c24 0 46.2 7.5 64.4 20.3zM448 416V394.5c20-24.7 32-56.2 32-90.5c0-42.8-18.7-81.3-48.4-107.7C449.8 183.5 472 176 496 176h32c61.9 0 112 50.1 112 112c0 44.7-26.2 83.2-64 101.2V416c0 17.7-14.3 32-32 32H480c-17.7 0-32-14.3-32-32zm8-328a56 56 0 1 1 112 0A56 56 0 1 1 456 88zM576 245.7v84.7c10-11.3 16-26.1 16-42.3s-6-31.1-16-42.3zM320 32a64 64 0 1 1 0 128 64 64 0 1 1 0-128zM240 304c0 16.2 6 31 16 42.3V261.7c-10 11.3-16 26.1-16 42.3zm144-42.3v84.7c10-11.3 16-26.1 16-42.3s-6-31.1-16-42.3zM448 304c0 44.7-26.2 83.2-64 101.2V448c0 17.7-14.3 32-32 32H288c-17.7 0-32-14.3-32-32V405.2c-37.8-18-64-56.5-64-101.2c0-61.9 50.1-112 112-112h32c61.9 0 112 50.1 112 112z">
				</path></svg>
			</span><span class="ub-button-block-btn">Pesquisadores e Estudantes</span>
				</div>
			</a>
		</div></div>


<p><strong>Link do DGP junto ao CNPq</strong><br><a href="http://dgp.cnpq.br/dgp/espelhogrupo/41675" target="_blank" rel="noreferrer noopener">http://dgp.cnpq.br/dgp/espelhogrupo/41675</a></p>



<p><strong>Site do grupo</strong><br><a href="http://mobilang.unb.br/" target="_blank" rel="noreferrer noopener">http://mobilang.unb.br/</a></p>



<p><strong>Mobilang nas Redes</strong><br>Instagram: @projetomobilang</p>



<p><strong>Principais publicações</strong><br>LYRA JUBILUT, Liliana et al. Direitos Humanos e Vulnerabilidade e Migrações Forçadas. 1. ed. Roraima, 2022. Disponível em: https://ufrr.br/editora/ebook-menu</p>



<p>BALESTRO, A. C. ; GOROVITZ, S. Direitos linguísticos de solicitantes de refúgio no Brasil: a presença do mediador linguístico na entrevista de solicitação e refúgio como garantia de direitos humanos. Revista Gragoatá (UFF), v. 26, p. 355-379, 2021.</p>



<p>GOROVITZ, S.; UNTERNBAUMEN, E. H. (Org.) POLÍTICAS E TENDÊNCIAS DE INTERNACIONALIZAÇÃO DO ENSINO SUPERIOR NO BRASIL. 1. ed. Brasília: Editora da Universidade de Brasília, 2021. v. 1. 283p.</p>



<p>JESUS, P. C. S. G. ; ERAZO MUNOZ, A. ; GOROVITZ, S. A diversidade linguística como condição da diversidade do conhecimento científico. REVISTA DE ESTUDOS DE GESTÃO, INFORMAÇÃO E TECNOLOGIA, v. 1, p. 74-78, 2020.</p>



<p><strong>Parcerias interinstitucionais ou internacionais</strong><br>DEFENSORIA PUBLICA DA UNIAO<br>Centre National de la Recherche Scientifique<br>Institut de Recherche pour le Développement<br>Ministério da Justiça<br>Instituto de Investigação e Desenvolvimento em Política Lingüística<br>Instituto Caro y Cuervo<br>UFPB<br>UFPEL<br>UNICAMP<br>UFSC<br>UNILA<br>UFBA<br>UnB</p>

<p>O grupo MOBILANG tem como objeto as mobilidades de população e os decorrentes contatos de línguas, que acarretam formas múltiplas de plurilinguismo cujos efeitos sociais e culturais devem ser analisados. O projeto de pesquisa tem também como objetivo questionar a noção de fronteira, de espaços transfronteiriços e de mobilidade, assim como seus desdobramentos em termos&hellip;&nbsp;<a href="https://www.cchla.ufpb.br/proling/grupos-de-pesquisa/gp-mobilang/" rel="bookmark">Continue a ler &raquo;<span class="screen-reader-text">MOBILANG: Mobilidades, contatos de línguas, políticas e direitos linguísticos</span></a></p>
