{"id":2061,"date":"2025-03-07T14:03:54","date_gmt":"2025-03-07T17:03:54","guid":{"rendered":"https:\/\/www.cchla.ufpb.br\/proling\/?page_id=2061"},"modified":"2025-03-07T14:12:00","modified_gmt":"2025-03-07T17:12:00","slug":"nelin-lafe","status":"publish","type":"page","link":"https:\/\/www.cchla.ufpb.br\/proling\/laboratorios\/nelin-lafe\/","title":{"rendered":"NELIN\/LAFE"},"content":{"rendered":"\n\n\n<h2 class=\"wp-block-heading\">N\u00facleo de Estudos Lingu\u00edsticos e Interacionais\/Laborat\u00f3rio de Aquisi\u00e7\u00e3o da Fala e da Escrita<\/h2>\n\n\n<div class=\"wp-block-image\">\n<figure class=\"alignright size-medium is-resized\"><img loading=\"lazy\" decoding=\"async\" width=\"300\" height=\"91\" src=\"https:\/\/www.cchla.ufpb.br\/proling\/wp-content\/uploads\/2025\/03\/lafe-300x91.jpg\" alt=\"\" class=\"wp-image-2041\" style=\"width:150px\" srcset=\"https:\/\/www.cchla.ufpb.br\/proling\/wp-content\/uploads\/2025\/03\/lafe-300x91.jpg 300w, https:\/\/www.cchla.ufpb.br\/proling\/wp-content\/uploads\/2025\/03\/lafe-768x232.jpg 768w, https:\/\/www.cchla.ufpb.br\/proling\/wp-content\/uploads\/2025\/03\/lafe.jpg 810w\" sizes=\"auto, (max-width: 300px) 100vw, 300px\" \/><\/figure>\n<\/div>\n\n\n<p>Objetivo: Desenvolver pesquisas com foco na perspectiva interacionista e multimodal em Aquisi\u00e7\u00e3o da Linguagem.<\/p>\n\n\n\n<p><strong>\u00c1rea ou Linha<\/strong><br>Teoria e An\u00e1lise Lingu\u00edstica\/Aquisi\u00e7\u00e3o da Linguagem e Processamento Lingu\u00edstico<\/p>\n\n\n\n<p><strong>Pesquisadores<\/strong><br>5 pesquisadores doutores; 6 doutorandos ; 2 mestrandos; 4 ICs; 1 pos doutorando<br>L\u00edder do lab: prof\u00aa. Marianne Carvalho Bezerra Cavalcante<\/p>\n\n\n<div style=\"gap: 20px;margin-top: var(--wp--preset--spacing--50); margin-bottom: var(--wp--preset--spacing--50); \" class=\"align-button-left ub-buttons orientation-button-row ub-flex-wrap wp-block-ub-button\" id=\"ub-button-b2441d05-62a1-4c3e-9cbf-6e9c84635936\"><div class=\"ub-button-container\">\n\t\t\t<a href=\"http:\/\/dgp.cnpq.br\/dgp\/espelhogrupo\/7918#recursosHumanos\" target=\"_blank\" rel=\"noopener noreferrer\" class=\"ub-button-block-main   ub-button-flex\" role=\"button\" style=\"--ub-button-background-color: #999999; --ub-button-color: #000000; --ub-button-border: none; --ub-button-hover-background-color: #313131; --ub-button-hover-color: #ffffff; --ub-button-hover-border: none; padding-top: 10px; padding-right: 10px; padding-bottom: 10px; padding-left: 10px; border-radius: 10px; \">\n\t\t\t\t<div class=\"ub-button-content-holder\" style=\"flex-direction: row\">\n\t\t\t\t\t<span class=\"ub-button-icon-holder\">\n\t\t\t\t<svg xmlns=\"http:\/\/www.w3.org\/2000\/svg\" height=\"25\" width=\"25\" viewbox=\"0 0 640 512\">\n\t\t\t\t\t<path fill=\"currentColor\" d=\"M72 88a56 56 0 1 1 112 0A56 56 0 1 1 72 88zM64 245.7C54 256.9 48 271.8 48 288s6 31.1 16 42.3V245.7zm144.4-49.3C178.7 222.7 160 261.2 160 304c0 34.3 12 65.8 32 90.5V416c0 17.7-14.3 32-32 32H96c-17.7 0-32-14.3-32-32V389.2C26.2 371.2 0 332.7 0 288c0-61.9 50.1-112 112-112h32c24 0 46.2 7.5 64.4 20.3zM448 416V394.5c20-24.7 32-56.2 32-90.5c0-42.8-18.7-81.3-48.4-107.7C449.8 183.5 472 176 496 176h32c61.9 0 112 50.1 112 112c0 44.7-26.2 83.2-64 101.2V416c0 17.7-14.3 32-32 32H480c-17.7 0-32-14.3-32-32zm8-328a56 56 0 1 1 112 0A56 56 0 1 1 456 88zM576 245.7v84.7c10-11.3 16-26.1 16-42.3s-6-31.1-16-42.3zM320 32a64 64 0 1 1 0 128 64 64 0 1 1 0-128zM240 304c0 16.2 6 31 16 42.3V261.7c-10 11.3-16 26.1-16 42.3zm144-42.3v84.7c10-11.3 16-26.1 16-42.3s-6-31.1-16-42.3zM448 304c0 44.7-26.2 83.2-64 101.2V448c0 17.7-14.3 32-32 32H288c-17.7 0-32-14.3-32-32V405.2c-37.8-18-64-56.5-64-101.2c0-61.9 50.1-112 112-112h32c61.9 0 112 50.1 112 112z\">\n\t\t\t\t<\/path><\/svg>\n\t\t\t<\/span><span class=\"ub-button-block-btn\">Pesquisadores e Estudantes<\/span>\n\t\t\t\t<\/div>\n\t\t\t<\/a>\n\t\t<\/div><\/div>\n\n\n<p><strong>Link do DGP junto ao CNPq<\/strong><br><a href=\"http:\/\/dgp.cnpq.br\/dgp\/espelhogrupo\/7918\" target=\"_blank\" rel=\"noreferrer noopener\">http:\/\/dgp.cnpq.br\/dgp\/espelhogrupo\/7918<\/a><\/p>\n\n\n\n<p><strong>NELIN\/LAFE nas Redes<\/strong><br>Instagram: @lafe_ufpb<br>Youtube: @lafelaboratoriodeaquisicao7598<\/p>\n\n\n\n<p><strong>Principais publica\u00e7\u00f5es<\/strong><br>FONTE, RENATA FONSECA LIMA DA ; SILVA, PAULA MICHELY SOARES DA ; N\u00d3BREGA, PAULO VIN\u00cdCIUS \u00c1VILA \u00a0 ;\u00a0CAVALCANTE, MARIANNE CARVALHO BEZERRA\u00a0. Estudos em Aquisi\u00e7\u00e3o da Linguagem e Multimodalidade no Nordeste brasileiro (Studies in Language Acquisition and Multimodality in Northeast Brazil). Estudos da L\u00edngua(gem), v. 20, p. 195-218, 2022.<\/p>\n\n\n\n<p>CAVALCANTE, M C B, E. M. B. ; SILVA, P. M. S. ; BEZERRA, J. T. G. M. . AN\u00c1LISE DA MULTIMODALIDADE NO G\u00caNERO RECEITA CULIN\u00c1RIA EM V\u00cdDEOS DE FALA INFANTIL DE UM CORPUS INTERCONTINENTAL. http:\/\/dx.doi.org\/10.35520\/diadorim, v. 23, p. 245-272, 2021<br>Faria, E. M. B. de\u00a0;\u00a0Marianne Carvalho Bezerra Cavalcante\u00a0; AFONSO, M. A. V. . Gesto e fala: um olhar intercontinental sobre g\u00eaneros orais. 1. ed. Campinas: Pontes, 2022. v. 1. 267p .<\/p>\n\n\n\n<p>CAVALCANTE, M. C. B.;&nbsp;FONTE, R. F. L.&nbsp;; BARROS, I. B. do ;&nbsp;Faria, E. M. B. de&nbsp;; OLIVEIRA, M. S. . Interface entre aquisi\u00e7\u00e3o de linguagem, educa\u00e7\u00e3o e sa\u00fade nos estados nordestinos. In: AZEVEDO, ISABEL CRISTINA MICHELAN DE; FREITAG, RAQUEL MEISTER KO. (Org.). CARTOGRAFIA DA PESQUISA EM LINGUAGEM NO NORDESTE &#8211; VOL. 3 \u00c1REAS EMERGENTES, APLICA\u00c7\u00d5ES PARA O ENSINO E INTERFACES. 1ed.Campinas: Pontes Editores, 2023, v. 3, p. 101-127.<\/p>\n\n\n\n<p><strong>Parcerias interinstitucionais ou internacionais<\/strong><br>UNESP; UEPB; UNIPUNGUE; MONTPELLIER<\/p>\n","protected":false},"excerpt":{"rendered":"<p>N\u00facleo de Estudos Lingu\u00edsticos e Interacionais\/Laborat\u00f3rio de Aquisi\u00e7\u00e3o da Fala e da Escrita Objetivo: Desenvolver pesquisas com foco na perspectiva interacionista e multimodal em Aquisi\u00e7\u00e3o da Linguagem. \u00c1rea ou LinhaTeoria e An\u00e1lise Lingu\u00edstica\/Aquisi\u00e7\u00e3o da Linguagem e Processamento Lingu\u00edstico Pesquisadores5 pesquisadores doutores; 6 doutorandos ; 2 mestrandos; 4 ICs; 1 pos doutorandoL\u00edder do lab: prof\u00aa. Marianne&hellip;&nbsp;<a href=\"https:\/\/www.cchla.ufpb.br\/proling\/laboratorios\/nelin-lafe\/\" rel=\"bookmark\">Continue a ler &raquo;<span class=\"screen-reader-text\">NELIN\/LAFE<\/span><\/a><\/p>\n","protected":false},"author":3,"featured_media":0,"parent":1775,"menu_order":0,"comment_status":"closed","ping_status":"closed","template":"","meta":{"neve_meta_sidebar":"","neve_meta_container":"","neve_meta_enable_content_width":"","neve_meta_content_width":0,"neve_meta_title_alignment":"","neve_meta_author_avatar":"","neve_post_elements_order":"","neve_meta_disable_header":"","neve_meta_disable_footer":"","neve_meta_disable_title":"","footnotes":""},"class_list":["post-2061","page","type-page","status-publish","hentry"],"featured_image_src":null,"_links":{"self":[{"href":"https:\/\/www.cchla.ufpb.br\/proling\/wp-json\/wp\/v2\/pages\/2061","targetHints":{"allow":["GET"]}}],"collection":[{"href":"https:\/\/www.cchla.ufpb.br\/proling\/wp-json\/wp\/v2\/pages"}],"about":[{"href":"https:\/\/www.cchla.ufpb.br\/proling\/wp-json\/wp\/v2\/types\/page"}],"author":[{"embeddable":true,"href":"https:\/\/www.cchla.ufpb.br\/proling\/wp-json\/wp\/v2\/users\/3"}],"replies":[{"embeddable":true,"href":"https:\/\/www.cchla.ufpb.br\/proling\/wp-json\/wp\/v2\/comments?post=2061"}],"version-history":[{"count":3,"href":"https:\/\/www.cchla.ufpb.br\/proling\/wp-json\/wp\/v2\/pages\/2061\/revisions"}],"predecessor-version":[{"id":2066,"href":"https:\/\/www.cchla.ufpb.br\/proling\/wp-json\/wp\/v2\/pages\/2061\/revisions\/2066"}],"up":[{"embeddable":true,"href":"https:\/\/www.cchla.ufpb.br\/proling\/wp-json\/wp\/v2\/pages\/1775"}],"wp:attachment":[{"href":"https:\/\/www.cchla.ufpb.br\/proling\/wp-json\/wp\/v2\/media?parent=2061"}],"curies":[{"name":"wp","href":"https:\/\/api.w.org\/{rel}","templated":true}]}}