{"id":2377,"date":"2025-06-06T10:20:36","date_gmt":"2025-06-06T13:20:36","guid":{"rendered":"https:\/\/www.cchla.ufpb.br\/proling\/?page_id=2377"},"modified":"2025-08-18T14:47:01","modified_gmt":"2025-08-18T17:47:01","slug":"livros","status":"publish","type":"page","link":"https:\/\/www.cchla.ufpb.br\/proling\/livros\/","title":{"rendered":"Livros"},"content":{"rendered":"\n<p>Os t\u00edtulos abaixo s\u00e3o uma pequena amostra, em constante atualiza\u00e7\u00e3o, da produ\u00e7\u00e3o bibliogr\u00e1fica dos docentes do Programa. Os links mostram uma pr\u00e9via do material protegido por direitos autorais. Para adquirir as obras, entre em contato com os organizadores ou com a Editora.<\/p>\n\n\n\n<ul style=\"background-color:#b0f8af;padding-right:0;padding-left:var(--wp--preset--spacing--70)\" class=\"wp-block-list has-background\">\n<li><strong><a href=\"https:\/\/www.cchla.ufpb.br\/proling\/wp-content\/uploads\/2025\/06\/a_A-ciencia-da-linguagem-prefaciais.pdf\" target=\"_blank\" rel=\"noreferrer noopener\">A ci\u00eancia da linguagem &#8211; explora\u00e7\u00f5es anal\u00edticas em aquisi\u00e7\u00e3o, processamento<\/a><\/strong><br>Organizadores: Denilson Pereira de Matos, Gustavo Lopez Estivalet e Tiago Aguiar;<br>Pref\u00e1cio de Dermeval da Hora.<\/li>\n\n\n\n<li><strong><a href=\"https:\/\/www.cchla.ufpb.br\/proling\/wp-content\/uploads\/2025\/06\/b_A-dimensao-politica-da-linguagem.pdf\" target=\"_blank\" rel=\"noreferrer noopener\">A dimens\u00e3o pol\u00edtica da l\u00edngua(gem): perspectivas da lingu\u00edstica aplicada e das teorias do discurso<\/a><\/strong><br>Organizadoras: Socorro Cl\u00e1udia Tavares de Sousa e Amanda Braga.<\/li>\n\n\n\n<li><strong><a href=\"https:\/\/www.cchla.ufpb.br\/proling\/wp-content\/uploads\/2025\/06\/c_Fonologia-do-Portugues-e-Interfaces.pdf\" target=\"_blank\" rel=\"noreferrer noopener\">Fonologia do Portugu\u00eas e Interfaces. Fen\u00f4menos da Aquisi\u00e7\u00e3o e da Varia\u00e7\u00e3o<\/a><\/strong><br>Edited by Dermeval da Hora and Carmen Matzenauer<\/li>\n\n\n\n<li><strong><a href=\"https:\/\/www.cchla.ufpb.br\/proling\/wp-content\/uploads\/2025\/06\/d_De-lenguas-ideologias-e-practicas_-politicas-linguisticas-e-gestao-de-linguas-no-Cone-Sul.pdf\" target=\"_blank\" rel=\"noreferrer noopener\">De lenguas, ideolog\u00edas e pr\u00e1cticas: pol\u00edticas lingu\u00edsticas e gest\u00e3o de l\u00ednguas no Cone Sul<\/a><\/strong><br>Andrea Silva Ponte (Org.),<br>Glenda Heller C\u00e1ceres (Org.), Natieli Luiza Branco (Org.),<br>Sara dos Santos Mota (Org.), Yolanda Hipperdinger (Org.).<\/li>\n\n\n\n<li><strong><a href=\"https:\/\/www.cchla.ufpb.br\/proling\/wp-content\/uploads\/2025\/06\/e_Politica-Linguistica-na-sala-de-aula.pdf\" target=\"_blank\" rel=\"noreferrer noopener\">Pol\u00edtica Lingu\u00edstica na sala de aula<\/a><\/strong><br>Socorro Cl\u00e1udia Tavares de Sousa; Daniel Soares Dantas [Orgs.]<\/li>\n\n\n\n<li><strong><a href=\"https:\/\/www.cchla.ufpb.br\/proling\/wp-content\/uploads\/2025\/06\/f_Discursos-e-desigualdades-cartografar-com-Foucault-MIOLO-1-35.pdf\" target=\"_blank\" rel=\"noreferrer noopener\">Discursos e desigualdades: cartografar com Foucault<\/a><\/strong><br>Organizadores: Amanda Braga e Israel de S\u00e1.<\/li>\n\n\n\n<li><strong><a href=\"https:\/\/www.cchla.ufpb.br\/proling\/wp-content\/uploads\/2025\/06\/g_Semantica-fenomenos-conceitos-e-percursos-.pdf\" target=\"_blank\" rel=\"noreferrer noopener\">Sem\u00e2ntica : fen\u00f4menos, conceitos e percursos<\/a><\/strong><br>organiza\u00e7\u00e3o Erivaldo Pereira do Nascimento, Jan Edson Rodrigues Leite, Magdiel Medeiros Arag\u00e3o Neto.<\/li>\n\n\n\n<li><strong><a href=\"https:\/\/www.editora.ufpb.br\/sistema\/press5\/index.php\/UFPB\/catalog\/view\/1038\/1016\/10882\" target=\"_blank\" rel=\"noreferrer noopener\">Pesquisas em Lingu\u00edstica: abordagens te\u00f3ricas e aplicadas<\/a><\/strong><br>Jan Edson Rodrigues Leite (ed)<br>Regina Celi Mendes Pereira (ed)<br>Giorvan \u00c2nderson Santos Alves (ed)<\/li>\n\n\n\n<li><strong><a href=\"https:\/\/www.cchla.ufpb.br\/proling\/wp-content\/uploads\/2025\/06\/i_Conexoes-possiveis-ensino-de-lingua-os-usos-da-lingua-e-as-FVNexA-.pdf\" target=\"_blank\" rel=\"noreferrer noopener\">Conex\u00f5es poss\u00edveis: ensino de l\u00edngua, os usos da l\u00edngua e as FVNexA<\/a><\/strong><br>Denilson Pereira de Matos (Organizador).<\/li>\n\n\n\n<li><strong><a href=\"https:\/\/www.cchla.ufpb.br\/proling\/wp-content\/uploads\/2025\/06\/j_Linguagem-Texto-e-Discurso-.pdf\" target=\"_blank\" rel=\"noreferrer noopener\">Linguagem: Texto e Discurso<\/a><\/strong><br>Organizadoras: Aracy Gra\u00e7a Ernst e Regina Celi Mendes Pereira<\/li>\n\n\n\n<li><strong><a href=\"https:\/\/www.cchla.ufpb.br\/proling\/wp-content\/uploads\/2025\/06\/k_Sintaxe-na-linguistica-funcional-.pdf\" target=\"_blank\" rel=\"noreferrer noopener\">Sintaxe na lingu\u00edstica funcional<\/a><\/strong><br>Denilson P. de Matos (organizador). &#8211; Jo\u00e3o Pessoa<\/li>\n\n\n\n<li><strong><a href=\"https:\/\/www.cchla.ufpb.br\/proling\/wp-content\/uploads\/2025\/06\/l_Dimensoes-da-Psicolinguistica-na-ALFAL.pdf\" target=\"_blank\" rel=\"noreferrer noopener\">Dimens\u00f5es da Psicolingu\u00edstica na ALFAL<\/a><\/strong><br>Marcio Martins Leit\u00e3o; Marcus Maia \u2013 organizadores<\/li>\n\n\n\n<li><strong><a href=\"https:\/\/www.cchla.ufpb.br\/proling\/wp-content\/uploads\/2025\/06\/o_Linguagem-Variacao-e-estrutura-da-lingua.pdf\" target=\"_blank\" rel=\"noreferrer noopener\">Linguagem: Varia\u00e7\u00e3o e estrutura da l\u00edngua<\/a><\/strong><br>Organizadores: Carmen Matzenauer e Dermeval da Hora<\/li>\n\n\n\n<li><strong><a href=\"https:\/\/www.cchla.ufpb.br\/proling\/wp-content\/uploads\/2025\/06\/m-Gramatica-da-Subordinacao-SEPARATA-Eduardo-Vieira.pdf\" target=\"_blank\" rel=\"noreferrer noopener\">Escrever na Universidade 4 &#8211; Gram\u00e1tica da subordina\u00e7\u00e3o<\/a><\/strong><br>Autores: Francisco Eduardo Vieira e Carlos Alberto Faraco<\/li>\n\n\n\n<li><strong><a href=\"https:\/\/www.cchla.ufpb.br\/proling\/wp-content\/uploads\/2025\/06\/n_Linguagem-aquisicao-da-fala-e-da-escrita-.pdf\" target=\"_blank\" rel=\"noreferrer noopener\">Linguagem: aquisi\u00e7\u00e3o da fala e da escrita<\/a><\/strong><br>Organizadoras: Marianne Carvalho Bezerra Cavalcante e Isabela Barbosa do R\u00eago Barro<\/li>\n<\/ul>\n","protected":false},"excerpt":{"rendered":"<p>Os t\u00edtulos abaixo s\u00e3o uma pequena amostra, em constante atualiza\u00e7\u00e3o, da produ\u00e7\u00e3o bibliogr\u00e1fica dos docentes do Programa. Os links mostram uma pr\u00e9via do material protegido por direitos autorais. Para adquirir as obras, entre em contato com os organizadores ou com a Editora.<\/p>\n","protected":false},"author":3,"featured_media":0,"parent":0,"menu_order":0,"comment_status":"closed","ping_status":"closed","template":"","meta":{"neve_meta_sidebar":"","neve_meta_container":"","neve_meta_enable_content_width":"","neve_meta_content_width":0,"neve_meta_title_alignment":"","neve_meta_author_avatar":"","neve_post_elements_order":"","neve_meta_disable_header":"","neve_meta_disable_footer":"","neve_meta_disable_title":"","footnotes":""},"class_list":["post-2377","page","type-page","status-publish","hentry"],"featured_image_src":null,"_links":{"self":[{"href":"https:\/\/www.cchla.ufpb.br\/proling\/wp-json\/wp\/v2\/pages\/2377","targetHints":{"allow":["GET"]}}],"collection":[{"href":"https:\/\/www.cchla.ufpb.br\/proling\/wp-json\/wp\/v2\/pages"}],"about":[{"href":"https:\/\/www.cchla.ufpb.br\/proling\/wp-json\/wp\/v2\/types\/page"}],"author":[{"embeddable":true,"href":"https:\/\/www.cchla.ufpb.br\/proling\/wp-json\/wp\/v2\/users\/3"}],"replies":[{"embeddable":true,"href":"https:\/\/www.cchla.ufpb.br\/proling\/wp-json\/wp\/v2\/comments?post=2377"}],"version-history":[{"count":10,"href":"https:\/\/www.cchla.ufpb.br\/proling\/wp-json\/wp\/v2\/pages\/2377\/revisions"}],"predecessor-version":[{"id":2630,"href":"https:\/\/www.cchla.ufpb.br\/proling\/wp-json\/wp\/v2\/pages\/2377\/revisions\/2630"}],"wp:attachment":[{"href":"https:\/\/www.cchla.ufpb.br\/proling\/wp-json\/wp\/v2\/media?parent=2377"}],"curies":[{"name":"wp","href":"https:\/\/api.w.org\/{rel}","templated":true}]}}