{"id":700,"date":"2022-05-04T10:57:22","date_gmt":"2022-05-04T13:57:22","guid":{"rendered":"http:\/\/www.cchla.ufpb.br\/proling3\/?page_id=700"},"modified":"2022-07-22T11:55:07","modified_gmt":"2022-07-22T14:55:07","slug":"normas-capes","status":"publish","type":"page","link":"https:\/\/www.cchla.ufpb.br\/proling\/normas-capes\/","title":{"rendered":"Normas Capes"},"content":{"rendered":"\n<ul class=\"wp-block-list\"><li><a href=\"https:\/\/www.cchla.ufpb.br\/proling\/wp-content\/uploads\/2022\/07\/01122017-regulamento-do-proex-2017-versao-final-1.pdf\" target=\"_blank\" rel=\"noreferrer noopener\">Regulamento PROEX<\/a><\/li><li><a rel=\"noreferrer noopener\" href=\"https:\/\/www.cchla.ufpb.br\/proling\/wp-content\/uploads\/2014\/04\/Portaria_076_Regulamento_DS_CAPES.pdf\" target=\"_blank\">Portaria_076_Regulamento_DS_CAPES<\/a><\/li><li><a rel=\"noreferrer noopener\" href=\"https:\/\/www.cchla.ufpb.br\/proling\/wp-content\/uploads\/2014\/04\/Nota-sobre-ac\u00famulo-de-bolsa-e-v\u00ednculo-empregat\u00edcio_portaria-conjunta-01-de-2010.pdf\" target=\"_blank\">Nota sobre ac\u00famulo de bolsa e v\u00ednculo empregat\u00edcio_portaria conjunta 01 de 2010<\/a><\/li><li><a rel=\"noreferrer noopener\" href=\"https:\/\/www.cchla.ufpb.br\/proling\/wp-content\/uploads\/2014\/04\/Portaria_069_RegulamentaPDSE_22Maio2013.pdf\" target=\"_blank\">Portaria_069_Regulamenta_PDSE_22Maio2013<\/a><\/li><li><a rel=\"noreferrer noopener\" href=\"https:\/\/www.cchla.ufpb.br\/proling\/wp-content\/uploads\/2014\/04\/Portaria_86_2013_Regulamento_PNPD.pdf\" target=\"_blank\">Portaria_86_2013_Regulamento_PNPD<\/a><\/li><\/ul>\n","protected":false},"excerpt":{"rendered":"<p>Regulamento PROEX Portaria_076_Regulamento_DS_CAPES Nota sobre ac\u00famulo de bolsa e v\u00ednculo empregat\u00edcio_portaria conjunta 01 de 2010 Portaria_069_Regulamenta_PDSE_22Maio2013 Portaria_86_2013_Regulamento_PNPD<\/p>\n","protected":false},"author":3,"featured_media":0,"parent":0,"menu_order":0,"comment_status":"closed","ping_status":"closed","template":"","meta":{"neve_meta_sidebar":"right","neve_meta_container":"","neve_meta_enable_content_width":"on","neve_meta_content_width":70,"neve_meta_title_alignment":"","neve_meta_author_avatar":"","neve_post_elements_order":"","neve_meta_disable_header":"","neve_meta_disable_footer":"","neve_meta_disable_title":"","footnotes":""},"class_list":["post-700","page","type-page","status-publish","hentry"],"featured_image_src":null,"_links":{"self":[{"href":"https:\/\/www.cchla.ufpb.br\/proling\/wp-json\/wp\/v2\/pages\/700","targetHints":{"allow":["GET"]}}],"collection":[{"href":"https:\/\/www.cchla.ufpb.br\/proling\/wp-json\/wp\/v2\/pages"}],"about":[{"href":"https:\/\/www.cchla.ufpb.br\/proling\/wp-json\/wp\/v2\/types\/page"}],"author":[{"embeddable":true,"href":"https:\/\/www.cchla.ufpb.br\/proling\/wp-json\/wp\/v2\/users\/3"}],"replies":[{"embeddable":true,"href":"https:\/\/www.cchla.ufpb.br\/proling\/wp-json\/wp\/v2\/comments?post=700"}],"version-history":[{"count":2,"href":"https:\/\/www.cchla.ufpb.br\/proling\/wp-json\/wp\/v2\/pages\/700\/revisions"}],"predecessor-version":[{"id":1134,"href":"https:\/\/www.cchla.ufpb.br\/proling\/wp-json\/wp\/v2\/pages\/700\/revisions\/1134"}],"wp:attachment":[{"href":"https:\/\/www.cchla.ufpb.br\/proling\/wp-json\/wp\/v2\/media?parent=700"}],"curies":[{"name":"wp","href":"https:\/\/api.w.org\/{rel}","templated":true}]}}